{"id":16,"date":"2017-07-20T12:37:26","date_gmt":"2017-07-20T12:37:26","guid":{"rendered":"https:\/\/tecnologia.ufpr.br\/rpdta\/?page_id=16"},"modified":"2018-10-24T12:50:57","modified_gmt":"2018-10-24T12:50:57","slug":"parceiros","status":"publish","type":"page","link":"https:\/\/tecnologia.ufpr.br\/rpdta\/parceiros\/","title":{"rendered":"Parceiros"},"content":{"rendered":"<p><span style=\"font-family: verdana\"><br \/>\nPara a efetiva aplica\u00e7\u00e3o do projeto em benef\u00edcio \u00e0s pessoas com defici\u00eancia, este projeto contar\u00e1 com o apoio das seguintes parcerias:<\/span><\/p>\n<p><img loading=\"lazy\" decoding=\"async\" class=\"alignnone wp-image-449\" src=\"https:\/\/tecnologia.ufpr.br\/rpdta\/wp-content\/uploads\/sites\/30\/2017\/07\/capes.png\" alt=\"Logo CAPES\" width=\"239\" height=\"294\" \/><\/p>\n<p><img loading=\"lazy\" decoding=\"async\" class=\"alignnone wp-image-431\" src=\"https:\/\/tecnologia.ufpr.br\/rpdta\/wp-content\/uploads\/sites\/30\/2018\/09\/CNPq_.png\" alt=\"Logo CNPq\" width=\"250\" height=\"182\" srcset=\"https:\/\/tecnologia.ufpr.br\/rpdta\/wp-content\/uploads\/sites\/30\/2018\/09\/CNPq_.png 869w, https:\/\/tecnologia.ufpr.br\/rpdta\/wp-content\/uploads\/sites\/30\/2018\/09\/CNPq_-300x217.png 300w, https:\/\/tecnologia.ufpr.br\/rpdta\/wp-content\/uploads\/sites\/30\/2018\/09\/CNPq_-768x556.png 768w, https:\/\/tecnologia.ufpr.br\/rpdta\/wp-content\/uploads\/sites\/30\/2018\/09\/CNPq_-160x116.png 160w\" sizes=\"(max-width: 250px) 100vw, 250px\" \/><\/p>\n<p><a href=\"http:\/\/www.ufpr.br\" target=\"_blank\" rel=\"noopener\"><img loading=\"lazy\" decoding=\"async\" class=\"alignnone\" src=\"http:\/\/www.rpdta.ufpr.br\/img\/logo_UFPR.jpg\" alt=\"\" width=\"295\" height=\"185\" \/><\/a><br \/>\n<a href=\"http:\/\/www.portal.ufpr.br\/bib_ct.html\" target=\"_blank\" rel=\"noopener\"><img loading=\"lazy\" decoding=\"async\" class=\"alignnone\" src=\"http:\/\/www.rpdta.ufpr.br\/img\/logo_biblioteca_TC-UFPR.jpg\" alt=\"Biblioteca do Setor de Ci\u00eancias e Tecnologia da UFPR\" width=\"290\" height=\"290\" \/><\/a><\/p>\n<p>Biblioteca do Setor de Ci\u00eancias e Tecnologia da UFPR<\/p>\n<p>&nbsp;<\/p>\n<p><a href=\"http:\/\/www.apr.org.br\" target=\"_blank\" rel=\"noopener\"><img loading=\"lazy\" decoding=\"async\" class=\"alignnone\" src=\"http:\/\/www.rpdta.ufpr.br\/img\/logo_apr.png\" alt=\"Associa\u00e7\u00e3o Paranaense de Reabilita\u00e7\u00e3o (APR)\" width=\"291\" height=\"260\" \/><\/a><br \/>\nAssocia\u00e7\u00e3o Paranaense de Reabilita\u00e7\u00e3o (APR)<\/p>\n<p><img loading=\"lazy\" decoding=\"async\" class=\"alignnone wp-image-429\" src=\"https:\/\/tecnologia.ufpr.br\/rpdta\/wp-content\/uploads\/sites\/30\/2018\/09\/IBGPEX_.png\" alt=\"Logo IBGPEX\" width=\"286\" height=\"311\" \/><\/p>\n<p>Instituto IBGPEX de Responsabilidade Socioambiental<\/p>\n<p>&nbsp;<\/p>\n<p><a href=\"http:\/\/www.prograd.ufpr.br\/cepigrad\/napne\" target=\"_blank\" rel=\"noopener\"><img loading=\"lazy\" decoding=\"async\" class=\"alignnone\" src=\"http:\/\/www.rpdta.ufpr.br\/img\/logo_napne.png\" alt=\"\" width=\"738\" height=\"130\" \/><\/a><\/p>\n<p>&nbsp;<\/p>\n<p><a href=\"http:\/\/www.utfpr.edu.br\" target=\"_blank\" rel=\"noopener\"><img loading=\"lazy\" decoding=\"async\" class=\"alignnone\" src=\"http:\/\/www.rpdta.ufpr.br\/img\/logo_UTFPR.jpg\" alt=\"Universidade Tecnol\u00f3gica Federal do Paran\u00e1\" width=\"290\" height=\"106\" \/><\/a><\/p>\n<p>&nbsp;<\/p>\n<p><a href=\"http:\/\/www.ufpr.brufpr\/hospital-de-clinicas\" target=\"_blank\" rel=\"noopener\"><img loading=\"lazy\" decoding=\"async\" class=\"alignnone\" src=\"http:\/\/www.rpdta.ufpr.br\/img\/logo_hc.png\" alt=\"\" width=\"344\" height=\"53\" \/><\/a><br \/>\nHospital de cl\u00ednicas UFPR<\/p>\n<p>&nbsp;<\/p>\n<p><a href=\"http:\/\/www.saude.ufpr.br\/terapiaocupacional\/clinica-escola\" target=\"_blank\" rel=\"noopener\"><img loading=\"lazy\" decoding=\"async\" class=\"alignnone\" src=\"http:\/\/www.rpdta.ufpr.br\/img\/logo_CETO.png\" alt=\"\" width=\"337\" height=\"153\" \/><\/a><br \/>\nCl\u00ednica Escola de Terapia Ocupacional UFPR<\/p>\n<p><a href=\"http:\/\/www.unesp.br\" target=\"_blank\" rel=\"noopener\"><img loading=\"lazy\" decoding=\"async\" class=\"alignnone\" src=\"http:\/\/www.rpdta.ufpr.br\/img\/logo_UNESP.jpg\" alt=\"Universidade Estadual Paulista Julio de Mesquita Filho\" width=\"290\" height=\"141\" \/><\/a><\/p>\n<p><a href=\"http:\/\/www.sorribauru.com.br\" target=\"_blank\" rel=\"noopener\"><img loading=\"lazy\" decoding=\"async\" class=\"alignnone\" src=\"http:\/\/www.rpdta.ufpr.br\/img\/logo_SORRI-BAURU.jpg\" alt=\"SORRI-Bauru\" width=\"290\" height=\"141\" \/><\/a><br \/>\nSORRI-Bauru<\/p>\n<p>&nbsp;<\/p>\n<p><img loading=\"lazy\" decoding=\"async\" class=\"alignnone\" src=\"http:\/\/www.rpdta.ufpr.br\/img\/logo_COMUDE_Bauru.png\" alt=\"Conselho Municipal de Pessoas com Defici\u00eancia da cidade de Bauru (COMPD)\" width=\"290\" height=\"141\" \/><\/p>\n<p>Conselho Municipal de Pessoas com Defici\u00eancia da cidade de Bauru (COMPD)<\/p>\n<p>&nbsp;<\/p>\n<p><a href=\"http:\/\/www.ufsc.br\" target=\"_blank\" rel=\"noopener\"><img loading=\"lazy\" decoding=\"async\" class=\"alignnone\" src=\"http:\/\/www.rpdta.ufpr.br\/img\/logo_UFSC.jpg\" alt=\"Universidade Federal de Santa Catarina\" width=\"165\" height=\"159\" \/><\/a><\/p>\n<p><a href=\"http:\/\/www.saude.sc.gov.br\/geral\/orgaos_vinculados\/hospitais\/ipsc.htm\" target=\"_blank\" rel=\"noopener\"><img loading=\"lazy\" decoding=\"async\" class=\"alignnone\" src=\"http:\/\/www.rpdta.ufpr.br\/img\/logo_IPQ.jpg\" alt=\"Instituto Psiqui\u00e1trico de Santa Catarina \u2013 IPQ\" width=\"156\" height=\"156\" \/><\/a><br \/>\nInstituto Psiqui\u00e1trico de Santa Catarina \u2013 IPQ<\/p>\n<p>&nbsp;<\/p>\n","protected":false},"excerpt":{"rendered":"<p>Para a efetiva aplica\u00e7\u00e3o do projeto em benef\u00edcio \u00e0s pessoas com defici\u00eancia, este projeto contar\u00e1 com o apoio das seguintes parcerias: Biblioteca do Setor de Ci\u00eancias e Tecnologia da UFPR &nbsp; Associa\u00e7\u00e3o Paranaense de Reabilita\u00e7\u00e3o (APR) Instituto IBGPEX de Responsabilidade Socioambiental &nbsp; &nbsp; &nbsp; Hospital de cl\u00ednicas UFPR &nbsp; Cl\u00ednica Escola de Terapia Ocupacional UFPR [&hellip;]<\/p>\n","protected":false},"author":1037,"featured_media":0,"parent":0,"menu_order":0,"comment_status":"closed","ping_status":"closed","template":"","meta":{"footnotes":""},"_links":{"self":[{"href":"https:\/\/tecnologia.ufpr.br\/rpdta\/wp-json\/wp\/v2\/pages\/16"}],"collection":[{"href":"https:\/\/tecnologia.ufpr.br\/rpdta\/wp-json\/wp\/v2\/pages"}],"about":[{"href":"https:\/\/tecnologia.ufpr.br\/rpdta\/wp-json\/wp\/v2\/types\/page"}],"author":[{"embeddable":true,"href":"https:\/\/tecnologia.ufpr.br\/rpdta\/wp-json\/wp\/v2\/users\/1037"}],"replies":[{"embeddable":true,"href":"https:\/\/tecnologia.ufpr.br\/rpdta\/wp-json\/wp\/v2\/comments?post=16"}],"version-history":[{"count":28,"href":"https:\/\/tecnologia.ufpr.br\/rpdta\/wp-json\/wp\/v2\/pages\/16\/revisions"}],"predecessor-version":[{"id":452,"href":"https:\/\/tecnologia.ufpr.br\/rpdta\/wp-json\/wp\/v2\/pages\/16\/revisions\/452"}],"wp:attachment":[{"href":"https:\/\/tecnologia.ufpr.br\/rpdta\/wp-json\/wp\/v2\/media?parent=16"}],"curies":[{"name":"wp","href":"https:\/\/api.w.org\/{rel}","templated":true}]}}