{"id":75,"date":"2016-03-14T13:14:59","date_gmt":"2016-03-14T13:14:59","guid":{"rendered":"https:\/\/tecnologia.ufpr.br\/pipe\/?page_id=75"},"modified":"2021-02-26T16:05:44","modified_gmt":"2021-02-26T19:05:44","slug":"bolsas","status":"publish","type":"page","link":"https:\/\/tecnologia.ufpr.br\/pipe\/bolsas\/","title":{"rendered":"Bolsas de Estudos"},"content":{"rendered":"<p><strong>Programas de Concess\u00e3o de Bolsas <\/strong><\/p>\n<p style=\"text-align: justify\">O\u00a0PIPE mant\u00e9m um programa de apoio aos estudantes de mestrado com bolsas de estudo de mestrado e doutorado. As fontes de financiamento dessas bolsas provem de \u00f3rg\u00e3os de fomento \u00e0 pesquisa e forma\u00e7\u00e3o de recursos humanos de p\u00f3s-gradua\u00e7\u00e3o do governo federal (CAPES e CNPq), estadual (Funda\u00e7\u00e3o Arauc\u00e1ria) e centros de pesquisa (LACTEC, TECPAR, FIOCRUZ), al\u00e9m de empresas privadas, no caso de projetos espec\u00edficos. Alunos bolsistas devem ter dedica\u00e7\u00e3o em tempo integral \u00e0s atividades de pesquisa, sendo excepcionalmente permitida a atividades did\u00e1ticas (ver legisla\u00e7\u00e3o e normas internas).<\/p>\n<p style=\"text-align: justify\">As bolsas CAPES e CNPq exigem o cadastramento anual e possuem as seguintes exig\u00eancias:<\/p>\n<p style=\"text-align: justify\">\u2022Bolsistas de Mestrado: Devem realizar uma vez durante o curso de Mestrado a disciplina TM 736 &#8211; Pr\u00e1tica de Doc\u00eancia I.<\/p>\n<p style=\"text-align: justify\">\u2022Bolsistas de Doutorado: devem realizar uma vez durante o curso de Doutorado a disciplina TM 736 &#8211; Pr\u00e1tica de Doc\u00eancia I e TM 822 &#8211; Pr\u00e1tica de Doc\u00eancia II.<\/p>\n","protected":false},"excerpt":{"rendered":"<p>Programas de Concess\u00e3o de Bolsas O\u00a0PIPE mant\u00e9m um programa de apoio aos estudantes de mestrado com bolsas de estudo de mestrado e doutorado. As fontes [&hellip;]<\/p>\n","protected":false},"author":1,"featured_media":0,"parent":0,"menu_order":0,"comment_status":"closed","ping_status":"closed","template":"","meta":{"footnotes":""},"_links":{"self":[{"href":"https:\/\/tecnologia.ufpr.br\/pipe\/wp-json\/wp\/v2\/pages\/75"}],"collection":[{"href":"https:\/\/tecnologia.ufpr.br\/pipe\/wp-json\/wp\/v2\/pages"}],"about":[{"href":"https:\/\/tecnologia.ufpr.br\/pipe\/wp-json\/wp\/v2\/types\/page"}],"author":[{"embeddable":true,"href":"https:\/\/tecnologia.ufpr.br\/pipe\/wp-json\/wp\/v2\/users\/1"}],"replies":[{"embeddable":true,"href":"https:\/\/tecnologia.ufpr.br\/pipe\/wp-json\/wp\/v2\/comments?post=75"}],"version-history":[{"count":29,"href":"https:\/\/tecnologia.ufpr.br\/pipe\/wp-json\/wp\/v2\/pages\/75\/revisions"}],"predecessor-version":[{"id":7125,"href":"https:\/\/tecnologia.ufpr.br\/pipe\/wp-json\/wp\/v2\/pages\/75\/revisions\/7125"}],"wp:attachment":[{"href":"https:\/\/tecnologia.ufpr.br\/pipe\/wp-json\/wp\/v2\/media?parent=75"}],"curies":[{"name":"wp","href":"https:\/\/api.w.org\/{rel}","templated":true}]}}