{"id":69,"date":"2016-03-14T13:06:12","date_gmt":"2016-03-14T13:06:12","guid":{"rendered":"https:\/\/tecnologia.ufpr.br\/pipe\/?page_id=69"},"modified":"2026-03-16T09:34:33","modified_gmt":"2026-03-16T12:34:33","slug":"colegiado","status":"publish","type":"page","link":"https:\/\/tecnologia.ufpr.br\/pipe\/colegiado\/","title":{"rendered":"Conselho Acad\u00eamico"},"content":{"rendered":"<h2><strong>COORDENA\u00c7\u00c3O<\/strong><\/h2>\n<ul>\n<li>Coordenador: Prof. Dr. Daniel Eiras<\/li>\n<li>Vice Coordenador: Prof. Dr. Jos\u00e9 Pedro Mansueto Serbena<\/li>\n<li>Secret\u00e1ria: Maria Neiva Rodrigues Fedechem<\/li>\n<\/ul>\n<h2><strong>COLEGIADO ACAD\u00caMICO<\/strong><\/h2>\n<p align=\"justify\">Conforme o Artigo 3\u00b0 do Regimento do PIPE, transcrito abaixo:<\/p>\n<p align=\"justify\"><em><strong>O colegiado \u00e9 o \u00f3rg\u00e3o encarregado da supervis\u00e3o did\u00e1tica e administrativa do curso e sua constitui\u00e7\u00e3o dever\u00e1 contemplar a diversidade de atua\u00e7\u00e3o do corpo docente e discente pertencentes aos programas.<\/strong><\/em><\/p>\n<p><strong>Membros do Colegiado<\/strong><\/p>\n<p>1) Titulares:<\/p>\n<ul>\n<li>Prof\u00aa. Dr. Pedro Henrique G. de Cademartori<\/li>\n<li>Prof. Dr. Andrey Acosta<\/li>\n<li>Prof. Dr. Guinther Kellermann<\/li>\n<li>Adriane Hoeldke (Representante discente)<\/li>\n<\/ul>\n<p>2) Suplentes:<\/p>\n<ul>\n<li>Prof. Dr. Fabiano Yokaichiya (suplente do prof. Dr. Pedro Henrique G. de Cademartori)<\/li>\n<li>Prof. Dr\u00aa. Camila Karla Brites Queiroz Martins de Oliveira (suplente do prof. Dr. Andrey Acosta)<\/li>\n<li>Prof. Dr.\u00a0 Evaldo Ribeiro (suplente do prof. Dr. Guinther Kellermann)<\/li>\n<li>Ludmila da Concei\u00e7\u00e3o Ferreira\u00a0 (Suplente da representante discente Adriane Hoeldke)<\/li>\n<\/ul>\n<h2><strong>Calend\u00e1rio de Reuni\u00f5es 2026<\/strong><\/h2>\n<table>\n<tbody>\n<tr>\n<td style=\"text-align: center\" width=\"302\"><strong>1\u00ba. Semestre<\/strong><\/td>\n<td style=\"text-align: center\" width=\"302\"><strong>2\u00ba. Semestre<\/strong><\/td>\n<\/tr>\n<tr>\n<td style=\"text-align: center\" width=\"302\">13\/03<\/td>\n<td style=\"text-align: center\" width=\"302\">07\/08<\/td>\n<\/tr>\n<tr>\n<td style=\"text-align: center\" width=\"302\">10\/04<\/td>\n<td style=\"text-align: center\" width=\"302\">04\/09<\/td>\n<\/tr>\n<tr>\n<td style=\"text-align: center\" width=\"302\">08\/05<\/td>\n<td style=\"text-align: center\" width=\"302\">02\/10<\/td>\n<\/tr>\n<tr>\n<td style=\"text-align: center\" width=\"302\">05\/06<\/td>\n<td style=\"text-align: center\" width=\"302\">06\/11<\/td>\n<\/tr>\n<tr>\n<td style=\"text-align: center\" width=\"302\">N\u00e3o haver\u00e1 reuni\u00e3o<\/td>\n<td style=\"text-align: center\" width=\"302\">04\/12<\/td>\n<\/tr>\n<\/tbody>\n<\/table>\n<p>Obs.: As datas dessas reuni\u00f5es poder\u00e3o ser alteradas de acordo com a conveni\u00eancia e\/ou necessidade.<\/p>\n<p><a href=\"https:\/\/tecnologia.ufpr.br\/pipe\/atas-das-reunioes-do-colegiado\/\" target=\"_blank\" rel=\"noopener noreferrer\"><strong>Atas das Reuni\u00f5es\u00a0(clique para acessar)<\/strong><\/a><\/p>\n\n\n<h2 class=\"wp-block-heading\">Comiss\u00e3o de Planejamento Estrat\u00e9gico<\/h2>\n\n\n\n<p>Prof. Dr. Daniel Eiras (presidente)<\/p>\n\n\n\n<p>Prof\u00aa. Dr\u00aa. Cl\u00e1udia Eliana Marino zarbin<\/p>\n\n\n\n<p>Prof. Dr\u00aa. Lucimara Stolz Roman<\/p>\n\n\n\n<p>Prof. Dr. Dr. Carlos Itsuo Yamamoto<\/p>\n\n\n\n<h2 class=\"wp-block-heading\">Comiss\u00e3o de Autoavalia\u00e7\u00e3o Interna<\/h2>\n\n\n\n<p>Prof. Dr. Andrey Pereira Acosta  (presidente)<\/p>\n\n\n\n<p>Prof\u00aa. Dr. Evaldo Ribeiro<\/p>\n\n\n\n<p>Prof. Dr. Jos\u00e9 Pedro Mansueto Serbena<\/p>\n\n\n\n<p>Prof. Dr.C\u00e9sar Augsuto Dartora<\/p>\n\n\n\n<p>Prof. Dr\u00aa. Juliana Zarpelon<\/p>\n\n\n\n<p>***<em>Comiss\u00f5es aprovadas na reuni\u00e3o 248 do colegiado do PIPE no dia 11\/07\/2024<\/em><\/p>\n","protected":false},"excerpt":{"rendered":"<p>COORDENA\u00c7\u00c3O Coordenador: Prof. Dr. Daniel Eiras Vice Coordenador: Prof. Dr. Jos\u00e9 Pedro Mansueto Serbena Secret\u00e1ria: Maria Neiva Rodrigues Fedechem COLEGIADO ACAD\u00caMICO Conforme o Artigo 3\u00b0 [&hellip;]<\/p>\n","protected":false},"author":1,"featured_media":0,"parent":0,"menu_order":0,"comment_status":"closed","ping_status":"closed","template":"","meta":{"footnotes":""},"_links":{"self":[{"href":"https:\/\/tecnologia.ufpr.br\/pipe\/wp-json\/wp\/v2\/pages\/69"}],"collection":[{"href":"https:\/\/tecnologia.ufpr.br\/pipe\/wp-json\/wp\/v2\/pages"}],"about":[{"href":"https:\/\/tecnologia.ufpr.br\/pipe\/wp-json\/wp\/v2\/types\/page"}],"author":[{"embeddable":true,"href":"https:\/\/tecnologia.ufpr.br\/pipe\/wp-json\/wp\/v2\/users\/1"}],"replies":[{"embeddable":true,"href":"https:\/\/tecnologia.ufpr.br\/pipe\/wp-json\/wp\/v2\/comments?post=69"}],"version-history":[{"count":75,"href":"https:\/\/tecnologia.ufpr.br\/pipe\/wp-json\/wp\/v2\/pages\/69\/revisions"}],"predecessor-version":[{"id":9670,"href":"https:\/\/tecnologia.ufpr.br\/pipe\/wp-json\/wp\/v2\/pages\/69\/revisions\/9670"}],"wp:attachment":[{"href":"https:\/\/tecnologia.ufpr.br\/pipe\/wp-json\/wp\/v2\/media?parent=69"}],"curies":[{"name":"wp","href":"https:\/\/api.w.org\/{rel}","templated":true}]}}