{"id":44,"date":"2016-03-10T18:16:08","date_gmt":"2016-03-10T18:16:08","guid":{"rendered":"https:\/\/tecnologia.ufpr.br\/pipe\/?page_id=44"},"modified":"2026-02-26T11:05:27","modified_gmt":"2026-02-26T14:05:27","slug":"processo-seletivo-mestrado","status":"publish","type":"page","link":"https:\/\/tecnologia.ufpr.br\/pipe\/processo-seletivo-mestrado\/","title":{"rendered":"Mestrado"},"content":{"rendered":"<p class=\"style47\" align=\"center\"><strong>INSCRI\u00c7\u00d5ES PARA O PROCESSO SELETIVO DE MESTRADO\u00a0<\/strong><\/p>\n<p align=\"center\">Confira o edital e o cronograma de inscri\u00e7\u00f5es do Processo Seletivo do Mestrado Acad\u00eamico do Programa de P\u00f3s Gradua\u00e7\u00e3o em Engenharia e Ci\u00eancia dos Materiais (PIPE).<\/p>\n<blockquote>\n<p><span style=\"color: #000000\">O candidato deve entrar em contato com um docente credenciado no PIPE e escrever Projeto de Disserta\u00e7\u00e3o em conjunto com seu poss\u00edvel orientador, de acordo com o ROTEIRO estabelecido nas normas do programa.<\/span><\/p>\n<p style=\"text-align: center\"><span style=\"color: #ff0000\">****PRORROGADO O EDITAL 11\/2025****<\/span><\/p>\n<p><strong><span style=\"color: #000000\">A inscri\u00e7\u00e3o \u00e9 exclusivamente online, de 19\/11\/2025 a 07\/02\/2026,\u00a0 por meio do link para ficha de inscri\u00e7\u00e3o abaixo.<\/span><\/strong><\/p>\n<p><span style=\"color: #000000\">OBS.: A atribui\u00e7\u00e3o de bolsas de estudos ser\u00e1 realizada atrav\u00e9s de processo seletivo interno espec\u00edfico destinado aos candidatos selecionados que demonstrarem interesse nas mesmas, por comiss\u00e3o e Edital pr\u00f3prios para este fim.<\/span><\/p>\n<p><a href=\"https:\/\/siga.ufpr.br\/siga\/visitante\/processoseletivo\/index.jsp?sequencial=5112\" target=\"_blank\" rel=\"noopener\"><span style=\"color: #0000ff\">Ficha de Inscri\u00e7\u00e3o<\/span><\/a><\/p>\n<p><span style=\"color: #0000ff\"><a href=\"https:\/\/tecnologia.ufpr.br\/pipe\/wp-content\/uploads\/sites\/2\/2026\/01\/edital__11_selecaomestrado-2026-1-prorrogado.pdf\" target=\"_blank\" rel=\"noopener\"><span style=\"color: #0000ff\">Edital 11\/2025\u00a0<\/span><\/a> &#8211; <span style=\"color: #ff0000\">PRORROGADO at\u00e9 07\/02\/2026<\/span><\/span><\/p>\n<p><a href=\"https:\/\/tecnologia.ufpr.br\/pipe\/wp-content\/uploads\/sites\/2\/2026\/01\/novo-cronograma-do-edital-11-2025.pdf\" target=\"_blank\" rel=\"noopener\"><span style=\"color: #0000ff\">Novo\u00a0 cronograma com os prazos para as etapas de que trata este Edital 11\/2025 com prorroga\u00e7\u00e3o<\/span><\/a><\/p>\n<p><a href=\"https:\/\/tecnologia.ufpr.br\/pipe\/wp-content\/uploads\/sites\/2\/2025\/12\/tabela-pontuacao-mestrado-atualizada.pdf\" target=\"_blank\" rel=\"noopener\"><span style=\"color: #0000ff\">Errata anexo I: tabela de avalia\u00e7\u00e3o de curr\u00edculo a ser utilizada nesta sele\u00e7\u00e3o<\/span><\/a><\/p>\n<p><a href=\"https:\/\/tecnologia.ufpr.br\/pipe\/wp-content\/uploads\/sites\/2\/2026\/02\/homologacao-das-inscricoes.pdf\" target=\"_blank\" rel=\"noopener\"><span style=\"color: #0000ff\">Homologa\u00e7\u00e3o das inscri\u00e7\u00f5es edital 11\/2025<\/span><\/a><\/p>\n<p><span style=\"color: #0000ff\"><a style=\"color: #0000ff\" href=\"https:\/\/tecnologia.ufpr.br\/pipe\/wp-content\/uploads\/sites\/2\/2026\/02\/resultado-preliminar-analise-curriculo.pdf\" target=\"_blank\" rel=\"noopener\">Resultado Preliminar (an\u00e1lise de curr\u00edculos)<\/a><\/span><\/p>\n<p><span style=\"color: #0000ff\"><a style=\"color: #0000ff\" href=\"https:\/\/tecnologia.ufpr.br\/pipe\/wp-content\/uploads\/sites\/2\/2026\/02\/agenda-entrevista.pdf\" target=\"_blank\" rel=\"noopener\">Entrevistas (agenda)<\/a><\/span><\/p>\n<p><a href=\"https:\/\/tecnologia.ufpr.br\/pipe\/wp-content\/uploads\/sites\/2\/2026\/02\/resultado-final.pdf\" target=\"_blank\" rel=\"noopener\"><span style=\"color: #0000ff\">Resultado Final<\/span><\/a><\/p>\n<p><a href=\"https:\/\/tecnologia.ufpr.br\/pipe\/wp-content\/uploads\/sites\/2\/2026\/01\/site.pdf\" target=\"_blank\" rel=\"noopener\"><span style=\"color: #0000ff\">BANCA DE HETEROIDENTIFICA\u00c7\u00c3O e informa\u00e7\u00f5es<\/span><\/a><\/p>\n<p><span style=\"color: #0000ff\"><a style=\"color: #0000ff\" href=\"https:\/\/tecnologia.ufpr.br\/pipe\/wp-content\/uploads\/sites\/2\/2026\/02\/edital-resultado-banca.pdf\" target=\"_blank\" rel=\"noopener\">EDITAL DE RESULTADO da banca de heteroidentifica\u00e7\u00e3o<\/a><\/span><\/p>\n<\/blockquote>\n<blockquote>\n<p><span style=\"color: #0000ff\"><a style=\"color: #0000ff\" href=\"https:\/\/tecnologia.ufpr.br\/pipe\/wp-content\/uploads\/sites\/2\/2025\/11\/modelo-projeto-de-mestrado.odt\" target=\"_blank\" rel=\"noopener\">Roteiro para redigir o Projeto de mestrado &#8211; 2\u00aa matr\u00edcula<\/a><\/span><\/p>\n<p><a href=\"https:\/\/tecnologia.ufpr.br\/pipe\/wp-content\/uploads\/sites\/2\/2018\/11\/Carta_de_Intencao_Orientador-Modelo-.doc\" target=\"_blank\" rel=\"noopener\"><span style=\"color: #0000ff\">Modelos de carta de aceite de orienta\u00e7\u00e3o<\/span><\/a><\/p>\n<p><span style=\"color: #0000ff\"><a style=\"color: #0000ff\" href=\"https:\/\/tecnologia.ufpr.br\/pipe\/wp-content\/uploads\/sites\/2\/2025\/08\/modelos_termos-de-autodeclaracao_res022025-cepe_280725.docx\" target=\"_blank\" rel=\"noopener\">Modelos dos Termos de autodeclara\u00e7\u00e3o<\/a><\/span><\/p>\n<p><span style=\"color: #0000ff\"><a style=\"color: #0000ff\" href=\"https:\/\/tecnologia.ufpr.br\/pipe\/wp-content\/uploads\/sites\/2\/2025\/08\/modelos_termos-de-autodeclaracao_res022025-cepe_280725.docx\" target=\"_blank\" rel=\"noopener\">Resolu\u00e7\u00e3o 02\/2025 &#8211; CEPE<\/a><\/span><\/p>\n<p><span style=\"color: #0000ff\"><a style=\"color: #0000ff\" href=\"https:\/\/tecnologia.ufpr.br\/pipe\/wp-content\/uploads\/sites\/2\/2019\/10\/REGIMENTO_PIPE_2019_Colegiado.pdf\" target=\"_blank\" rel=\"noopener\">Regimento do PIPE<\/a><\/span><\/p>\n<\/blockquote>\n<p><!--more--><\/p>\n<p align=\"center\">\u00a0<\/p>\n\n\n<p><\/p>\n","protected":false},"excerpt":{"rendered":"<p>INSCRI\u00c7\u00d5ES PARA O PROCESSO SELETIVO DE MESTRADO\u00a0 Confira o edital e o cronograma de inscri\u00e7\u00f5es do Processo Seletivo do Mestrado Acad\u00eamico do Programa de P\u00f3s [&hellip;]<\/p>\n","protected":false},"author":1,"featured_media":0,"parent":0,"menu_order":0,"comment_status":"closed","ping_status":"closed","template":"","meta":{"footnotes":""},"_links":{"self":[{"href":"https:\/\/tecnologia.ufpr.br\/pipe\/wp-json\/wp\/v2\/pages\/44"}],"collection":[{"href":"https:\/\/tecnologia.ufpr.br\/pipe\/wp-json\/wp\/v2\/pages"}],"about":[{"href":"https:\/\/tecnologia.ufpr.br\/pipe\/wp-json\/wp\/v2\/types\/page"}],"author":[{"embeddable":true,"href":"https:\/\/tecnologia.ufpr.br\/pipe\/wp-json\/wp\/v2\/users\/1"}],"replies":[{"embeddable":true,"href":"https:\/\/tecnologia.ufpr.br\/pipe\/wp-json\/wp\/v2\/comments?post=44"}],"version-history":[{"count":242,"href":"https:\/\/tecnologia.ufpr.br\/pipe\/wp-json\/wp\/v2\/pages\/44\/revisions"}],"predecessor-version":[{"id":9647,"href":"https:\/\/tecnologia.ufpr.br\/pipe\/wp-json\/wp\/v2\/pages\/44\/revisions\/9647"}],"wp:attachment":[{"href":"https:\/\/tecnologia.ufpr.br\/pipe\/wp-json\/wp\/v2\/media?parent=44"}],"curies":[{"name":"wp","href":"https:\/\/api.w.org\/{rel}","templated":true}]}}