{"id":377,"date":"2017-03-21T19:07:08","date_gmt":"2017-03-21T19:07:08","guid":{"rendered":"https:\/\/tecnologia.ufpr.br\/pipe\/?page_id=377"},"modified":"2024-03-11T10:46:44","modified_gmt":"2024-03-11T13:46:44","slug":"bolsa-capes","status":"publish","type":"page","link":"https:\/\/tecnologia.ufpr.br\/pipe\/bolsa-capes\/","title":{"rendered":"Bolsa Capes-Sele\u00e7\u00e3o"},"content":{"rendered":"<p><strong>PROCESSO SELETIVO INTERNO PARA BOLSAS DE DOUTORADO DO PIPE<\/strong><\/p>\n<p>O programa de P\u00f3s-Gradua\u00e7\u00e3o em Engenharia e Ci\u00eancia dos Materiais publica anualmente os editais\u00a0 para concess\u00e3o de bolsa em n\u00edvel de Doutorado e Mestrado, e forma\u00e7\u00e3o de cadastro de reserva para bolsas disponibilizadas durante validade do resultado dos editais.<\/p>\n<p>Ap\u00f3s divulgado o Resultado Final, as convoca\u00e7\u00f5es ser\u00e3o realizadas por e-mail conforme disponibilidade de vagas, obedecendo a ordem de classifica\u00e7\u00e3o.<\/p>\n<p>As convoca\u00e7\u00f5es podem ser acompanhadas na <span style=\"color: #0000ff\"><a style=\"color: #0000ff\" href=\"https:\/\/tecnologia.ufpr.br\/pipe\/bolsa-capes-acompanhamento-das-convocacoes\/\" target=\"_blank\" rel=\"noopener noreferrer\">P\u00e1gina de Acompanhamento das Convoca\u00e7\u00f5es<\/a>.<\/span><\/p>\n<p>Em caso de d\u00favidas entrar em contato pelo e-mail pipe@ufpr.br<\/p>\n","protected":false},"excerpt":{"rendered":"<p>PROCESSO SELETIVO INTERNO PARA BOLSAS DE DOUTORADO DO PIPE O programa de P\u00f3s-Gradua\u00e7\u00e3o em Engenharia e Ci\u00eancia dos Materiais publica anualmente os editais\u00a0 para concess\u00e3o [&hellip;]<\/p>\n","protected":false},"author":1000,"featured_media":0,"parent":0,"menu_order":0,"comment_status":"closed","ping_status":"closed","template":"","meta":{"footnotes":""},"_links":{"self":[{"href":"https:\/\/tecnologia.ufpr.br\/pipe\/wp-json\/wp\/v2\/pages\/377"}],"collection":[{"href":"https:\/\/tecnologia.ufpr.br\/pipe\/wp-json\/wp\/v2\/pages"}],"about":[{"href":"https:\/\/tecnologia.ufpr.br\/pipe\/wp-json\/wp\/v2\/types\/page"}],"author":[{"embeddable":true,"href":"https:\/\/tecnologia.ufpr.br\/pipe\/wp-json\/wp\/v2\/users\/1000"}],"replies":[{"embeddable":true,"href":"https:\/\/tecnologia.ufpr.br\/pipe\/wp-json\/wp\/v2\/comments?post=377"}],"version-history":[{"count":34,"href":"https:\/\/tecnologia.ufpr.br\/pipe\/wp-json\/wp\/v2\/pages\/377\/revisions"}],"predecessor-version":[{"id":8656,"href":"https:\/\/tecnologia.ufpr.br\/pipe\/wp-json\/wp\/v2\/pages\/377\/revisions\/8656"}],"wp:attachment":[{"href":"https:\/\/tecnologia.ufpr.br\/pipe\/wp-json\/wp\/v2\/media?parent=377"}],"curies":[{"name":"wp","href":"https:\/\/api.w.org\/{rel}","templated":true}]}}