{"id":1849,"date":"2017-09-11T16:15:40","date_gmt":"2017-09-11T19:15:40","guid":{"rendered":"https:\/\/tecnologia.ufpr.br\/pipe\/?page_id=1849"},"modified":"2026-04-06T11:35:55","modified_gmt":"2026-04-06T14:35:55","slug":"bolsa-capes-acompanhamento-das-convocacoes","status":"publish","type":"page","link":"https:\/\/tecnologia.ufpr.br\/pipe\/bolsa-capes-acompanhamento-das-convocacoes\/","title":{"rendered":"Acompanhamento das convoca\u00e7\u00f5es"},"content":{"rendered":"<p>Acompanhe abaixo as convoca\u00e7\u00f5es para os processos seletivos vigentes de bolsas de Mestrado.<\/p>\n<p><strong>BOLSAS DE MESTRADO\u00a0<\/strong><\/p>\n<ul>\n<li><a href=\"https:\/\/tecnologia.ufpr.br\/pipe\/wp-content\/uploads\/sites\/2\/2026\/03\/edital-03-2026-pipe-interno-bolsamestrado.pdf\" target=\"_blank\" rel=\"noopener\"><span style=\"color: #0000ff\">Edital vigente Sele\u00e7\u00e3o bolsa interna: Edital 03\/2026 &#8211; PIPE<\/span><\/a><\/li>\n<li><a href=\"https:\/\/tecnologia.ufpr.br\/pipe\/wp-content\/uploads\/sites\/2\/2026\/04\/resultado-preliminar-bolsa-mestrado.pdf\" target=\"_blank\" rel=\"noopener\"><span style=\"color: #000000\"><span style=\"color: #0000ff\">Resultado Preliminar<\/span><\/span><\/a><\/li>\n<li><span style=\"color: #0000ff\"><a style=\"color: #0000ff\" href=\"https:\/\/tecnologia.ufpr.br\/pipe\/wp-content\/uploads\/sites\/2\/2026\/04\/resultado_final_bolsa_mestrado_assinado.pdf\" target=\"_blank\" rel=\"noopener\">Resultado Final por ordem de classifica\u00e7\u00e3o<\/a><\/span><\/li>\n<li><span style=\"color: #0000ff\"><a style=\"color: #0000ff\" href=\"https:\/\/tecnologia.ufpr.br\/pipe\/wp-content\/uploads\/sites\/2\/2022\/09\/Formulario-Solicitacao-de-Recurso.doc\">Modelo de formul\u00e1rio para recurso<\/a><\/span><\/li>\n<\/ul>\n<p><strong>BOLSA DE DOUTORADO<\/strong><\/p>\n<p><a href=\"https:\/\/tecnologia.ufpr.br\/pipe\/wp-content\/uploads\/sites\/2\/2025\/08\/edital-03-2025-pipe-interno-bolsadoutorado-1.pdf\" target=\"_blank\" rel=\"noopener\"><span style=\"color: #0000ff\">Edital vigente Sele\u00e7\u00e3o bolsa interna: Edital 03\/2025 &#8211; PIPE<\/span><\/a><\/p>\n<p>Errata: Publicado na data de 19\/08\/25 altera\u00e7\u00e3o da planilha de avalia\u00e7\u00e3o de curr\u00edculo- anexo I do edital<\/p>\n<p><a href=\"https:\/\/tecnologia.ufpr.br\/pipe\/wp-content\/uploads\/sites\/2\/2025\/09\/resultado-preliminar-1.pdf\" target=\"_blank\" rel=\"noopener\"><span style=\"color: #0000ff\">Resultado Preliminar<\/span><\/a><\/p>\n<p><a href=\"https:\/\/tecnologia.ufpr.br\/pipe\/wp-content\/uploads\/sites\/2\/2025\/09\/resultado_final.pdf\" target=\"_blank\" rel=\"noopener\"><span style=\"color: #0000ff\">Resultado Final por ordem de classifica\u00e7\u00e3o<\/span><\/a><\/p>\n<p><span style=\"color: #0000ff\"><a style=\"color: #0000ff\" href=\"https:\/\/tecnologia.ufpr.br\/pipe\/wp-content\/uploads\/sites\/2\/2022\/09\/Formulario-Solicitacao-de-Recurso.doc\">Modelo de formul\u00e1rio para recurso<\/a><\/span><\/p>\n","protected":false},"excerpt":{"rendered":"<p>Acompanhe abaixo as convoca\u00e7\u00f5es para os processos seletivos vigentes de bolsas de Mestrado. BOLSAS DE MESTRADO\u00a0 Edital vigente Sele\u00e7\u00e3o bolsa interna: Edital 03\/2026 &#8211; PIPE [&hellip;]<\/p>\n","protected":false},"author":1000,"featured_media":0,"parent":0,"menu_order":0,"comment_status":"closed","ping_status":"closed","template":"","meta":{"footnotes":""},"_links":{"self":[{"href":"https:\/\/tecnologia.ufpr.br\/pipe\/wp-json\/wp\/v2\/pages\/1849"}],"collection":[{"href":"https:\/\/tecnologia.ufpr.br\/pipe\/wp-json\/wp\/v2\/pages"}],"about":[{"href":"https:\/\/tecnologia.ufpr.br\/pipe\/wp-json\/wp\/v2\/types\/page"}],"author":[{"embeddable":true,"href":"https:\/\/tecnologia.ufpr.br\/pipe\/wp-json\/wp\/v2\/users\/1000"}],"replies":[{"embeddable":true,"href":"https:\/\/tecnologia.ufpr.br\/pipe\/wp-json\/wp\/v2\/comments?post=1849"}],"version-history":[{"count":97,"href":"https:\/\/tecnologia.ufpr.br\/pipe\/wp-json\/wp\/v2\/pages\/1849\/revisions"}],"predecessor-version":[{"id":9699,"href":"https:\/\/tecnologia.ufpr.br\/pipe\/wp-json\/wp\/v2\/pages\/1849\/revisions\/9699"}],"wp:attachment":[{"href":"https:\/\/tecnologia.ufpr.br\/pipe\/wp-json\/wp\/v2\/media?parent=1849"}],"curies":[{"name":"wp","href":"https:\/\/api.w.org\/{rel}","templated":true}]}}

Acompanhamento das convocações

<p>Acompanhe abaixo as convocações para os processos seletivos vigentes de bolsas de Mestrado.</p>
<p><strong>BOLSAS DE MESTRADO </strong></p>
<ul>
<li><a href="https://tecnologia.ufpr.br/pipe/wp-content/uploads/sites/2/2026/03/edital-03-2026-pipe-interno-bolsamestrado.pdf" target="_blank" rel="noopener"><span style="color: #0000ff">Edital vigente Seleção bolsa interna: Edital 03/2026 &#8211; PIPE</span></a></li>
<li><a href="https://tecnologia.ufpr.br/pipe/wp-content/uploads/sites/2/2026/04/resultado-preliminar-bolsa-mestrado.pdf" target="_blank" rel="noopener"><span style="color: #000000"><span style="color: #0000ff">Resultado Preliminar</span></span></a></li>
<li><span style="color: #0000ff"><a style="color: #0000ff" href="https://tecnologia.ufpr.br/pipe/wp-content/uploads/sites/2/2026/04/resultado_final_bolsa_mestrado_assinado.pdf" target="_blank" rel="noopener">Resultado Final por ordem de classificação</a></span></li>
<li><span style="color: #0000ff"><a style="color: #0000ff" href="https://tecnologia.ufpr.br/pipe/wp-content/uploads/sites/2/2022/09/Formulario-Solicitacao-de-Recurso.doc">Modelo de formulário para recurso</a></span></li>
</ul>
<p><strong>BOLSA DE DOUTORADO</strong></p>
<p><a href="https://tecnologia.ufpr.br/pipe/wp-content/uploads/sites/2/2025/08/edital-03-2025-pipe-interno-bolsadoutorado-1.pdf" target="_blank" rel="noopener"><span style="color: #0000ff">Edital vigente Seleção bolsa interna: Edital 03/2025 &#8211; PIPE</span></a></p>
<p>Errata: Publicado na data de 19/08/25 alteração da planilha de avaliação de currículo- anexo I do edital</p>
<p><a href="https://tecnologia.ufpr.br/pipe/wp-content/uploads/sites/2/2025/09/resultado-preliminar-1.pdf" target="_blank" rel="noopener"><span style="color: #0000ff">Resultado Preliminar</span></a></p>
<p><a href="https://tecnologia.ufpr.br/pipe/wp-content/uploads/sites/2/2025/09/resultado_final.pdf" target="_blank" rel="noopener"><span style="color: #0000ff">Resultado Final por ordem de classificação</span></a></p>
<p><span style="color: #0000ff"><a style="color: #0000ff" href="https://tecnologia.ufpr.br/pipe/wp-content/uploads/sites/2/2022/09/Formulario-Solicitacao-de-Recurso.doc">Modelo de formulário para recurso</a></span></p>

<p>Acompanhe abaixo as convocações para os processos seletivos vigentes de bolsas de Mestrado. BOLSAS DE MESTRADO  Edital vigente Seleção bolsa interna: Edital 03/2026 &#8211; PIPE [&hellip;]</p>
