{"id":1585,"date":"2017-05-05T12:05:05","date_gmt":"2017-05-05T15:05:05","guid":{"rendered":"https:\/\/tecnologia.ufpr.br\/pipe\/?page_id=1585"},"modified":"2025-10-16T13:58:54","modified_gmt":"2025-10-16T16:58:54","slug":"bolsa-fundacao-araucaria","status":"publish","type":"page","link":"https:\/\/tecnologia.ufpr.br\/pipe\/bolsa-fundacao-araucaria\/","title":{"rendered":"Bolsa Funda\u00e7\u00e3o Arauc\u00e1ria"},"content":{"rendered":"\n<p>Para maiores informa\u00e7\u00f5es acesse o edital abaixo:<\/p>\n\n\n\n<p><a href=\"https:\/\/tecnologia.ufpr.br\/pipe\/wp-content\/uploads\/sites\/2\/2025\/09\/edital-06_2025-fa-doutorado.pdf\" target=\"_blank\" rel=\"noopener\"><span style=\"color: #000000\">Edital PIPE\/FA n\u00ba 06\/2025 &#8211; Bolsa T\u00e9cnico DOUTORADO<\/span><\/a><\/p>\n\n\n\n<p>As inscri\u00e7\u00f5es devem ser realizadas atrav\u00e9s do SIGA<\/p>\n\n\n\n<p><a href=\"https:\/\/siga.ufpr.br\/siga\/visitante\/processoseletivo\/index.jsp?sequencial=5025\" target=\"_blank\" rel=\"noopener\"><span style=\"color: #0000ff\"><span style=\"color: #000000\">Formulario inscri\u00e7\u00e3o<\/span><\/span><\/a><\/p>\n\n\n\n<p><a href=\"https:\/\/tecnologia.ufpr.br\/pipe\/wp-content\/uploads\/sites\/2\/2025\/10\/homologacao-candidatos-doutorado.pdf\" target=\"_blank\" rel=\"noreferrer noopener\"><strong>Inscri\u00e7\u00f5es Homologadas:<\/strong> <\/a><\/p>\n\n\n\n<p><a href=\"https:\/\/tecnologia.ufpr.br\/pipe\/wp-content\/uploads\/sites\/2\/2025\/10\/resultado-preliminar-doutorado.pdf\" target=\"_blank\" rel=\"noreferrer noopener\">Resultado Preliminar<\/a><\/p>\n\n\n\n<p><span style=\"color: #000000\"><a href=\"https:\/\/tecnologia.ufpr.br\/pipe\/wp-content\/uploads\/sites\/2\/2025\/10\/resultado-final-doutorado.pdf\" target=\"_blank\" rel=\"noreferrer noopener\">Resultado Final<\/a><\/span><\/p>\n\n\n\n<p>__________________________________________________________________________________________________________<\/p>\n\n\n\n<p>Edital PIPE\/FA n\u00ba 07\/2025 &#8211; Bolsa T\u00e9cnico MESTRADO &#8211; <strong>CANCELADO<\/strong><\/p>\n\n\n\n<p><a href=\"https:\/\/tecnologia.ufpr.br\/pipe\/wp-content\/uploads\/sites\/2\/2025\/10\/edital-08_2025-fa-mestrado.pdf\" target=\"_blank\" rel=\"noreferrer noopener\">Edital PIPE\/FA n\u00ba 08\/2025 &#8211; Bolsa T\u00e9cnico MESTRADO<\/a><\/p>\n\n\n\n<p>As inscri\u00e7\u00f5es devem ser realizadas atrav\u00e9s do SIGA<\/p>\n\n\n\n<p><a href=\"https:\/\/siga.ufpr.br\/siga\/visitante\/processoseletivo\/index.jsp?sequencial=5048\" target=\"_blank\" rel=\"noreferrer noopener\">Formulario inscri\u00e7\u00e3o<\/a><\/p>\n\n\n\n<p><strong><a href=\"https:\/\/tecnologia.ufpr.br\/pipe\/wp-content\/uploads\/sites\/2\/2025\/10\/homologacao-candidatos-mestrado.pdf\" target=\"_blank\" rel=\"noreferrer noopener\">Inscri\u00e7\u00f5es Homologadas:<\/a><\/strong><\/p>\n\n\n\n<p><a href=\"https:\/\/tecnologia.ufpr.br\/pipe\/wp-content\/uploads\/sites\/2\/2025\/10\/resultado-preliminar-mestrado.pdf\" target=\"_blank\" rel=\"noreferrer noopener\">Resultado Preliminar<\/a><\/p>\n\n\n\n<p><a href=\"https:\/\/tecnologia.ufpr.br\/pipe\/wp-content\/uploads\/sites\/2\/2025\/10\/resultado-final-mestrado.pdf\" target=\"_blank\" rel=\"noreferrer noopener\">Resultado Final<\/a><\/p>\n","protected":false},"excerpt":{"rendered":"<p>Para maiores informa\u00e7\u00f5es acesse o edital abaixo: Edital PIPE\/FA n\u00ba 06\/2025 &#8211; Bolsa T\u00e9cnico DOUTORADO As inscri\u00e7\u00f5es devem ser realizadas atrav\u00e9s do SIGA Formulario inscri\u00e7\u00e3o [&hellip;]<\/p>\n","protected":false},"author":1000,"featured_media":0,"parent":0,"menu_order":0,"comment_status":"closed","ping_status":"closed","template":"","meta":{"footnotes":""},"_links":{"self":[{"href":"https:\/\/tecnologia.ufpr.br\/pipe\/wp-json\/wp\/v2\/pages\/1585"}],"collection":[{"href":"https:\/\/tecnologia.ufpr.br\/pipe\/wp-json\/wp\/v2\/pages"}],"about":[{"href":"https:\/\/tecnologia.ufpr.br\/pipe\/wp-json\/wp\/v2\/types\/page"}],"author":[{"embeddable":true,"href":"https:\/\/tecnologia.ufpr.br\/pipe\/wp-json\/wp\/v2\/users\/1000"}],"replies":[{"embeddable":true,"href":"https:\/\/tecnologia.ufpr.br\/pipe\/wp-json\/wp\/v2\/comments?post=1585"}],"version-history":[{"count":31,"href":"https:\/\/tecnologia.ufpr.br\/pipe\/wp-json\/wp\/v2\/pages\/1585\/revisions"}],"predecessor-version":[{"id":9466,"href":"https:\/\/tecnologia.ufpr.br\/pipe\/wp-json\/wp\/v2\/pages\/1585\/revisions\/9466"}],"wp:attachment":[{"href":"https:\/\/tecnologia.ufpr.br\/pipe\/wp-json\/wp\/v2\/media?parent=1585"}],"curies":[{"name":"wp","href":"https:\/\/api.w.org\/{rel}","templated":true}]}}