{"id":888,"date":"2017-08-28T13:54:34","date_gmt":"2017-08-28T13:54:34","guid":{"rendered":"https:\/\/tecnologia.ufpr.br\/lahurb\/?page_id=888"},"modified":"2022-09-02T08:53:20","modified_gmt":"2022-09-02T11:53:20","slug":"pesquisa","status":"publish","type":"page","link":"https:\/\/tecnologia.ufpr.br\/lahurb\/pesquisa\/","title":{"rendered":"Pesquisa"},"content":{"rendered":"<h5><strong>Grupos de pesquisa:<\/strong><\/h5>\n<hr \/>\n<p><a href=\"http:\/\/dgp.cnpq.br\/dgp\/espelhogrupo\/9930448231548055\" target=\"_blank\" rel=\"noopener noreferrer\">Produ\u00e7\u00e3o e Gest\u00e3o do Territ\u00f3rio<\/a><\/p>\n<p><a href=\"http:\/\/dgp.cnpq.br\/dgp\/espelhogrupo\/3887307495784111\" target=\"_blank\" rel=\"noopener noreferrer\">GEDiMe &#8211; Grupo de Estudos sobre Din\u00e2micas Metropolitanas<\/a><\/p>\n<p><a href=\"http:\/\/dgp.cnpq.br\/dgp\/espelhogrupo\/2951407485725777\" target=\"_blank\" rel=\"noopener noreferrer\">Cidade, Meio Ambiente e Pol\u00edticas P\u00fablicas<\/a><\/p>\n<p><a href=\"http:\/\/dgp.cnpq.br\/dgp\/espelhogrupo\/678953\" target=\"_blank\" rel=\"noopener noreferrer\">CUAL &#8211; Comum Urbano na Am\u00e9rica Latina<\/a><\/p>\n<h5><strong>Projetos de pesquisa:<\/strong><\/h5>\n<hr \/>\n<p><strong>Professora respons\u00e1vel: Dra. <a href=\"http:\/\/lattes.cnpq.br\/1725213417971743\" target=\"_blank\" rel=\"noopener noreferrer\">Cristina de Ara\u00fajo Lima<\/a><\/strong><\/p>\n<p style=\"padding-left: 60px\">T\u00edtulo do projeto: <strong>A espacializa\u00e7\u00e3o do processo de ocupa\u00e7\u00e3o urbana na Regi\u00e3o Metropolitana de Curitiba e as \u00e1reas de mananciais<\/strong><br \/>\nBANPESQ:<\/p>\n<h6 style=\"padding-left: 120px\"><strong>Descri\u00e7\u00e3o:<\/strong> Questiona as caracter\u00edsticas da urbaniza\u00e7\u00e3o (regular e irregular) nas \u00e1reas de mananciais da Regi\u00e3o Metropolitana de Curitiba com o objetivo de compreender as caracter\u00edsticas urban\u00edsticas e ambientais do aglomerado urbano. S\u00e3o objetivos espec\u00edficos identificar a rela\u00e7\u00e3o entre expans\u00e3o urbana e os riscos para a conserva\u00e7\u00e3o dos mananciais de abastecimento p\u00fablico de \u00e1gua, pela an\u00e1lise do consumo de \u00e1gua, de solo e de vegeta\u00e7\u00e3o. O objeto de estudo s\u00e3o os parcelamentos, loteamentos, conjuntos habitacionais, reloca\u00e7\u00e3o de ocupa\u00e7\u00f5es e sua condi\u00e7\u00e3o de ocupa\u00e7\u00e3o e uso do solo e dos recursos naturais, para responder \u00e0 quest\u00e3o de como se expande a regi\u00e3o sob a perspectiva de padr\u00f5es urban\u00edsticos e ambientais.<\/h6>\n<p style=\"padding-left: 60px\">T\u00edtulo do projeto: <strong>O lote, a quadra, a rua: pr\u00e1tica de ensino de Desenho Urbano como projeto. Um ensaio sobre urbanismo na \u00e1rea central de Curitiba<\/strong><br \/>\nBANPESQ:<\/p>\n<h6 style=\"padding-left: 120px\"><strong>Descri\u00e7\u00e3o: <\/strong>O projeto tem como objetivo analisar caracter\u00edsticas urban\u00edsticas de trechos do espa\u00e7o central de Curitiba visando apreender caracter\u00edsticas e rela\u00e7\u00f5es entre o projeto urbano e o uso, o que inclui an\u00e1lise de: a) meio ambiente, forma, estrutura fundi\u00e1ria, sistema vi\u00e1rio, fun\u00e7\u00f5es, usos; b) projetos e legisla\u00e7\u00e3o urban\u00edstica vigente. O arcabou\u00e7o te\u00f3rico e as pr\u00e1ticas para ensino do conte\u00fado formam material apresentado como contribui\u00e7\u00e3o ao debate sobre a forma\u00e7\u00e3o e o exerc\u00edcio neste campo profissional.<\/h6>\n<hr \/>\n<p><strong>Professora respons\u00e1vel: Dra.\u00a0<a href=\"http:\/\/lattes.cnpq.br\/7491628088446373\" target=\"_blank\" rel=\"noopener noreferrer\">Let\u00edcia Nerone Gadens<\/a><\/strong><\/p>\n<p style=\"padding-left: 60px\">T\u00edtulo do projeto:\u00a0<strong>Grandes proyectos urbanos: aplicaci\u00f3n de herramientas de planificaci\u00f3n para cambios morfol\u00f3gicos en las ciudades<\/strong><br \/>\nBANPESQ:\u00a0<u>2017024032<\/u><\/p>\n<h6 style=\"padding-left: 120px\"><strong>Descri\u00e7\u00e3o:<\/strong>\u00a0Esta investigaci\u00f3n se centra en el an\u00e1lisis de grandes proyectos urbanos generados por instrumentos de planificaci\u00f3n espec\u00edficos: las operaciones urbanas consorciadas, en el caso brasile\u00f1o, e los planes parciales, aplicados en la realidad espa\u00f1ola. En ese sentido, ha sido en definitiva el problema central de la investigaci\u00f3n tratar de entender las posibilidades de aplicaci\u00f3n de instrumentos de planeamiento y gesti\u00f3n del territorio por la utilizaci\u00f3n de herramientas de implantaci\u00f3n de GPUS, que resultan en cambios f\u00edsicos en el espacio urbano. Frente a esta cuesti\u00f3n, el estudio se basa en la hip\u00f3tesis de que el uso de tales instrumentos puede generar beneficios colectivos a la ciudad por la remodelaci\u00f3n del espacio. Como resultado general del an\u00e1lisis y del estudio en cuesti\u00f3n, se pretende formular directrices para la gesti\u00f3n urbana en el sentido de promover la planificaci\u00f3n y acciones con mejor articulaci\u00f3n, considerando el panorama de aplicaci\u00f3n de instrumentos de planificaci\u00f3n como potencial para reconversi\u00f3n y cambio estructurante de determinado sector de la ciudad.<\/h6>\n<p style=\"padding-left: 60px\">T\u00edtulo do projeto:\u00a0<strong>Plano e projeto na cidade contempor\u00e2nea: estudo a partir da rela\u00e7\u00e3o entre uso e ocupa\u00e7\u00e3o do solo e transporte coletivo \u00e0 luz da experi\u00eancia de Curitiba<\/strong><br \/>\nBANPESQ:\u00a0<span style=\"text-decoration: underline\">2016023651<\/span><\/p>\n<h6 style=\"padding-left: 120px\"><strong>Descri\u00e7\u00e3o:<\/strong> Esta pesquisa desenvolve-se em um contexto que busca o aprofundamento da discuss\u00e3o sobre planejamento e projeto urbano na cidade contempor\u00e2nea, partindo do pressuposto de que maior reflex\u00e3o sobre o assunto poderia evidenciar potencialidades para a constru\u00e7\u00e3o de espa\u00e7os urbanos mais sustent\u00e1veis. Nesse sentido, identificar as repercuss\u00f5es territoriais dessa rela\u00e7\u00e3o sist\u00eamica, visando a constru\u00e7\u00e3o de espa\u00e7os urbanos inclusivos \u00e9 a quest\u00e3o que orienta este trabalho. Embasado no conceito de estrutura\u00e7\u00e3o espacial por \u201csistemas de a\u00e7\u00f5es e de objetos\u201d, o objetivo geral desta investiga\u00e7\u00e3o consiste em analisar o resultado das a\u00e7\u00f5es de planejamento, em termos de desenho urbano, por meio da rela\u00e7\u00e3o entre uso e ocupa\u00e7\u00e3o do solo e sistema de transporte. Para tanto, adota-se como estudo a experi\u00eancia de Curitiba? Paran\u00e1, tendo em vista que seu planejamento foi concebido de forma estritamente vinculada ao desenho, quando prop\u00f4s, em 1965, um modelo de urbaniza\u00e7\u00e3o fundamentado na rela\u00e7\u00e3o entre uso do solo, sistema vi\u00e1rio e transporte coletivo. Com base em estrutura\u00e7\u00e3o metodol\u00f3gica de m\u00faltiplas t\u00e9cnicas e, considerando a fundamenta\u00e7\u00e3o te\u00f3rico conceitual da pesquisa, o \u201csistema de a\u00e7\u00f5es\u201d ser\u00e1 avaliado a partir dos conceitos, diretrizes e instrumentos de planejamento adotados. Por sua vez, a aprecia\u00e7\u00e3o do \u201csistema de objetos\u201d ser\u00e1 efetivada pela interpreta\u00e7\u00e3o de dados que fundamentam, conceitualmente, padr\u00f5es de desenho urbano mais sustent\u00e1veis. A s\u00edntese anal\u00edtica pretende sistematizar a discuss\u00e3o dos resultados a serem obtidos, de modo a verificar a hip\u00f3tese da pesquisa de que h\u00e1 limita\u00e7\u00f5es no processo de planejamento que refletem pr\u00e1ticas de desenho urbano insustent\u00e1veis e que, portanto, o aprofundamento da discuss\u00e3o sobre a rela\u00e7\u00e3o entre plano e projeto poderia evidenciar oportunidades de constru\u00e7\u00e3o de espa\u00e7os urbanos mais inclusivos.<\/h6>\n<div class=\"layout-cell layout-cell-9\">\n<div class=\"layout-cell-pad-5\" style=\"padding-left: 80px\">T\u00edtulo do projeto: <strong>Como a regula\u00e7\u00e3o urban\u00edstica afeta a forma urbana? Estudo a partir dos instrumentos de gest\u00e3o dos direitos de construir<\/strong><\/div>\n<div><\/div>\n<\/div>\n<div class=\"layout-cell-pad-5 text-align-right\"><\/div>\n<div class=\"layout-cell layout-cell-9\">\n<h6 class=\"layout-cell-pad-5\" style=\"padding-left: 120px\"><strong>Descri\u00e7<\/strong><strong>\u00e3o:<\/strong> Esta pesquisa est\u00e1 vinculada ao Laborat\u00f3rio de Habita\u00e7\u00e3o e Urbanismo (LAHURB) e ao Programa de P\u00f3s-Gradua\u00e7\u00e3o em Planeamento Urbano (PPU) da UFPR. Tem por objetivo verificar como a regula\u00e7\u00e3o urban\u00edstica pode interferir na atua\u00e7\u00e3o do mercado imobili\u00e1rio, especialmente em rela\u00e7\u00e3o a conforma\u00e7\u00e3o de vetores de expans\u00e3o imobili\u00e1ria e quanto a defini\u00e7\u00e3o do produto imobili\u00e1rio. Para tanto, a partir de estudos emp\u00edricos, pretende reconhecer os efeitos da regula\u00e7\u00e3o urban\u00edstica no desenho e ocupa\u00e7\u00e3o do territ\u00f3rio. Nesse sentido, o estudo foca-se na an\u00e1lise de instrumentos relacionados a gest\u00e3o dos direitos de construir, especialmente a Outorga Onerosa do Direito de Construir (OODC) e a Transfer\u00eancia do Direito de Construir (TDC). Considera-se que investiga\u00e7\u00f5es dessa natureza ainda s\u00e3o muito incipientes no pa\u00eds, existindo poucos estudados e organiza\u00e7\u00e3o de evid\u00eancias emp\u00edricas a respeito do tema. Portanto, a pesquisa pretende contribuir para a conforma\u00e7\u00e3o de novas evid\u00eancias sobre os efeitos da regula\u00e7\u00e3o urban\u00edstica na estrutura\u00e7\u00e3o urbana, especialmente no contexto brasileiro, para o qual estudos com essa abordagem ainda s\u00e3o escassos. Palavras-chave: regula\u00e7\u00e3o urban\u00edstica, gest\u00e3o dos direitos de construir, mercado imobili\u00e1rio..<\/h6>\n<\/div>\n<hr \/>\n<p><strong>Professora respons\u00e1vel: Dra. <a href=\"http:\/\/lattes.cnpq.br\/1972138591868138\" target=\"_blank\" rel=\"noopener noreferrer\">Madianita Nunes da Silva<\/a><\/strong><\/p>\n<p style=\"padding-left: 60px\">T\u00edtulo do projeto: <strong>Produ\u00e7\u00e3o da COHAB\/ CT e universaliza\u00e7\u00e3o do acesso \u00e0 moradia na metr\u00f3pole de Curitiba<\/strong><br \/>\nBANPESQ:\u00a0<span style=\"text-decoration: underline\">2015016935<\/span><\/p>\n<h6 style=\"padding-left: 120px\"><strong>Descri\u00e7\u00e3o:<\/strong> A promo\u00e7\u00e3o do acesso \u00e0 moradia para a popula\u00e7\u00e3o de baixa renda no Brasil \u00e9 um desafio que acompanha a hist\u00f3ria da pol\u00edtica habitacional, ao longo das suas oito d\u00e9cadas de execu\u00e7\u00e3o. A baixa efic\u00e1cia das a\u00e7\u00f5es implantadas se manifesta pelo aumento crescente de assentamentos informais e por um modelo de cidade com custos de urbaniza\u00e7\u00e3o crescentes, marcada pela precariedade da periferia e a segrega\u00e7\u00e3o residencial entre as classes sociais. Essa \u00e9 uma realidade que se generalizou nas cidades brasileiras, mas que se apresenta de modo mais agudo nas metr\u00f3poles. Com base nessa problem\u00e1tica, a presente pesquisa dedica-se a analisar os efeitos das a\u00e7\u00f5es executadas pela Companhia de Habita\u00e7\u00e3o Popular de Curitiba (COHAB? CT) no que diz respeito \u00e0 universaliza\u00e7\u00e3o do acesso ao direito \u00e0 moradia na metr\u00f3pole de Curitiba. Estuda-se a produ\u00e7\u00e3o da COHAB? CT de 1965 a 2015, dividida de acordo com o per\u00edodo e tipo de interven\u00e7\u00e3o e a fonte de financiamento. A investiga\u00e7\u00e3o apoia-se na teoria geral existente a respeito da quest\u00e3o da moradia no Brasil, e em trabalhos cient\u00edficos j\u00e1 desenvolvidos a respeito do tema na metr\u00f3pole. Pretende-se desenvolver uma an\u00e1lise abrangente e completa da interven\u00e7\u00e3o do \u00f3rg\u00e3o, complementando os trabalhos j\u00e1 desenvolvidos. Os resultados visam contribuir com a constru\u00e7\u00e3o de uma pol\u00edtica de habita\u00e7\u00e3o de interesse social que vise a promo\u00e7\u00e3o do acesso ao direito \u00e0 moradia na metr\u00f3pole de Curitiba.<\/h6>\n<p style=\"padding-left: 60px\">T\u00edtulo do projeto: <strong>Programa Minha Casa Minha Vida e a din\u00e2mica habitacional metropolitana em Curitiba<\/strong><br \/>\nBANPESQ:\u00a0<span style=\"text-decoration: underline\">2013006041<\/span><\/p>\n<h6 style=\"padding-left: 120px\"><strong>Descri\u00e7\u00e3o:<\/strong> Lan\u00e7ado no ano de 2009 o Programa Minha Casa Minha Vida (MCMV) significou a retomada do financiamento por parte da Uni\u00e3o para produ\u00e7\u00e3o, aquisi\u00e7\u00e3o e requalifica\u00e7\u00e3o de im\u00f3veis urbanos destinados \u00e0 faixa de renda at\u00e9 R$ 5.000,00. At\u00e9 agosto de 2012, nove munic\u00edpios integrantes do aglomerado metropolitano de Curitiba tinham sido contemplados com unidades financiadas pelo Programa, num total de aproximadamente 20.000 domic\u00edlios. Em 2010 Curitiba ocupou o 12\u00ba lugar no Pa\u00eds entre as aglomera\u00e7\u00f5es metropolitanas com maior volume de popula\u00e7\u00e3o residente em aglomerados subnormais , dado que revela a dimens\u00e3o de sua car\u00eancia habitacional. Tomando como refer\u00eancia o contexto exposto, o presente projeto de pesquisa dedica-se a identificar os impactos socioespaciais dos empreendimentos residenciais produzidos pelo MCMV para as faixas de 0 a 3 e 3 a 6 sal\u00e1rios m\u00ednimos, em quatro munic\u00edpios contemplados com unidades financiadas pelo programa entre 2009 e 2012: Curitiba, Colombo, Fazenda Rio Grande e S\u00e3o Jos\u00e9 dos Pinhais. Para tanto, as an\u00e1lises estar\u00e3o focadas no estudo da inser\u00e7\u00e3o urbana e da qualidade arquitet\u00f4nica e urban\u00edstica dos empreendimentos executados, e realizar-se-\u00e3o a partir de uma metodologia j\u00e1 aplicada em outras cidades brasileiras para a an\u00e1lise do Programa. A ado\u00e7\u00e3o de uma metodologia comum permitir\u00e1 que os resultados obtidos n\u00e3o fiquem restritos \u00e0 metr\u00f3pole de Curitiba, e sejam comparados aos encontrados em outras aglomera\u00e7\u00f5es metropolitanas, contribuindo assim com o aperfei\u00e7oamento do Programa MCMV e, por consequ\u00eancia, com a redu\u00e7\u00e3o das necessidades habitacionais no Brasil.<\/h6>\n<hr \/>\n<p><strong>Professor respons\u00e1vel: Dr. <a href=\"http:\/\/buscatextual.cnpq.br\/buscatextual\/visualizacv.do\">Marcelo Caetano Andreoli\u00a0<\/a><\/strong><\/p>\n<p style=\"text-align: left\">\u00a0 \u00a0 \u00a0 \u00a0 \u00a0 \u00a0 \u00a0 \u00a0 \u00a0 \u00a0 T\u00edtulo do projeto: <strong>Planejamento Territorial, Quest\u00e3o Fundi\u00e1ria e Agroecologia &#8211; PLANTEAR<\/strong><\/p>\n<h6><strong>Descri\u00e7\u00e3o:<\/strong> O projeto objetiva realizar pesquisas e a\u00e7\u00f5es interdisciplinares de planejamento territorial urbano e rural, estudos fundi\u00e1rios e de agroecologia em experi\u00eancias comunit\u00e1rias de organiza\u00e7\u00e3o coletiva da\/na terra. Em virtude de quest\u00f5es agr\u00e1ria e urbanas n\u00e3o resolvidas no pa\u00eds e em especial em um estado como o Paran\u00e1, com este projeto se pretende oferecer respostas aos conflitos por terra e territ\u00f3rio existentes no campo e nas cidades paranaenses, onde camponeses, povos e comunidades tradicionais, citadinos e trabalhadores rurais e urbanos s\u00e3o expostos a desigualdades sociais e a processos de expuls\u00e3o, expropria\u00e7\u00e3o e explora\u00e7\u00e3o cont\u00ednuos, desassistidos de recursos b\u00e1sicos para lutar pela terra que almejam e pelo territ\u00f3rio que j\u00e1 habitam. Nesse sentido, o projeto pretende trabalhar articuladamente nas tr\u00eas frentes citadas da seguinte forma:<\/h6>\n<h6>a) Estudos de planejamento territorial como uma tecnologia social apropriada pela comunidade para autodefinir o pr\u00f3prio territ\u00f3rio, seus usos e suas rela\u00e7\u00f5es.<\/h6>\n<h6>b) Estudo dos conflitos fundi\u00e1rios que as comunidades enfrentam, identificando tanto as causas da concentra\u00e7\u00e3o fundi\u00e1ria, como as possibilidades de pol\u00edtica p\u00fablica e de direitos que permitiriam sua resolu\u00e7\u00e3o.<\/h6>\n<h6>c) Estudo de experi\u00eancias agroecol\u00f3gicas que possam servir como inspira\u00e7\u00e3o nessas \u00e1reas de conflito para consolidar espa\u00e7os com uma rela\u00e7\u00e3o com a natureza, com a produ\u00e7\u00e3o de alimentos e com uma sociabilidade marcadas pelos fundamentos solid\u00e1rios e relacionais presentes na agroecologia.<\/h6>\n<h6>d) Estudo das condi\u00e7\u00f5es de moradia, mobilidade, saneamento e organiza\u00e7\u00e3o comunit\u00e1ria em \u00e1reas urbanas visando construir alternativas de urban\u00edsticas e jur\u00eddicas para a consolida\u00e7\u00e3o dos assentamentos informais minimizando riscos socioambientais.<\/h6>\n<h6>Metodologicamente, o projeto prop\u00f5e iniciar os estudos e a\u00e7\u00f5es sempre a partir de uma demanda da comunidade, seguida de um levantamento e identifica\u00e7\u00e3o das \u00e1reas que envolva um trabalho de campo para conhec\u00ea-la, uma busca de informa\u00e7\u00f5es e dados sobre o local e uma an\u00e1lise jur\u00eddica da situa\u00e7\u00e3o da terra ou do territ\u00f3rio. O seguinte passo seria construir um conjunto de oficinas para esclarecer, dialogar e construir com a comunidade solu\u00e7\u00f5es conjuntas aos conflitos (agr\u00e1rios, urbanos, fundi\u00e1rios, territoriais etc.), mediante um di\u00e1logo de saberes horizontal e de forma\u00e7\u00e3o m\u00fatua. Ap\u00f3s essa troca intensa, ser\u00e3o elaboradas estrat\u00e9gias conjuntas de planejamento territorial e pareceres jur\u00eddicos fundamentados em experi\u00eancias capazes de oferecer respostas econ\u00f4micas, sociais, ambientais e culturais a partir da justi\u00e7a socioambiental e da agroecologia. O impacto esperado com essas pesquisas e essas a\u00e7\u00f5es \u00e9 a consolida\u00e7\u00e3o de estrat\u00e9gias de resolu\u00e7\u00e3o de conflitos a partir de um planejamento territorial apropriado pelas comunidades que sofrem o conflito e munidas de um conjunto de informa\u00e7\u00f5es sobre sua situa\u00e7\u00e3o fundi\u00e1ria. Em definitivo, um caminho poss\u00edvel para fortalecer tecnologias sociais capazes de repensar as formas de vida no campo e na cidade a partir da pr\u00f3pria atua\u00e7\u00e3o das comunidades. O projeto articula a pesquisa, a extens\u00e3o e o ensino no entendimento que o trip\u00e9 basilar da universidade fortalece a constru\u00e7\u00e3o conjunta de caminhos para superar os conflitos sociais e territoriais. Tamb\u00e9m a interdisciplinariedade da equipe do projeto (arquitetura, direito, engenharia e geografia) permitem uma leitura mais complexa e aberta dos processos em estudo. Por \u00faltimo, uma parte fundamental do projeto, como um processo de co-elabora\u00e7\u00e3o, \u00e9, ao mesmo tempo, o controle compartilhado entre a comunidade e a equipe do projeto das informa\u00e7\u00f5es e do destino das mesmas, assim como o compromisso na socializa\u00e7\u00e3o, com uma linguagem acess\u00edvel, das pesquisas, pareceres, propostas de planejamento etc. que sejam realizadas para sua divulga\u00e7\u00e3o e multiplica\u00e7\u00e3o para serem usadas em outros casos similares..<\/h6>\n<hr \/>\n<div><strong>Professora respons\u00e1vel: Dra. <a href=\"http:\/\/buscatextual.cnpq.br\/buscatextual\/visualizacv.do?metodo=apresentar&amp;id=K4139073A0\" target=\"_blank\" rel=\"noopener noreferrer\">Maria Carolina Maziviero<\/a><\/strong><\/div>\n<div><\/div>\n<div><\/div>\n<div>\n<div style=\"padding-left: 60px\">T\u00edtulo do projeto:\u00a0<strong>Processos insurgentes em territ\u00f3rio populares:\u00a0pr\u00e1ticas de resist\u00eancia ativa nas cidades brasileiras\u00a0<\/strong><\/div>\n<div style=\"padding-left: 60px\">BANPESQ:\u00a02018028329<\/div>\n<div style=\"padding-left: 60px\"><\/div>\n<h6 style=\"padding-left: 120px\"><strong>Descri\u00e7\u00e3o<\/strong>:\u00a0Este projeto visa o estudo aprofundado das novas formas de apropria\u00e7\u00f5es e experimenta\u00e7\u00f5es espaciais desenvolvidas por a\u00e7\u00f5es autogeridas e transversais \u00e0s governamentais. A partir de manifesta\u00e7\u00f5es sociais contempor\u00e2neas, essas a\u00e7\u00f5es insurgentes assumem a forma de grupos ou arranjos descentralizados, autoprodutores de imagens, referenciais e narrativas, hoje conhecidos como Coletivos Urbanos. Observa-se que essas a\u00e7\u00f5es t\u00eam crescido nas cidades brasileiras, acompanhada pela reivindica\u00e7\u00e3o do direito \u00e0 cidade, sobretudo a partir da d\u00e9cada de 90, no contexto da reestrutura\u00e7\u00e3o produtiva, da entrada do neoliberalismo e da flexibiliza\u00e7\u00e3o dos direitos trabalhistas no Brasil. Nesse \u00ednterim, o ano de 2011 ficou marcado mundialmente por conta dos levantes populares, fen\u00f4menos de dimens\u00f5es pol\u00edticas, sociais e tecnol\u00f3gicas que ocorreram em diversas cidades do globo. No Brasil, em junho de 2013, milhares de pessoas foram \u00e0s ruas em um protesto multifacetado, iniciado contra o aumento das passagens de \u00f4nibus municipais, mas que depois se transmutou em outras reivindica\u00e7\u00f5es. Interessa-nos, portanto, conhecer esses\u00a0<i>novos urbanismos de base<\/i>\u00a0e as diferen\u00e7as entre os tipos de iniciativas que variam de acordo com sua localiza\u00e7\u00e3o na cidade. Assim, os objetivos principais da pesquisa s\u00e3o debater a cidade como plataforma aberta e campo de experimenta\u00e7\u00f5es com o advento das TICs (Tecnologias de Informa\u00e7\u00e3o e Comunica\u00e7\u00e3o), e contextualizar a transforma\u00e7\u00e3o dos atores e agendas na luta pela amplia\u00e7\u00e3o do direito \u00e0 cidade atrav\u00e9s dos novos modelos de participa\u00e7\u00e3o c\u00edvica mais descentralizados, democr\u00e1ticos e aut\u00f4nomos. Pretende-se, ainda, entender como essas pr\u00e1ticas de interven\u00e7\u00e3o urbana chamadas de\u00a0<i>bottom-up<\/i>\u00a0renovam ou ampliam, de fato, a pr\u00e1tica tradicional de planejamento e desenho urbano, sob quais condi\u00e7\u00f5es e com quais consequ\u00eancias. Esta proposta de pesquisa aplicada se apoia em interlocu\u00e7\u00e3o entre a Universidade e os grupos ativistas, com foco no processo de gest\u00e3o, nas ferramentas de tecnologia social e nas metodologias de interven\u00e7\u00e3o no espa\u00e7o urbano.<\/h6>\n<\/div>\n","protected":false},"excerpt":{"rendered":"<p>Grupos de pesquisa: Produ\u00e7\u00e3o e Gest\u00e3o do Territ\u00f3rio GEDiMe &#8211; Grupo de Estudos sobre Din\u00e2micas Metropolitanas Cidade, Meio Ambiente e Pol\u00edticas P\u00fablicas CUAL &#8211; Comum Urbano na Am\u00e9rica Latina Projetos de pesquisa: Professora respons\u00e1vel: Dra. Cristina de Ara\u00fajo Lima T\u00edtulo do projeto: A espacializa\u00e7\u00e3o do processo de ocupa\u00e7\u00e3o urbana na Regi\u00e3o Metropolitana de Curitiba e [&hellip;]<\/p>\n","protected":false},"author":1047,"featured_media":0,"parent":0,"menu_order":0,"comment_status":"closed","ping_status":"closed","template":"","meta":{"footnotes":""},"_links":{"self":[{"href":"https:\/\/tecnologia.ufpr.br\/lahurb\/wp-json\/wp\/v2\/pages\/888"}],"collection":[{"href":"https:\/\/tecnologia.ufpr.br\/lahurb\/wp-json\/wp\/v2\/pages"}],"about":[{"href":"https:\/\/tecnologia.ufpr.br\/lahurb\/wp-json\/wp\/v2\/types\/page"}],"author":[{"embeddable":true,"href":"https:\/\/tecnologia.ufpr.br\/lahurb\/wp-json\/wp\/v2\/users\/1047"}],"replies":[{"embeddable":true,"href":"https:\/\/tecnologia.ufpr.br\/lahurb\/wp-json\/wp\/v2\/comments?post=888"}],"version-history":[{"count":80,"href":"https:\/\/tecnologia.ufpr.br\/lahurb\/wp-json\/wp\/v2\/pages\/888\/revisions"}],"predecessor-version":[{"id":3556,"href":"https:\/\/tecnologia.ufpr.br\/lahurb\/wp-json\/wp\/v2\/pages\/888\/revisions\/3556"}],"wp:attachment":[{"href":"https:\/\/tecnologia.ufpr.br\/lahurb\/wp-json\/wp\/v2\/media?parent=888"}],"curies":[{"name":"wp","href":"https:\/\/api.w.org\/{rel}","templated":true}]}}