{"id":2476,"date":"2019-06-24T23:51:00","date_gmt":"2019-06-25T02:51:00","guid":{"rendered":"https:\/\/tecnologia.ufpr.br\/lahurb\/?page_id=2476"},"modified":"2019-06-24T23:55:27","modified_gmt":"2019-06-25T02:55:27","slug":"2014-4","status":"publish","type":"page","link":"https:\/\/tecnologia.ufpr.br\/lahurb\/2014-4\/","title":{"rendered":"2014"},"content":{"rendered":"\n<p><a rel=\"noreferrer noopener\" href=\"https:\/\/tecnologia.ufpr.br\/lahurb\/o-processo-de-formacao-do-subcentro-do-pinheirinho-curitiba-pr-tfg\/\" target=\"_blank\">O processo de forma\u00e7\u00e3o do subcentro do Pinheirinho &#8211; Curitiba &#8211; PR<\/a><\/p>\n\n\n\n<p><a href=\"https:\/\/tecnologia.ufpr.br\/lahurb\/planejamento-de-bairros-perifericos-regiao-sul-de-curitiba-tfg\/\" target=\"_blank\" rel=\"noreferrer noopener\">Planejamento de bairros perif\u00e9ricos &#8211; Regi\u00e3o Sul de Curitiba<\/a><\/p>\n","protected":false},"excerpt":{"rendered":"<p>O processo de forma\u00e7\u00e3o do subcentro do Pinheirinho &#8211; Curitiba &#8211; PR Planejamento de bairros perif\u00e9ricos &#8211; Regi\u00e3o Sul de Curitiba<\/p>\n","protected":false},"author":1047,"featured_media":0,"parent":0,"menu_order":0,"comment_status":"closed","ping_status":"closed","template":"","meta":{"footnotes":""},"_links":{"self":[{"href":"https:\/\/tecnologia.ufpr.br\/lahurb\/wp-json\/wp\/v2\/pages\/2476"}],"collection":[{"href":"https:\/\/tecnologia.ufpr.br\/lahurb\/wp-json\/wp\/v2\/pages"}],"about":[{"href":"https:\/\/tecnologia.ufpr.br\/lahurb\/wp-json\/wp\/v2\/types\/page"}],"author":[{"embeddable":true,"href":"https:\/\/tecnologia.ufpr.br\/lahurb\/wp-json\/wp\/v2\/users\/1047"}],"replies":[{"embeddable":true,"href":"https:\/\/tecnologia.ufpr.br\/lahurb\/wp-json\/wp\/v2\/comments?post=2476"}],"version-history":[{"count":2,"href":"https:\/\/tecnologia.ufpr.br\/lahurb\/wp-json\/wp\/v2\/pages\/2476\/revisions"}],"predecessor-version":[{"id":2488,"href":"https:\/\/tecnologia.ufpr.br\/lahurb\/wp-json\/wp\/v2\/pages\/2476\/revisions\/2488"}],"wp:attachment":[{"href":"https:\/\/tecnologia.ufpr.br\/lahurb\/wp-json\/wp\/v2\/media?parent=2476"}],"curies":[{"name":"wp","href":"https:\/\/api.w.org\/{rel}","templated":true}]}}