{"id":2374,"date":"2019-06-24T23:02:48","date_gmt":"2019-06-25T02:02:48","guid":{"rendered":"https:\/\/tecnologia.ufpr.br\/lahurb\/?page_id=2374"},"modified":"2019-06-24T23:07:35","modified_gmt":"2019-06-25T02:07:35","slug":"2009-4","status":"publish","type":"page","link":"https:\/\/tecnologia.ufpr.br\/lahurb\/2009-4\/","title":{"rendered":"2009"},"content":{"rendered":"\n<p><a rel=\"noreferrer noopener\" href=\"https:\/\/tecnologia.ufpr.br\/lahurb\/moradia-social-na-metropole-de-curitiba-uma-proposta-de-reurbanizacao-para-a-ocupacao-irregular-bonfim-almirante-tamandare\/\" target=\"_blank\">Moradia social na metr\u00f3pole de Curitiba &#8211; Uma proposta de reurbaniza\u00e7\u00e3o para a ocupa\u00e7\u00e3o irregular Bonfim &#8211; Almirante Tamandar\u00e9<\/a><\/p>\n\n\n\n<p><a href=\"https:\/\/tecnologia.ufpr.br\/lahurb\/requalificacao-urbana-do-centro-de-curitiba-pr-tfg\/\" target=\"_blank\" rel=\"noreferrer noopener\">Requalifica\u00e7\u00e3o urbana do centro de Curitiba &#8211; PR<\/a><\/p>\n","protected":false},"excerpt":{"rendered":"<p>Moradia social na metr\u00f3pole de Curitiba &#8211; Uma proposta de reurbaniza\u00e7\u00e3o para a ocupa\u00e7\u00e3o irregular Bonfim &#8211; Almirante Tamandar\u00e9 Requalifica\u00e7\u00e3o urbana do centro de Curitiba &#8211; PR<\/p>\n","protected":false},"author":1047,"featured_media":0,"parent":0,"menu_order":0,"comment_status":"closed","ping_status":"closed","template":"","meta":{"footnotes":""},"_links":{"self":[{"href":"https:\/\/tecnologia.ufpr.br\/lahurb\/wp-json\/wp\/v2\/pages\/2374"}],"collection":[{"href":"https:\/\/tecnologia.ufpr.br\/lahurb\/wp-json\/wp\/v2\/pages"}],"about":[{"href":"https:\/\/tecnologia.ufpr.br\/lahurb\/wp-json\/wp\/v2\/types\/page"}],"author":[{"embeddable":true,"href":"https:\/\/tecnologia.ufpr.br\/lahurb\/wp-json\/wp\/v2\/users\/1047"}],"replies":[{"embeddable":true,"href":"https:\/\/tecnologia.ufpr.br\/lahurb\/wp-json\/wp\/v2\/comments?post=2374"}],"version-history":[{"count":2,"href":"https:\/\/tecnologia.ufpr.br\/lahurb\/wp-json\/wp\/v2\/pages\/2374\/revisions"}],"predecessor-version":[{"id":2389,"href":"https:\/\/tecnologia.ufpr.br\/lahurb\/wp-json\/wp\/v2\/pages\/2374\/revisions\/2389"}],"wp:attachment":[{"href":"https:\/\/tecnologia.ufpr.br\/lahurb\/wp-json\/wp\/v2\/media?parent=2374"}],"curies":[{"name":"wp","href":"https:\/\/api.w.org\/{rel}","templated":true}]}}