{"id":2227,"date":"2019-06-24T15:30:55","date_gmt":"2019-06-24T18:30:55","guid":{"rendered":"https:\/\/tecnologia.ufpr.br\/lahurb\/?page_id=2227"},"modified":"2019-06-24T15:54:26","modified_gmt":"2019-06-24T18:54:26","slug":"2012-3","status":"publish","type":"page","link":"https:\/\/tecnologia.ufpr.br\/lahurb\/2012-3\/","title":{"rendered":"2012"},"content":{"rendered":"\n<p><strong><a href=\"https:\/\/tecnologia.ufpr.br\/lahurb\/publicacoes\/das-fintas-ao-tributo-a-trajetoria-da-contribuicao-de-melhoria-no-brasil\/\" target=\"_blank\" rel=\"noreferrer noopener\">Das fintas ao tributo &#8211; a trajet\u00f3ria da Contribui\u00e7\u00e3o de Melhoria no Brasil<\/a><\/strong><\/p>\n\n\n\n<h6 class=\"wp-block-heading\">Autora:\u00a0<strong>Gislene Pereira<\/strong><\/h6>\n\n\n\n<p>&#8211;<\/p>\n\n\n\n<p><strong><a href=\"https:\/\/tecnologia.ufpr.br\/lahurb\/wp-content\/uploads\/sites\/31\/2018\/11\/A-din%C3%A2mica-de-produ%C3%A7%C3%A3o-dos-espa%C3%A7os-informais-de-moradia-e-o-processo-de-metropoliza%C3%A7%C3%A3o-em-Curitiba.pdf\" target=\"_blank\" rel=\"noreferrer noopener\">A din\u00e2mica de produ\u00e7\u00e3o dos espa\u00e7os informais de moradia e o processo de metropoliza\u00e7\u00e3o em Curitiba<\/a><\/strong><\/p>\n\n\n\n<h6 class=\"wp-block-heading\">Autora:&nbsp;<strong>Madianita Nunes da Silva<\/strong><\/h6>\n","protected":false},"excerpt":{"rendered":"<p>Das fintas ao tributo &#8211; a trajet\u00f3ria da Contribui\u00e7\u00e3o de Melhoria no Brasil Autora:\u00a0Gislene Pereira &#8211; A din\u00e2mica de produ\u00e7\u00e3o dos espa\u00e7os informais de moradia e o processo de metropoliza\u00e7\u00e3o em Curitiba Autora:&nbsp;Madianita Nunes da Silva<\/p>\n","protected":false},"author":1047,"featured_media":0,"parent":0,"menu_order":0,"comment_status":"closed","ping_status":"closed","template":"","meta":{"footnotes":""},"_links":{"self":[{"href":"https:\/\/tecnologia.ufpr.br\/lahurb\/wp-json\/wp\/v2\/pages\/2227"}],"collection":[{"href":"https:\/\/tecnologia.ufpr.br\/lahurb\/wp-json\/wp\/v2\/pages"}],"about":[{"href":"https:\/\/tecnologia.ufpr.br\/lahurb\/wp-json\/wp\/v2\/types\/page"}],"author":[{"embeddable":true,"href":"https:\/\/tecnologia.ufpr.br\/lahurb\/wp-json\/wp\/v2\/users\/1047"}],"replies":[{"embeddable":true,"href":"https:\/\/tecnologia.ufpr.br\/lahurb\/wp-json\/wp\/v2\/comments?post=2227"}],"version-history":[{"count":2,"href":"https:\/\/tecnologia.ufpr.br\/lahurb\/wp-json\/wp\/v2\/pages\/2227\/revisions"}],"predecessor-version":[{"id":2314,"href":"https:\/\/tecnologia.ufpr.br\/lahurb\/wp-json\/wp\/v2\/pages\/2227\/revisions\/2314"}],"wp:attachment":[{"href":"https:\/\/tecnologia.ufpr.br\/lahurb\/wp-json\/wp\/v2\/media?parent=2227"}],"curies":[{"name":"wp","href":"https:\/\/api.w.org\/{rel}","templated":true}]}}