{"id":1824,"date":"2018-10-08T13:47:57","date_gmt":"2018-10-08T16:47:57","guid":{"rendered":"https:\/\/tecnologia.ufpr.br\/lahurb\/?page_id=1824"},"modified":"2019-06-24T23:12:43","modified_gmt":"2019-06-25T02:12:43","slug":"plano-de-reabilitacao-da-area-urbana-de-influencia-direta-do-rio-negro-nos-municipios-de-rio-negro-pr-e-mafra-sc-tfg","status":"publish","type":"page","link":"https:\/\/tecnologia.ufpr.br\/lahurb\/plano-de-reabilitacao-da-area-urbana-de-influencia-direta-do-rio-negro-nos-municipios-de-rio-negro-pr-e-mafra-sc-tfg\/","title":{"rendered":"Plano de reabilita\u00e7\u00e3o da \u00e1rea urbana de influ\u00eancia direta do Rio Negro nos munic\u00edpios de Rio Negro (PR) e Mafra (SC) &#8211; TFG"},"content":{"rendered":"<p><a href=\"https:\/\/tecnologia.ufpr.br\/lahurb\/wp-content\/uploads\/sites\/31\/2018\/10\/01.pdf\" target=\"_blank\" rel=\"attachment wp-att-1825 noopener\">01<\/a><\/p>\n<p><a href=\"https:\/\/tecnologia.ufpr.br\/lahurb\/wp-content\/uploads\/sites\/31\/2018\/10\/02.pdf\" target=\"_blank\" rel=\"attachment wp-att-1826 noopener\">02<\/a><\/p>\n<p><a href=\"https:\/\/tecnologia.ufpr.br\/lahurb\/wp-content\/uploads\/sites\/31\/2018\/10\/03.pdf\" target=\"_blank\" rel=\"attachment wp-att-1827 noopener\">03<\/a><\/p>\n<p><a href=\"https:\/\/tecnologia.ufpr.br\/lahurb\/wp-content\/uploads\/sites\/31\/2018\/10\/04.pdf\" target=\"_blank\" rel=\"attachment wp-att-1828 noopener\">04<\/a><\/p>\n<p><a href=\"https:\/\/tecnologia.ufpr.br\/lahurb\/wp-content\/uploads\/sites\/31\/2018\/10\/05.pdf\" target=\"_blank\" rel=\"attachment wp-att-1829 noopener\">05<\/a><\/p>\n<p><a href=\"https:\/\/tecnologia.ufpr.br\/lahurb\/wp-content\/uploads\/sites\/31\/2018\/10\/06.pdf\" target=\"_blank\" rel=\"attachment wp-att-1830 noopener\">06<\/a><\/p>\n","protected":false},"excerpt":{"rendered":"<p>01 02 03 04 05 06<\/p>\n","protected":false},"author":1047,"featured_media":0,"parent":0,"menu_order":0,"comment_status":"closed","ping_status":"closed","template":"","meta":{"footnotes":""},"_links":{"self":[{"href":"https:\/\/tecnologia.ufpr.br\/lahurb\/wp-json\/wp\/v2\/pages\/1824"}],"collection":[{"href":"https:\/\/tecnologia.ufpr.br\/lahurb\/wp-json\/wp\/v2\/pages"}],"about":[{"href":"https:\/\/tecnologia.ufpr.br\/lahurb\/wp-json\/wp\/v2\/types\/page"}],"author":[{"embeddable":true,"href":"https:\/\/tecnologia.ufpr.br\/lahurb\/wp-json\/wp\/v2\/users\/1047"}],"replies":[{"embeddable":true,"href":"https:\/\/tecnologia.ufpr.br\/lahurb\/wp-json\/wp\/v2\/comments?post=1824"}],"version-history":[{"count":3,"href":"https:\/\/tecnologia.ufpr.br\/lahurb\/wp-json\/wp\/v2\/pages\/1824\/revisions"}],"predecessor-version":[{"id":2410,"href":"https:\/\/tecnologia.ufpr.br\/lahurb\/wp-json\/wp\/v2\/pages\/1824\/revisions\/2410"}],"wp:attachment":[{"href":"https:\/\/tecnologia.ufpr.br\/lahurb\/wp-json\/wp\/v2\/media?parent=1824"}],"curies":[{"name":"wp","href":"https:\/\/api.w.org\/{rel}","templated":true}]}}