{"id":1386,"date":"2018-08-13T12:10:32","date_gmt":"2018-08-13T15:10:32","guid":{"rendered":"https:\/\/tecnologia.ufpr.br\/lahurb\/?page_id=1386"},"modified":"2019-06-24T11:11:18","modified_gmt":"2019-06-24T14:11:18","slug":"requalificacao-urbana-do-centro-de-curitiba-pr","status":"publish","type":"page","link":"https:\/\/tecnologia.ufpr.br\/lahurb\/requalificacao-urbana-do-centro-de-curitiba-pr\/","title":{"rendered":"Requalifica\u00e7\u00e3o urbana do centro de Curitiba &#8211; PR &#8211; MONOGRAFIA"},"content":{"rendered":"<p><a href=\"https:\/\/tecnologia.ufpr.br\/lahurb\/wp-content\/uploads\/sites\/31\/2018\/08\/Requalifica%C3%A7%C3%A3o-urbana-do-Centro-de-Curitiba-PR.compressed.pdf\" target=\"_blank\" rel=\"attachment wp-att-1389 noopener\">Requalifica\u00e7\u00e3o urbana do Centro de Curitiba &#8211; PR<\/a><\/p>\n<p><a href=\"https:\/\/tecnologia.ufpr.br\/lahurb\/wp-content\/uploads\/sites\/31\/2018\/08\/Figura-49-%C3%81reas-degradadas.pdf\" target=\"_blank\" rel=\"attachment wp-att-1390 noopener\">Figura 49 &#8211; \u00c1reas degradadas<\/a><\/p>\n<p><a href=\"https:\/\/tecnologia.ufpr.br\/lahurb\/wp-content\/uploads\/sites\/31\/2018\/08\/Figura-53-Hierarquia-de-vias.pdf\" target=\"_blank\" rel=\"attachment wp-att-1391 noopener\">Figura 53 &#8211; Hierarquia de vias<\/a><\/p>\n<p><a href=\"https:\/\/tecnologia.ufpr.br\/lahurb\/wp-content\/uploads\/sites\/31\/2018\/08\/Figura-54-Linhas-e-concentra%C3%A7%C3%A3o-de-pontos-de-%C3%B4nibus.pdf\" target=\"_blank\" rel=\"attachment wp-att-1392 noopener\">Figura 54 &#8211; Linhas e concentra\u00e7\u00e3o de pontos de \u00f4nibus<\/a><\/p>\n<p><a href=\"https:\/\/tecnologia.ufpr.br\/lahurb\/wp-content\/uploads\/sites\/31\/2018\/08\/Figura-57-Equipamentos-de-uso-coletivo.pdf\" target=\"_blank\" rel=\"attachment wp-att-1393 noopener\">Figura 57 &#8211; Equipamentos de uso coletivo<\/a><\/p>\n<p><a href=\"https:\/\/tecnologia.ufpr.br\/lahurb\/wp-content\/uploads\/sites\/31\/2018\/08\/Figura-59-Usos-dia.pdf\" target=\"_blank\" rel=\"attachment wp-att-1394 noopener\">Figura 59 &#8211; Usos dia<\/a><\/p>\n<p><a href=\"https:\/\/tecnologia.ufpr.br\/lahurb\/wp-content\/uploads\/sites\/31\/2018\/08\/Figura-60-Usos-noite.pdf\" target=\"_blank\" rel=\"attachment wp-att-1395 noopener\">Figura 60 &#8211; Usos noite<\/a><\/p>\n<p><a href=\"https:\/\/tecnologia.ufpr.br\/lahurb\/wp-content\/uploads\/sites\/31\/2018\/08\/Figura-70-%C3%81reas-de-interesse-de-patrim%C3%B4nio.pdf\" target=\"_blank\" rel=\"attachment wp-att-1396 noopener\">Figura 70 &#8211; \u00c1reas de interesse de patrim\u00f4nio<\/a><\/p>\n<p><a href=\"https:\/\/tecnologia.ufpr.br\/lahurb\/wp-content\/uploads\/sites\/31\/2018\/08\/Figura-73-Localiza%C3%A7%C3%A3o-de-parques-e-pra%C3%A7as.pdf\" target=\"_blank\" rel=\"attachment wp-att-1397 noopener\">Figura 73 &#8211; Localiza\u00e7\u00e3o de parques e pra\u00e7as<\/a><\/p>\n<p><a href=\"https:\/\/tecnologia.ufpr.br\/lahurb\/wp-content\/uploads\/sites\/31\/2018\/08\/Figura-83-Incid%C3%AAncia-de-apartamentos.pdf\" target=\"_blank\" rel=\"attachment wp-att-1398 noopener\">Figura 83 &#8211; Incid\u00eancia de apartamentos<\/a><\/p>\n<p><a href=\"https:\/\/tecnologia.ufpr.br\/lahurb\/wp-content\/uploads\/sites\/31\/2018\/08\/Figura-84-S%C3%ADntese-da-an%C3%A1lise.pdf\" target=\"_blank\" rel=\"attachment wp-att-1399 noopener\">Figura 84 &#8211; S\u00edntese da an\u00e1lise<\/a><\/p>\n","protected":false},"excerpt":{"rendered":"<p>Requalifica\u00e7\u00e3o urbana do Centro de Curitiba &#8211; PR Figura 49 &#8211; \u00c1reas degradadas Figura 53 &#8211; Hierarquia de vias Figura 54 &#8211; Linhas e concentra\u00e7\u00e3o de pontos de \u00f4nibus Figura 57 &#8211; Equipamentos de uso coletivo Figura 59 &#8211; Usos dia Figura 60 &#8211; Usos noite Figura 70 &#8211; \u00c1reas de interesse de patrim\u00f4nio Figura [&hellip;]<\/p>\n","protected":false},"author":1047,"featured_media":0,"parent":0,"menu_order":0,"comment_status":"closed","ping_status":"closed","template":"","meta":{"footnotes":""},"_links":{"self":[{"href":"https:\/\/tecnologia.ufpr.br\/lahurb\/wp-json\/wp\/v2\/pages\/1386"}],"collection":[{"href":"https:\/\/tecnologia.ufpr.br\/lahurb\/wp-json\/wp\/v2\/pages"}],"about":[{"href":"https:\/\/tecnologia.ufpr.br\/lahurb\/wp-json\/wp\/v2\/types\/page"}],"author":[{"embeddable":true,"href":"https:\/\/tecnologia.ufpr.br\/lahurb\/wp-json\/wp\/v2\/users\/1047"}],"replies":[{"embeddable":true,"href":"https:\/\/tecnologia.ufpr.br\/lahurb\/wp-json\/wp\/v2\/comments?post=1386"}],"version-history":[{"count":7,"href":"https:\/\/tecnologia.ufpr.br\/lahurb\/wp-json\/wp\/v2\/pages\/1386\/revisions"}],"predecessor-version":[{"id":2056,"href":"https:\/\/tecnologia.ufpr.br\/lahurb\/wp-json\/wp\/v2\/pages\/1386\/revisions\/2056"}],"wp:attachment":[{"href":"https:\/\/tecnologia.ufpr.br\/lahurb\/wp-json\/wp\/v2\/media?parent=1386"}],"curies":[{"name":"wp","href":"https:\/\/api.w.org\/{rel}","templated":true}]}}

Requalificação urbana do centro de Curitiba &#8211; PR &#8211; MONOGRAFIA

<p><a href="https://tecnologia.ufpr.br/lahurb/wp-content/uploads/sites/31/2018/08/Requalifica%C3%A7%C3%A3o-urbana-do-Centro-de-Curitiba-PR.compressed.pdf" target="_blank" rel="attachment wp-att-1389 noopener">Requalificação urbana do Centro de Curitiba &#8211; PR</a></p>
<p><a href="https://tecnologia.ufpr.br/lahurb/wp-content/uploads/sites/31/2018/08/Figura-49-%C3%81reas-degradadas.pdf" target="_blank" rel="attachment wp-att-1390 noopener">Figura 49 &#8211; Áreas degradadas</a></p>
<p><a href="https://tecnologia.ufpr.br/lahurb/wp-content/uploads/sites/31/2018/08/Figura-53-Hierarquia-de-vias.pdf" target="_blank" rel="attachment wp-att-1391 noopener">Figura 53 &#8211; Hierarquia de vias</a></p>
<p><a href="https://tecnologia.ufpr.br/lahurb/wp-content/uploads/sites/31/2018/08/Figura-54-Linhas-e-concentra%C3%A7%C3%A3o-de-pontos-de-%C3%B4nibus.pdf" target="_blank" rel="attachment wp-att-1392 noopener">Figura 54 &#8211; Linhas e concentração de pontos de ônibus</a></p>
<p><a href="https://tecnologia.ufpr.br/lahurb/wp-content/uploads/sites/31/2018/08/Figura-57-Equipamentos-de-uso-coletivo.pdf" target="_blank" rel="attachment wp-att-1393 noopener">Figura 57 &#8211; Equipamentos de uso coletivo</a></p>
<p><a href="https://tecnologia.ufpr.br/lahurb/wp-content/uploads/sites/31/2018/08/Figura-59-Usos-dia.pdf" target="_blank" rel="attachment wp-att-1394 noopener">Figura 59 &#8211; Usos dia</a></p>
<p><a href="https://tecnologia.ufpr.br/lahurb/wp-content/uploads/sites/31/2018/08/Figura-60-Usos-noite.pdf" target="_blank" rel="attachment wp-att-1395 noopener">Figura 60 &#8211; Usos noite</a></p>
<p><a href="https://tecnologia.ufpr.br/lahurb/wp-content/uploads/sites/31/2018/08/Figura-70-%C3%81reas-de-interesse-de-patrim%C3%B4nio.pdf" target="_blank" rel="attachment wp-att-1396 noopener">Figura 70 &#8211; Áreas de interesse de patrimônio</a></p>
<p><a href="https://tecnologia.ufpr.br/lahurb/wp-content/uploads/sites/31/2018/08/Figura-73-Localiza%C3%A7%C3%A3o-de-parques-e-pra%C3%A7as.pdf" target="_blank" rel="attachment wp-att-1397 noopener">Figura 73 &#8211; Localização de parques e praças</a></p>
<p><a href="https://tecnologia.ufpr.br/lahurb/wp-content/uploads/sites/31/2018/08/Figura-83-Incid%C3%AAncia-de-apartamentos.pdf" target="_blank" rel="attachment wp-att-1398 noopener">Figura 83 &#8211; Incidência de apartamentos</a></p>
<p><a href="https://tecnologia.ufpr.br/lahurb/wp-content/uploads/sites/31/2018/08/Figura-84-S%C3%ADntese-da-an%C3%A1lise.pdf" target="_blank" rel="attachment wp-att-1399 noopener">Figura 84 &#8211; Síntese da análise</a></p>

<p>Requalificação urbana do Centro de Curitiba &#8211; PR Figura 49 &#8211; Áreas degradadas Figura 53 &#8211; Hierarquia de vias Figura 54 &#8211; Linhas e concentração de pontos de ônibus Figura 57 &#8211; Equipamentos de uso coletivo Figura 59 &#8211; Usos dia Figura 60 &#8211; Usos noite Figura 70 &#8211; Áreas de interesse de patrimônio Figura [&hellip;]</p>
