{"id":1357,"date":"2018-08-13T11:45:18","date_gmt":"2018-08-13T14:45:18","guid":{"rendered":"https:\/\/tecnologia.ufpr.br\/lahurb\/?page_id=1357"},"modified":"2019-06-24T23:01:42","modified_gmt":"2019-06-25T02:01:42","slug":"moradia-social-na-metropole-de-curitiba-uma-proposta-de-reurbanizacao-para-a-ocupacao-irregular-bonfim-almirante-tamandare","status":"publish","type":"page","link":"https:\/\/tecnologia.ufpr.br\/lahurb\/moradia-social-na-metropole-de-curitiba-uma-proposta-de-reurbanizacao-para-a-ocupacao-irregular-bonfim-almirante-tamandare\/","title":{"rendered":"Moradia social na metr\u00f3pole de Curitiba &#8211; Uma proposta de reurbaniza\u00e7\u00e3o para a ocupa\u00e7\u00e3o irregular Bonfim &#8211; Almirante Tamandar\u00e9 &#8211; TFG"},"content":{"rendered":"<p><a href=\"https:\/\/tecnologia.ufpr.br\/lahurb\/wp-content\/uploads\/sites\/31\/2018\/08\/prancha-1.pdf\" target=\"_blank\" rel=\"attachment wp-att-1360 noopener\">prancha 1<\/a><\/p>\n<p><a href=\"https:\/\/tecnologia.ufpr.br\/lahurb\/wp-content\/uploads\/sites\/31\/2018\/08\/prancha-2.compressed.pdf\" target=\"_blank\" rel=\"attachment wp-att-1368 noopener\">prancha 2<\/a><\/p>\n<p><a href=\"https:\/\/tecnologia.ufpr.br\/lahurb\/wp-content\/uploads\/sites\/31\/2018\/08\/prancha-3.pdf\" target=\"_blank\" rel=\"attachment wp-att-1361 noopener\">prancha 3<\/a><\/p>\n<p><a href=\"https:\/\/tecnologia.ufpr.br\/lahurb\/wp-content\/uploads\/sites\/31\/2018\/08\/prancha-4.pdf\" target=\"_blank\" rel=\"attachment wp-att-1362 noopener\">prancha 4<\/a><\/p>\n<p><a href=\"https:\/\/tecnologia.ufpr.br\/lahurb\/wp-content\/uploads\/sites\/31\/2018\/08\/prancha-5.pdf\" target=\"_blank\" rel=\"attachment wp-att-1363 noopener\">prancha 5<\/a><\/p>\n<p><a href=\"https:\/\/tecnologia.ufpr.br\/lahurb\/wp-content\/uploads\/sites\/31\/2018\/08\/prancha-6.pdf\" target=\"_blank\" rel=\"attachment wp-att-1364 noopener\">prancha 6<\/a><\/p>\n<p><a href=\"https:\/\/tecnologia.ufpr.br\/lahurb\/wp-content\/uploads\/sites\/31\/2018\/08\/prancha-7.pdf\" target=\"_blank\" rel=\"attachment wp-att-1365 noopener\">prancha 7<\/a><\/p>\n","protected":false},"excerpt":{"rendered":"<p>prancha 1 prancha 2 prancha 3 prancha 4 prancha 5 prancha 6 prancha 7<\/p>\n","protected":false},"author":1047,"featured_media":0,"parent":0,"menu_order":0,"comment_status":"closed","ping_status":"closed","template":"","meta":{"footnotes":""},"_links":{"self":[{"href":"https:\/\/tecnologia.ufpr.br\/lahurb\/wp-json\/wp\/v2\/pages\/1357"}],"collection":[{"href":"https:\/\/tecnologia.ufpr.br\/lahurb\/wp-json\/wp\/v2\/pages"}],"about":[{"href":"https:\/\/tecnologia.ufpr.br\/lahurb\/wp-json\/wp\/v2\/types\/page"}],"author":[{"embeddable":true,"href":"https:\/\/tecnologia.ufpr.br\/lahurb\/wp-json\/wp\/v2\/users\/1047"}],"replies":[{"embeddable":true,"href":"https:\/\/tecnologia.ufpr.br\/lahurb\/wp-json\/wp\/v2\/comments?post=1357"}],"version-history":[{"count":8,"href":"https:\/\/tecnologia.ufpr.br\/lahurb\/wp-json\/wp\/v2\/pages\/1357\/revisions"}],"predecessor-version":[{"id":2377,"href":"https:\/\/tecnologia.ufpr.br\/lahurb\/wp-json\/wp\/v2\/pages\/1357\/revisions\/2377"}],"wp:attachment":[{"href":"https:\/\/tecnologia.ufpr.br\/lahurb\/wp-json\/wp\/v2\/media?parent=1357"}],"curies":[{"name":"wp","href":"https:\/\/api.w.org\/{rel}","templated":true}]}}