{"id":10,"date":"2023-02-06T17:44:33","date_gmt":"2023-02-06T20:44:33","guid":{"rendered":"https:\/\/tecnologia.ufpr.br\/laberg\/?page_id=10"},"modified":"2024-06-18T14:27:06","modified_gmt":"2024-06-18T17:27:06","slug":"historico","status":"publish","type":"page","link":"https:\/\/tecnologia.ufpr.br\/laberg\/historico\/","title":{"rendered":"Hist\u00f3rico"},"content":{"rendered":"<p style=\"text-align: justify\">O grupo de Ergonomia da UFPR \u00e9 um grupo de pesquisa multidisciplinar que tem procurado desenvolver pesquisas relativas as interfaces do sistema humano\/tecnol\u00f3gico voltadas ao setor industrial. Os principais objetivos do Grupo de Pesquisa em Ergonomia \u00e9 a aplica\u00e7\u00e3o de t\u00e9cnicas e m\u00e9todos de avalia\u00e7\u00e3o ergon\u00f4mica atrav\u00e9s de software de simula\u00e7\u00e3o voltados a produtos e processos industriais.<\/p>\n<p style=\"text-align: justify\">O grupo de pesquisa tem centrado esfor\u00e7os nas seguintes \u00e1reas: Simula\u00e7\u00e3o humana, Usabilidade de produtos, An\u00e1lise da atividade de trabalho e Engenharia de produto. As linhas contam com alunos de doutorado e mestrado, alunos de inicia\u00e7\u00e3o cient\u00edfica e profissionais volunt\u00e1rios de diversas \u00e1reas (engenharia, design e profissionais de sa\u00fade).<\/p>\n<p style=\"text-align: justify\">O grupo de pesquisa j\u00e1 conta com uma boa publica\u00e7\u00e3o de artigos cient\u00edficos em congressos nacionais e internacionais. Vem trabalhando na montagem e alabora\u00e7\u00e3o de material t\u00e9cnico did\u00e1tico para a difus\u00e3o dos m\u00f3dulos de ergonomia do software Catia. Est\u00e3o sendo desenvolvidos v\u00e1rios trabalhos de disserta\u00e7\u00e3o de mestrado, trabalhos de gradua\u00e7\u00e3o e de inicia\u00e7\u00e3o cient\u00edfica neste grupo de Pesquisa.<\/p>\n<p><a href=\"https:\/\/tecnologia.ufpr.br\/laberg\/historico-de-projetos-de-pesquisa-desenvolvidos-pelo-laberg\/\">Clique aqui para acessar o hist\u00f3rico de Projetos de Pesquisa j\u00e1 desenvolvidos pelo Laberg<\/a><\/p>\n\n\n<p><\/p>\n\n\n\n<p><\/p>\n","protected":false},"excerpt":{"rendered":"<p>O grupo de Ergonomia da UFPR \u00e9 um grupo de pesquisa multidisciplinar que tem procurado desenvolver pesquisas relativas as interfaces do sistema humano\/tecnol\u00f3gico voltadas ao setor industrial. Os principais objetivos do Grupo de Pesquisa em Ergonomia \u00e9 a aplica\u00e7\u00e3o de&#8230;<br \/><a class=\"read-more-button\" href=\"https:\/\/tecnologia.ufpr.br\/laberg\/historico\/\">Read more<\/a><\/p>\n","protected":false},"author":1096,"featured_media":0,"parent":0,"menu_order":0,"comment_status":"closed","ping_status":"closed","template":"","meta":{"footnotes":""},"_links":{"self":[{"href":"https:\/\/tecnologia.ufpr.br\/laberg\/wp-json\/wp\/v2\/pages\/10"}],"collection":[{"href":"https:\/\/tecnologia.ufpr.br\/laberg\/wp-json\/wp\/v2\/pages"}],"about":[{"href":"https:\/\/tecnologia.ufpr.br\/laberg\/wp-json\/wp\/v2\/types\/page"}],"author":[{"embeddable":true,"href":"https:\/\/tecnologia.ufpr.br\/laberg\/wp-json\/wp\/v2\/users\/1096"}],"replies":[{"embeddable":true,"href":"https:\/\/tecnologia.ufpr.br\/laberg\/wp-json\/wp\/v2\/comments?post=10"}],"version-history":[{"count":15,"href":"https:\/\/tecnologia.ufpr.br\/laberg\/wp-json\/wp\/v2\/pages\/10\/revisions"}],"predecessor-version":[{"id":327,"href":"https:\/\/tecnologia.ufpr.br\/laberg\/wp-json\/wp\/v2\/pages\/10\/revisions\/327"}],"wp:attachment":[{"href":"https:\/\/tecnologia.ufpr.br\/laberg\/wp-json\/wp\/v2\/media?parent=10"}],"curies":[{"name":"wp","href":"https:\/\/api.w.org\/{rel}","templated":true}]}}