{"id":860,"date":"2021-03-15T12:16:10","date_gmt":"2021-03-15T15:16:10","guid":{"rendered":"https:\/\/demec.ufpr.br\/gvibs\/?page_id=860"},"modified":"2025-10-21T16:47:41","modified_gmt":"2025-10-21T19:47:41","slug":"desenvolvimento-final-de-neutralizador-dinamico-viscoelastico-para-cabos-de-linhas-aereas","status":"publish","type":"page","link":"https:\/\/tecnologia.ufpr.br\/gvibs\/projetos\/desenvolvimento-final-de-neutralizador-dinamico-viscoelastico-para-cabos-de-linhas-aereas\/","title":{"rendered":"Desenvolvimento Final de Neutralizador Din\u00e2mico Viscoel\u00e1stico para Cabos de Linhas A\u00e9reas"},"content":{"rendered":"<p>Projeto \u00f3timo de um sistema de neutralizadores din\u00e2micos viscoel\u00e1sticos aplicados a cabos de linhas a\u00e9reas. Devido ao tipo de excita\u00e7\u00e3o (excita\u00e7\u00e3o e\u00f3lica), este controle \u00e9 fundamental para reduzir os n\u00edveis de vibra\u00e7\u00e3o e aumentar a vida \u00fatil da estrutura em estudo.<\/p>\n<p>Financiador: FINEP\/WETZEL S.A. (FINEP\/UFSC)<\/p>\n<p>Per\u00edodo: 2004-2007 (finalizado)<\/p>\n\n\n<figure class=\"wp-block-image size-large\"><img loading=\"lazy\" decoding=\"async\" width=\"1024\" height=\"576\" src=\"https:\/\/tecnologia.ufpr.br\/gvibs\/wp-content\/uploads\/sites\/63\/2025\/10\/neutra-linhas-1024x576.jpeg\" alt=\"\" class=\"wp-image-1515\" srcset=\"https:\/\/tecnologia.ufpr.br\/gvibs\/wp-content\/uploads\/sites\/63\/2025\/10\/neutra-linhas-1024x576.jpeg 1024w, https:\/\/tecnologia.ufpr.br\/gvibs\/wp-content\/uploads\/sites\/63\/2025\/10\/neutra-linhas-300x169.jpeg 300w, https:\/\/tecnologia.ufpr.br\/gvibs\/wp-content\/uploads\/sites\/63\/2025\/10\/neutra-linhas-768x432.jpeg 768w, https:\/\/tecnologia.ufpr.br\/gvibs\/wp-content\/uploads\/sites\/63\/2025\/10\/neutra-linhas-18x10.jpeg 18w, https:\/\/tecnologia.ufpr.br\/gvibs\/wp-content\/uploads\/sites\/63\/2025\/10\/neutra-linhas-175x98.jpeg 175w, https:\/\/tecnologia.ufpr.br\/gvibs\/wp-content\/uploads\/sites\/63\/2025\/10\/neutra-linhas-75x42.jpeg 75w, https:\/\/tecnologia.ufpr.br\/gvibs\/wp-content\/uploads\/sites\/63\/2025\/10\/neutra-linhas.jpeg 1152w\" sizes=\"(max-width: 1024px) 100vw, 1024px\" \/><\/figure>\n","protected":false},"excerpt":{"rendered":"<p>Projeto \u00f3timo de um sistema de neutralizadores din\u00e2micos viscoel\u00e1sticos aplicados a cabos de linhas a\u00e9reas. Devido ao tipo de excita\u00e7\u00e3o (excita\u00e7\u00e3o e\u00f3lica), este controle \u00e9 [&hellip;]<\/p>\n","protected":false},"author":1113,"featured_media":0,"parent":28,"menu_order":0,"comment_status":"closed","ping_status":"closed","template":"","meta":{"footnotes":""},"_links":{"self":[{"href":"https:\/\/tecnologia.ufpr.br\/gvibs\/wp-json\/wp\/v2\/pages\/860"}],"collection":[{"href":"https:\/\/tecnologia.ufpr.br\/gvibs\/wp-json\/wp\/v2\/pages"}],"about":[{"href":"https:\/\/tecnologia.ufpr.br\/gvibs\/wp-json\/wp\/v2\/types\/page"}],"author":[{"embeddable":true,"href":"https:\/\/tecnologia.ufpr.br\/gvibs\/wp-json\/wp\/v2\/users\/1113"}],"replies":[{"embeddable":true,"href":"https:\/\/tecnologia.ufpr.br\/gvibs\/wp-json\/wp\/v2\/comments?post=860"}],"version-history":[{"count":3,"href":"https:\/\/tecnologia.ufpr.br\/gvibs\/wp-json\/wp\/v2\/pages\/860\/revisions"}],"predecessor-version":[{"id":1517,"href":"https:\/\/tecnologia.ufpr.br\/gvibs\/wp-json\/wp\/v2\/pages\/860\/revisions\/1517"}],"up":[{"embeddable":true,"href":"https:\/\/tecnologia.ufpr.br\/gvibs\/wp-json\/wp\/v2\/pages\/28"}],"wp:attachment":[{"href":"https:\/\/tecnologia.ufpr.br\/gvibs\/wp-json\/wp\/v2\/media?parent=860"}],"curies":[{"name":"wp","href":"https:\/\/api.w.org\/{rel}","templated":true}]}}