{"id":1288,"date":"2024-09-04T13:47:02","date_gmt":"2024-09-04T16:47:02","guid":{"rendered":"https:\/\/tecnologia.ufpr.br\/gvibs\/?page_id=1288"},"modified":"2025-09-30T12:59:31","modified_gmt":"2025-09-30T15:59:31","slug":"laboratorio-de-monitoramento-e-controle","status":"publish","type":"page","link":"https:\/\/tecnologia.ufpr.br\/gvibs\/pagina-exemplo-2\/laboratorios\/laboratorio-de-monitoramento-e-controle\/","title":{"rendered":"LAMOC"},"content":{"rendered":"\n<p><\/p>\n\n\n\n<figure class=\"wp-block-image size-large\"><img loading=\"lazy\" decoding=\"async\" width=\"1024\" height=\"295\" src=\"https:\/\/tecnologia.ufpr.br\/gvibs\/wp-content\/uploads\/sites\/63\/2025\/09\/lamoc_horizontal-1024x295.png\" alt=\"\" class=\"wp-image-1414\" srcset=\"https:\/\/tecnologia.ufpr.br\/gvibs\/wp-content\/uploads\/sites\/63\/2025\/09\/lamoc_horizontal-1024x295.png 1024w, https:\/\/tecnologia.ufpr.br\/gvibs\/wp-content\/uploads\/sites\/63\/2025\/09\/lamoc_horizontal-300x86.png 300w, https:\/\/tecnologia.ufpr.br\/gvibs\/wp-content\/uploads\/sites\/63\/2025\/09\/lamoc_horizontal-768x221.png 768w, https:\/\/tecnologia.ufpr.br\/gvibs\/wp-content\/uploads\/sites\/63\/2025\/09\/lamoc_horizontal-1536x443.png 1536w, https:\/\/tecnologia.ufpr.br\/gvibs\/wp-content\/uploads\/sites\/63\/2025\/09\/lamoc_horizontal-2048x590.png 2048w, https:\/\/tecnologia.ufpr.br\/gvibs\/wp-content\/uploads\/sites\/63\/2025\/09\/lamoc_horizontal-18x5.png 18w, https:\/\/tecnologia.ufpr.br\/gvibs\/wp-content\/uploads\/sites\/63\/2025\/09\/lamoc_horizontal-175x50.png 175w, https:\/\/tecnologia.ufpr.br\/gvibs\/wp-content\/uploads\/sites\/63\/2025\/09\/lamoc_horizontal-75x22.png 75w\" sizes=\"(max-width: 1024px) 100vw, 1024px\" \/><\/figure>\n\n\n\n<p>Este laborat\u00f3rio foi criado em 2023, pela professora Giuliana Sardi Venter. Nele, s\u00e3o desenvolvidas pesquisas visando o monitoramento da integridade de estruturas mec\u00e2nicas e mecatr\u00f4nicas modelamento e controle de sistemas mecatr\u00f4nicos. S\u00e3o utilizadas t\u00e9cnicas anal\u00edticas, de aprendizagem de m\u00e1quina e redes neurais profundas, bem como a integra\u00e7\u00e3o destas t\u00e9cnicas por meio de aprendizagem de m\u00e1quinas baseadas na f\u00edsica e g\u00eameos digitais. Este laborat\u00f3rio serve de apoio tanto as pesquisas do grupo GVIBS quanto ao ensino na gradua\u00e7\u00e3o (DEMEC) e p\u00f3s gradua\u00e7\u00e3o (PGMEC).<\/p>\n\n\n\n<figure class=\"wp-block-gallery has-nested-images columns-default is-cropped wp-block-gallery-1 is-layout-flex wp-block-gallery-is-layout-flex\"><\/figure>\n","protected":false},"excerpt":{"rendered":"<p>Este laborat\u00f3rio foi criado em 2023, pela professora Giuliana Sardi Venter. Nele, s\u00e3o desenvolvidas pesquisas visando o monitoramento da integridade de estruturas mec\u00e2nicas e mecatr\u00f4nicas [&hellip;]<\/p>\n","protected":false},"author":1113,"featured_media":0,"parent":52,"menu_order":0,"comment_status":"closed","ping_status":"closed","template":"","meta":{"footnotes":""},"_links":{"self":[{"href":"https:\/\/tecnologia.ufpr.br\/gvibs\/wp-json\/wp\/v2\/pages\/1288"}],"collection":[{"href":"https:\/\/tecnologia.ufpr.br\/gvibs\/wp-json\/wp\/v2\/pages"}],"about":[{"href":"https:\/\/tecnologia.ufpr.br\/gvibs\/wp-json\/wp\/v2\/types\/page"}],"author":[{"embeddable":true,"href":"https:\/\/tecnologia.ufpr.br\/gvibs\/wp-json\/wp\/v2\/users\/1113"}],"replies":[{"embeddable":true,"href":"https:\/\/tecnologia.ufpr.br\/gvibs\/wp-json\/wp\/v2\/comments?post=1288"}],"version-history":[{"count":4,"href":"https:\/\/tecnologia.ufpr.br\/gvibs\/wp-json\/wp\/v2\/pages\/1288\/revisions"}],"predecessor-version":[{"id":1415,"href":"https:\/\/tecnologia.ufpr.br\/gvibs\/wp-json\/wp\/v2\/pages\/1288\/revisions\/1415"}],"up":[{"embeddable":true,"href":"https:\/\/tecnologia.ufpr.br\/gvibs\/wp-json\/wp\/v2\/pages\/52"}],"wp:attachment":[{"href":"https:\/\/tecnologia.ufpr.br\/gvibs\/wp-json\/wp\/v2\/media?parent=1288"}],"curies":[{"name":"wp","href":"https:\/\/api.w.org\/{rel}","templated":true}]}}

<p></p>



<figure class="wp-block-image size-large"><img loading="lazy" decoding="async" width="1024" height="295" src="https://tecnologia.ufpr.br/gvibs/wp-content/uploads/sites/63/2025/09/lamoc_horizontal-1024x295.png" alt="" class="wp-image-1414" srcset="https://tecnologia.ufpr.br/gvibs/wp-content/uploads/sites/63/2025/09/lamoc_horizontal-1024x295.png 1024w, https://tecnologia.ufpr.br/gvibs/wp-content/uploads/sites/63/2025/09/lamoc_horizontal-300x86.png 300w, https://tecnologia.ufpr.br/gvibs/wp-content/uploads/sites/63/2025/09/lamoc_horizontal-768x221.png 768w, https://tecnologia.ufpr.br/gvibs/wp-content/uploads/sites/63/2025/09/lamoc_horizontal-1536x443.png 1536w, https://tecnologia.ufpr.br/gvibs/wp-content/uploads/sites/63/2025/09/lamoc_horizontal-2048x590.png 2048w, https://tecnologia.ufpr.br/gvibs/wp-content/uploads/sites/63/2025/09/lamoc_horizontal-18x5.png 18w, https://tecnologia.ufpr.br/gvibs/wp-content/uploads/sites/63/2025/09/lamoc_horizontal-175x50.png 175w, https://tecnologia.ufpr.br/gvibs/wp-content/uploads/sites/63/2025/09/lamoc_horizontal-75x22.png 75w" sizes="(max-width: 1024px) 100vw, 1024px" /></figure>



<p>Este laboratório foi criado em 2023, pela professora Giuliana Sardi Venter. Nele, são desenvolvidas pesquisas visando o monitoramento da integridade de estruturas mecânicas e mecatrônicas modelamento e controle de sistemas mecatrônicos. São utilizadas técnicas analíticas, de aprendizagem de máquina e redes neurais profundas, bem como a integração destas técnicas por meio de aprendizagem de máquinas baseadas na física e gêmeos digitais. Este laboratório serve de apoio tanto as pesquisas do grupo GVIBS quanto ao ensino na graduação (DEMEC) e pós graduação (PGMEC).</p>



<figure class="wp-block-gallery has-nested-images columns-default is-cropped wp-block-gallery-1 is-layout-flex wp-block-gallery-is-layout-flex"></figure>

<p>Este laboratório foi criado em 2023, pela professora Giuliana Sardi Venter. Nele, são desenvolvidas pesquisas visando o monitoramento da integridade de estruturas mecânicas e mecatrônicas [&hellip;]</p>
