{"id":478,"date":"2021-11-09T16:18:30","date_gmt":"2021-11-09T19:18:30","guid":{"rendered":"https:\/\/tecnologia.ufpr.br\/dhs\/?page_id=478"},"modified":"2023-04-03T12:43:59","modified_gmt":"2023-04-03T15:43:59","slug":"avisos","status":"publish","type":"page","link":"https:\/\/tecnologia.ufpr.br\/dhs\/","title":{"rendered":"Bem-vindo(a) ao DHS"},"content":{"rendered":"\n<p>O Departamento de Hidr\u00e1ulica e Saneamento (DHS) insere-se no Setor de Tecnologia da Universidade Federal do Paran\u00e1. O DHS oferta disciplinas para os cursos de gradua\u00e7\u00e3o em Engenharia Civil, Engenharia de Produ\u00e7\u00e3o, Engenharia El\u00e9trica, Engenharia Cartogr\u00e1fica, Engenharia Ambiental, e Arquitetura e Urbanismo, e tamb\u00e9m atua no Programa de P\u00f3s-gradua\u00e7\u00e3o em Engenharia de Recursos H\u00eddricos e Ambiental.<\/p>\n\n\n\n<div style=\"height:146px\" aria-hidden=\"true\" class=\"wp-block-spacer\"><\/div>\n\n\n\n<div class=\"wp-block-group\"><div class=\"wp-block-group__inner-container is-layout-flow wp-block-group-is-layout-flow\">\n<p class=\"has-normal-font-size\"><strong>Endere\u00e7o:<\/strong> Centro Polit\u00e9cnico &#8211; Jardim das Am\u00e9ricas<\/p>\n\n\n\n<p class=\"has-normal-font-size\">Rua Francisco H. dos Santos, n.\u00ba 100<\/p>\n\n\n\n<p class=\"has-normal-font-size\">CEP: 81531-000 &#8211; Curitiba &#8211; PR<\/p>\n\n\n\n<p class=\"has-normal-font-size\"><strong>Telefone:<\/strong> +55 (41) 3361-3142<\/p>\n\n\n\n<p class=\"has-normal-font-size\"><strong>E-mail:<\/strong> dhs@ufpr.br<\/p>\n<\/div><\/div>\n","protected":false},"excerpt":{"rendered":"<p>O Departamento de Hidr\u00e1ulica e Saneamento (DHS) insere-se no Setor de Tecnologia da Universidade Federal do Paran\u00e1. O DHS oferta disciplinas para os cursos de gradua\u00e7\u00e3o em Engenharia Civil, Engenharia de Produ\u00e7\u00e3o, Engenharia El\u00e9trica, Engenharia Cartogr\u00e1fica, Engenharia Ambiental, e Arquitetura e Urbanismo, e tamb\u00e9m atua no Programa de P\u00f3s-gradua\u00e7\u00e3o em Engenharia de Recursos H\u00eddricos e [&hellip;]<\/p>\n","protected":false},"author":1076,"featured_media":0,"parent":0,"menu_order":0,"comment_status":"closed","ping_status":"closed","template":"","meta":{"footnotes":""},"_links":{"self":[{"href":"https:\/\/tecnologia.ufpr.br\/dhs\/wp-json\/wp\/v2\/pages\/478"}],"collection":[{"href":"https:\/\/tecnologia.ufpr.br\/dhs\/wp-json\/wp\/v2\/pages"}],"about":[{"href":"https:\/\/tecnologia.ufpr.br\/dhs\/wp-json\/wp\/v2\/types\/page"}],"author":[{"embeddable":true,"href":"https:\/\/tecnologia.ufpr.br\/dhs\/wp-json\/wp\/v2\/users\/1076"}],"replies":[{"embeddable":true,"href":"https:\/\/tecnologia.ufpr.br\/dhs\/wp-json\/wp\/v2\/comments?post=478"}],"version-history":[{"count":84,"href":"https:\/\/tecnologia.ufpr.br\/dhs\/wp-json\/wp\/v2\/pages\/478\/revisions"}],"predecessor-version":[{"id":926,"href":"https:\/\/tecnologia.ufpr.br\/dhs\/wp-json\/wp\/v2\/pages\/478\/revisions\/926"}],"wp:attachment":[{"href":"https:\/\/tecnologia.ufpr.br\/dhs\/wp-json\/wp\/v2\/media?parent=478"}],"curies":[{"name":"wp","href":"https:\/\/api.w.org\/{rel}","templated":true}]}}