{"id":12,"date":"2017-08-25T14:18:20","date_gmt":"2017-08-25T14:18:20","guid":{"rendered":"https:\/\/tecnologia.ufpr.br\/cieg\/?page_id=12"},"modified":"2017-09-05T15:35:17","modified_gmt":"2017-09-05T15:35:17","slug":"historico","status":"publish","type":"page","link":"https:\/\/tecnologia.ufpr.br\/cieg\/historico\/","title":{"rendered":"LOCALIZA\u00c7\u00c3O"},"content":{"rendered":"<header class=\"entry-header\">\n<h1 class=\"entry-title\">LOCALIZA\u00c7\u00c3O<\/h1>\n<\/header>\n<div class=\"entry-content\">\n<p>UFPR \u2013 Campus Centro Polit\u00e9cnico<\/p>\n<p>Av. Cel. Francisco H. dos Santos, 210 \u2013 Bairro Jardim das Am\u00e9ricas \/ Curitiba \u2013 PR \/ CEP 81.530-900<\/p>\n<p>Edif\u00edcio da Administra\u00e7\u00e3o, 1\u00ba andar<\/p>\n<p><a title=\"Centro Polit\u00e9cnico UFPR\" href=\"http:\/\/goo.gl\/maps\/gDRAQ\" target=\"_blank\"><strong>No Google Map:<\/strong>\u00a0http:\/\/goo.gl\/maps\/gDRAQ<\/a><\/p>\n<div class=\"googlemaps\"><\/div>\n<\/div>\n","protected":false},"excerpt":{"rendered":"<p>LOCALIZA\u00c7\u00c3O UFPR \u2013 Campus Centro Polit\u00e9cnico Av. Cel. Francisco H. dos Santos, 210 \u2013 Bairro Jardim das Am\u00e9ricas \/ Curitiba \u2013 PR \/ CEP 81.530-900 Edif\u00edcio da Administra\u00e7\u00e3o, 1\u00ba andar No Google Map:\u00a0http:\/\/goo.gl\/maps\/gDRAQ<\/p>\n","protected":false},"author":1046,"featured_media":0,"parent":0,"menu_order":0,"comment_status":"closed","ping_status":"closed","template":"","meta":{"footnotes":""},"_links":{"self":[{"href":"https:\/\/tecnologia.ufpr.br\/cieg\/wp-json\/wp\/v2\/pages\/12"}],"collection":[{"href":"https:\/\/tecnologia.ufpr.br\/cieg\/wp-json\/wp\/v2\/pages"}],"about":[{"href":"https:\/\/tecnologia.ufpr.br\/cieg\/wp-json\/wp\/v2\/types\/page"}],"author":[{"embeddable":true,"href":"https:\/\/tecnologia.ufpr.br\/cieg\/wp-json\/wp\/v2\/users\/1046"}],"replies":[{"embeddable":true,"href":"https:\/\/tecnologia.ufpr.br\/cieg\/wp-json\/wp\/v2\/comments?post=12"}],"version-history":[{"count":4,"href":"https:\/\/tecnologia.ufpr.br\/cieg\/wp-json\/wp\/v2\/pages\/12\/revisions"}],"predecessor-version":[{"id":28,"href":"https:\/\/tecnologia.ufpr.br\/cieg\/wp-json\/wp\/v2\/pages\/12\/revisions\/28"}],"wp:attachment":[{"href":"https:\/\/tecnologia.ufpr.br\/cieg\/wp-json\/wp\/v2\/media?parent=12"}],"curies":[{"name":"wp","href":"https:\/\/api.w.org\/{rel}","templated":true}]}}