{"id":92,"date":"2020-05-05T23:51:20","date_gmt":"2020-05-06T02:51:20","guid":{"rendered":"https:\/\/tecnologia.ufpr.br\/ceppur\/?page_id=92"},"modified":"2021-09-15T14:14:44","modified_gmt":"2021-09-15T17:14:44","slug":"artigos-em-congressos","status":"publish","type":"page","link":"https:\/\/tecnologia.ufpr.br\/ceppur\/artigos-em-congressos\/","title":{"rendered":"Artigos em Congressos"},"content":{"rendered":"\n<p>AMANCIO, E. C. ; GADDA, T. M. C. ;&nbsp;BASTOS, J. T. An\u00e1lise da influ\u00eancia de dispositivos de fiscaliza\u00e7\u00e3o eletr\u00f4nica de velocidade em contexto urbano no comportamento do condutor. In: XVII Rio de Transportes, 2020, Rio de Janeiro. Anais do XVII Rio de Transportes, 2020.<\/p>\n\n\n\n<p>BORGUEZANI, J. R. ; SANTOS, P. A. B. ; OSORIO, F. S. ;&nbsp;BASTOS, J. T. <a href=\"https:\/\/anpet.org.br\/anais34\/documentos\/2020\/Tr%C3%A1fego%20Urbano%20e%20Rodovi%C3%A1rio\/Seguran%C3%A7a%20Vi%C3%A1ria%20III\/5_332_CT.pdf\">Plataforma de coleta de dados natural\u00edsticos de seguran\u00e7a vi\u00e1ria<\/a>. In: 34\u00ba ANPET, 2020, Fortaleza. Anais do 34\u00ba Congresso da Associa\u00e7\u00e3o Nacional de Pesquisa e Ensino em Transportes, 2020.<\/p>\n\n\n\n<p>IGARASHI, A. V.; ROM\u00c3O, M. N. P. V.;&nbsp;BASTOS, J. T. <a href=\"https:\/\/eventos.ufpr.br\/stpr\/2stpr\/paper\/view\/4446\/953\">Levantamento de evid\u00eancias comportamentais de condutores utilizando grupos focais<\/a>. In: Simp\u00f3sio de Transportes do Paran\u00e1, 2020. p. 129.<\/p>\n\n\n\n<p>IGARASHI, A. V. ; BERNARDINIS, M. A. P. ; MACEDO, M. M. ; ROMAO, M. N. P. V. ;&nbsp;BASTOS, J. T.&nbsp;Motoristas de aplicativos de transporte: an\u00e1lise comportamental utilizando grupo focal. In: 34\u00ba ANPET, 2020, Fortaleza. Anais do 34\u00ba Congresso da Associa\u00e7\u00e3o Nacional de Pesquisa e Ensino em Transportes, 2020.<\/p>\n\n\n\n<p>RAMOS, J. G. V. S. ; LOPES, P. T. M. ; AMANCIO, E. C. ; BRANQUINHO, R. V. ;\u00a0BASTOS, J. T.\u00a0; GADDA, T. M. C. Velocidade e uso do telefone celular no tr\u00e2nsito: um estudo natural\u00edstico. In: 34\u00ba ANPET, 2020, Fortaleza. Anais do 34\u00ba Congresso da Associa\u00e7\u00e3o Nacional de Pesquisa e Ensino em Transportes, 2020.<\/p>\n\n\n\n<p>SANTOS, P. A. B. ; GARONCE, F. V. ;&nbsp;BASTOS, J. T.&nbsp;<a href=\"https:\/\/eventos.ufpr.br\/stpr\/2stpr\/paper\/view\/4327\/971\">Avalia\u00e7\u00e3o do conte\u00fado dos portais dos Departamentos Estaduais de Tr\u00e2nsito &#8211; DETRANs<\/a>. In: 2\u00ba Simp\u00f3sio de Transportes do Paran\u00e1, 2020, Curitiba. Anais do 2\u00ba Simp\u00f3sio de Transportes do Paran\u00e1, 2020.<\/p>\n\n\n\n<p>SOLEK, M. J. ; MARCUSSO, L. G. ; NERIS, D. F. ;&nbsp;BASTOS, J. T.&nbsp;; DOMINGOS, M. D. I. Viabilidade da substitui\u00e7\u00e3o de uma interse\u00e7\u00e3o semaforizada na cidade de Curitiba\/PR por uma turbo-rotat\u00f3ria. In: XVII Rio de Transportes, 2020, Rio de Janeiro. Anais do XVII Rio de Transportes, 2020.<\/p>\n\n\n\n<p>SUGUINOSHITA, M. C. ; VALEIXO, G. R. R. ; SANTOS, P. A. B. ;&nbsp;BASTOS, J. T.&nbsp; <a href=\"https:\/\/eventos.ufpr.br\/stpr\/2stpr\/paper\/view\/4449\/954\">Fatores determinantes para o excesso de velocidade em vias arteriais urbanas<\/a>. In: 2\u00ba Simp\u00f3sio de Transportes do Paran\u00e1, 2020, Curitiba. Anais do 2\u00ba Simp\u00f3sio de Transportes do Paran\u00e1, 2020.<\/p>\n\n\n\n<p>SZELIGA, R. A. ; CHAVES, B. H. S. ;&nbsp;BASTOS, J. T<strong>.<\/strong> <a href=\"https:\/\/eventos.ufpr.br\/stpr\/2stpr\/paper\/view\/4330\/972\">Impacto de curvas horizontais na varia\u00e7\u00e3o da velocidade instant\u00e2nea em cen\u00e1rio urbano<\/a>. In: 2\u00ba Simp\u00f3sio de Transportes do Paran\u00e1, 2020, Curitiba. Anais do 2\u00ba Simp\u00f3sio de Transportes do Paran\u00e1, 2020.<\/p>\n\n\n\n<p>BOSCO JUNIOR, A. D. ;&nbsp;BASTOS, J. T.; FARIA, J. R. V. Conflitos urbanos e seguran\u00e7a vi\u00e1ria em Curitiba e Regi\u00e3o Metropolitana. In: XXXII ANPET, 2018, Gramado, RS. Anais do XXXII Congresso da Associa\u00e7\u00e3o Nacional de Pesquisa e Ensino em Transportes, 2018.<\/p>\n\n\n\n<p>CALDEIRA, G. P. ;&nbsp;BASTOS, J. T. Planos de mobilidade urbana e a seguran\u00e7a vi\u00e1ria: uma an\u00e1lise das capitais brasileiras. In: XXXII ANPET, 2018, Gramado, RS. Anais do XXXII Congresso da Associa\u00e7\u00e3o Nacional de Pesquisa e Ensino em Transportes, 2018.<\/p>\n\n\n\n<p>CALDEIRA, G. P. ; BRANCO, B. P. S. ;&nbsp;BASTOS, J. T. <a href=\"http:\/\/dx.doi.org\/10.5380\/1stpr2018.artcomp11p111-119\">Diagn\u00f3stico da mortalidade de pedestres no Brasil<\/a>. In: Simp\u00f3sio de Transportes do Paran\u00e1, 2018. Anais do STPR. p. 111.<\/p>\n\n\n\n<p>CARACAS, A. C. ; BERNARDINIS, M. A. P. ;&nbsp;BASTOS, J. T. <a href=\"http:\/\/dx.doi.org\/10.5380\/1stpr2018.artcomp17p173-181\">Pesquisa de qualidade no transporte p\u00fablico de Curitiba: an\u00e1lises e considera\u00e7\u00f5es<\/a>. In: I Simp\u00f3sio de Transportes do Paran\u00e1, 2018, Curitiba. Anais do I Simp\u00f3sio de Transportes do Paran\u00e1, 2018.<\/p>\n\n\n\n<p>MOROZ, C. B. ;&nbsp;BASTOS, J. T.&nbsp;Spatial analysis and statistics of pedestrians injuries in Curitiba through a grid database. In: XIX Brazilian Symposium on Geoinformatics &#8211; GEOINFO 2018, 2018, Campina Grande, PB. Anais do XIX Brazilian Symposium on Geoinformatics &#8211; GEOINFO 2018, 2018.<\/p>\n\n\n\n<p>RIBEIRO, L. ; SOUSA, N. G.;&nbsp;BASTOS, J. T.; BRANCO, B. P. S. <a href=\"http:\/\/dx.doi.org\/10.5380\/1stpr2018.artcomp19p191-199\">Elabora\u00e7\u00e3o de uma ferramenta de autoavalia\u00e7\u00e3o da seguran\u00e7a vi\u00e1ria no setor p\u00fablico municipal<\/a>. In: Simp\u00f3sio de Transportes do Paran\u00e1, 2018. Anais do STPR. p. 191.<\/p>\n","protected":false},"excerpt":{"rendered":"<p>AMANCIO, E. C. ; GADDA, T. M. C. ;&nbsp;BASTOS, J. T. An\u00e1lise da influ\u00eancia de dispositivos de fiscaliza\u00e7\u00e3o eletr\u00f4nica de velocidade em contexto urbano no comportamento do condutor. In: XVII Rio de Transportes, 2020, Rio de Janeiro. Anais do XVII&#8230;<br \/><a class=\"read-more-button\" href=\"https:\/\/tecnologia.ufpr.br\/ceppur\/artigos-em-congressos\/\">Read more<\/a><\/p>\n","protected":false},"author":1071,"featured_media":0,"parent":0,"menu_order":0,"comment_status":"closed","ping_status":"closed","template":"","meta":{"footnotes":""},"_links":{"self":[{"href":"https:\/\/tecnologia.ufpr.br\/ceppur\/wp-json\/wp\/v2\/pages\/92"}],"collection":[{"href":"https:\/\/tecnologia.ufpr.br\/ceppur\/wp-json\/wp\/v2\/pages"}],"about":[{"href":"https:\/\/tecnologia.ufpr.br\/ceppur\/wp-json\/wp\/v2\/types\/page"}],"author":[{"embeddable":true,"href":"https:\/\/tecnologia.ufpr.br\/ceppur\/wp-json\/wp\/v2\/users\/1071"}],"replies":[{"embeddable":true,"href":"https:\/\/tecnologia.ufpr.br\/ceppur\/wp-json\/wp\/v2\/comments?post=92"}],"version-history":[{"count":12,"href":"https:\/\/tecnologia.ufpr.br\/ceppur\/wp-json\/wp\/v2\/pages\/92\/revisions"}],"predecessor-version":[{"id":569,"href":"https:\/\/tecnologia.ufpr.br\/ceppur\/wp-json\/wp\/v2\/pages\/92\/revisions\/569"}],"wp:attachment":[{"href":"https:\/\/tecnologia.ufpr.br\/ceppur\/wp-json\/wp\/v2\/media?parent=92"}],"curies":[{"name":"wp","href":"https:\/\/api.w.org\/{rel}","templated":true}]}}

<p>AMANCIO, E. C. ; GADDA, T. M. C. ;&nbsp;BASTOS, J. T. Análise da influência de dispositivos de fiscalização eletrônica de velocidade em contexto urbano no comportamento do condutor. In: XVII Rio de Transportes, 2020, Rio de Janeiro. Anais do XVII Rio de Transportes, 2020.</p>



<p>BORGUEZANI, J. R. ; SANTOS, P. A. B. ; OSORIO, F. S. ;&nbsp;BASTOS, J. T. <a href="https://anpet.org.br/anais34/documentos/2020/Tr%C3%A1fego%20Urbano%20e%20Rodovi%C3%A1rio/Seguran%C3%A7a%20Vi%C3%A1ria%20III/5_332_CT.pdf">Plataforma de coleta de dados naturalísticos de segurança viária</a>. In: 34º ANPET, 2020, Fortaleza. Anais do 34º Congresso da Associação Nacional de Pesquisa e Ensino em Transportes, 2020.</p>



<p>IGARASHI, A. V.; ROMÃO, M. N. P. V.;&nbsp;BASTOS, J. T. <a href="https://eventos.ufpr.br/stpr/2stpr/paper/view/4446/953">Levantamento de evidências comportamentais de condutores utilizando grupos focais</a>. In: Simpósio de Transportes do Paraná, 2020. p. 129.</p>



<p>IGARASHI, A. V. ; BERNARDINIS, M. A. P. ; MACEDO, M. M. ; ROMAO, M. N. P. V. ;&nbsp;BASTOS, J. T.&nbsp;Motoristas de aplicativos de transporte: análise comportamental utilizando grupo focal. In: 34º ANPET, 2020, Fortaleza. Anais do 34º Congresso da Associação Nacional de Pesquisa e Ensino em Transportes, 2020.</p>



<p>RAMOS, J. G. V. S. ; LOPES, P. T. M. ; AMANCIO, E. C. ; BRANQUINHO, R. V. ; BASTOS, J. T. ; GADDA, T. M. C. Velocidade e uso do telefone celular no trânsito: um estudo naturalístico. In: 34º ANPET, 2020, Fortaleza. Anais do 34º Congresso da Associação Nacional de Pesquisa e Ensino em Transportes, 2020.</p>



<p>SANTOS, P. A. B. ; GARONCE, F. V. ;&nbsp;BASTOS, J. T.&nbsp;<a href="https://eventos.ufpr.br/stpr/2stpr/paper/view/4327/971">Avaliação do conteúdo dos portais dos Departamentos Estaduais de Trânsito &#8211; DETRANs</a>. In: 2º Simpósio de Transportes do Paraná, 2020, Curitiba. Anais do 2º Simpósio de Transportes do Paraná, 2020.</p>



<p>SOLEK, M. J. ; MARCUSSO, L. G. ; NERIS, D. F. ;&nbsp;BASTOS, J. T.&nbsp;; DOMINGOS, M. D. I. Viabilidade da substituição de uma interseção semaforizada na cidade de Curitiba/PR por uma turbo-rotatória. In: XVII Rio de Transportes, 2020, Rio de Janeiro. Anais do XVII Rio de Transportes, 2020.</p>



<p>SUGUINOSHITA, M. C. ; VALEIXO, G. R. R. ; SANTOS, P. A. B. ;&nbsp;BASTOS, J. T.&nbsp; <a href="https://eventos.ufpr.br/stpr/2stpr/paper/view/4449/954">Fatores determinantes para o excesso de velocidade em vias arteriais urbanas</a>. In: 2º Simpósio de Transportes do Paraná, 2020, Curitiba. Anais do 2º Simpósio de Transportes do Paraná, 2020.</p>



<p>SZELIGA, R. A. ; CHAVES, B. H. S. ;&nbsp;BASTOS, J. T<strong>.</strong> <a href="https://eventos.ufpr.br/stpr/2stpr/paper/view/4330/972">Impacto de curvas horizontais na variação da velocidade instantânea em cenário urbano</a>. In: 2º Simpósio de Transportes do Paraná, 2020, Curitiba. Anais do 2º Simpósio de Transportes do Paraná, 2020.</p>



<p>BOSCO JUNIOR, A. D. ;&nbsp;BASTOS, J. T.; FARIA, J. R. V. Conflitos urbanos e segurança viária em Curitiba e Região Metropolitana. In: XXXII ANPET, 2018, Gramado, RS. Anais do XXXII Congresso da Associação Nacional de Pesquisa e Ensino em Transportes, 2018.</p>



<p>CALDEIRA, G. P. ;&nbsp;BASTOS, J. T. Planos de mobilidade urbana e a segurança viária: uma análise das capitais brasileiras. In: XXXII ANPET, 2018, Gramado, RS. Anais do XXXII Congresso da Associação Nacional de Pesquisa e Ensino em Transportes, 2018.</p>



<p>CALDEIRA, G. P. ; BRANCO, B. P. S. ;&nbsp;BASTOS, J. T. <a href="http://dx.doi.org/10.5380/1stpr2018.artcomp11p111-119">Diagnóstico da mortalidade de pedestres no Brasil</a>. In: Simpósio de Transportes do Paraná, 2018. Anais do STPR. p. 111.</p>



<p>CARACAS, A. C. ; BERNARDINIS, M. A. P. ;&nbsp;BASTOS, J. T. <a href="http://dx.doi.org/10.5380/1stpr2018.artcomp17p173-181">Pesquisa de qualidade no transporte público de Curitiba: análises e considerações</a>. In: I Simpósio de Transportes do Paraná, 2018, Curitiba. Anais do I Simpósio de Transportes do Paraná, 2018.</p>



<p>MOROZ, C. B. ;&nbsp;BASTOS, J. T.&nbsp;Spatial analysis and statistics of pedestrians injuries in Curitiba through a grid database. In: XIX Brazilian Symposium on Geoinformatics &#8211; GEOINFO 2018, 2018, Campina Grande, PB. Anais do XIX Brazilian Symposium on Geoinformatics &#8211; GEOINFO 2018, 2018.</p>



<p>RIBEIRO, L. ; SOUSA, N. G.;&nbsp;BASTOS, J. T.; BRANCO, B. P. S. <a href="http://dx.doi.org/10.5380/1stpr2018.artcomp19p191-199">Elaboração de uma ferramenta de autoavaliação da segurança viária no setor público municipal</a>. In: Simpósio de Transportes do Paraná, 2018. Anais do STPR. p. 191.</p>

<p>AMANCIO, E. C. ; GADDA, T. M. C. ;&nbsp;BASTOS, J. T. Análise da influência de dispositivos de fiscalização eletrônica de velocidade em contexto urbano no comportamento do condutor. In: XVII Rio de Transportes, 2020, Rio de Janeiro. Anais do XVII&#8230;<br /><a class="read-more-button" href="https://tecnologia.ufpr.br/ceppur/artigos-em-congressos/">Read more</a></p>
