{"id":90,"date":"2020-05-05T23:51:20","date_gmt":"2020-05-06T02:51:20","guid":{"rendered":"https:\/\/tecnologia.ufpr.br\/ceppur\/?page_id=90"},"modified":"2021-08-31T20:33:57","modified_gmt":"2021-08-31T23:33:57","slug":"livros-e-capitulos-de-livro","status":"publish","type":"page","link":"https:\/\/tecnologia.ufpr.br\/ceppur\/livros-e-capitulos-de-livro\/","title":{"rendered":"Livros e Cap\u00edtulos de Livro"},"content":{"rendered":"\n<figure class=\"wp-block-image is-resized\"><a href=\"http:\/\/www.cdes.org.br\/wp-content\/uploads\/2020\/07\/Livro.-Remocoes-Forcadas-e-a-Administracao-Publica.pdf\" target=\"_blank\" rel=\"noreferrer noopener\"><img loading=\"lazy\" decoding=\"async\" src=\"https:\/\/tecnologia.ufpr.br\/ceppur\/wp-content\/uploads\/sites\/43\/2020\/07\/68f46bbce268550e9efd1cc01e0d3e6d.png\" alt=\"\" class=\"wp-image-205\" width=\"245\" height=\"352\" srcset=\"https:\/\/tecnologia.ufpr.br\/ceppur\/wp-content\/uploads\/sites\/43\/2020\/07\/68f46bbce268550e9efd1cc01e0d3e6d.png 490w, https:\/\/tecnologia.ufpr.br\/ceppur\/wp-content\/uploads\/sites\/43\/2020\/07\/68f46bbce268550e9efd1cc01e0d3e6d-209x300.png 209w\" sizes=\"(max-width: 245px) 100vw, 245px\" \/><\/a><\/figure>\n\n\n\n<p>BASTOS, J. T. ; ZAU, S. K. S. ; SUGUINOSHITA, M. C. ; COSTA, R. A. ; GUIMARAES JR., P. R. <a href=\"http:\/\/repositorio.utfpr.edu.br\/jspui\/handle\/1\/25540\">Proposta de modelo padronizado de boletim de ocorr\u00eancia de acidente de tr\u00e2nsito para o meio urban<\/a>o. In: SANTOS, Let\u00edcia Costa de Oliveira; WEINS, Niklas Werner; GADDA, Tatiana Maria Cecy; SILVA, Christian Luiz da (org.). (Org.). Cidades &amp; bem-estar humano: planejamento urbano e mobilidade. 23ed.Curitiba: EDUTFPR, 2021, v. 1, p. 88-95.<\/p>\n","protected":false},"excerpt":{"rendered":"<p>BASTOS, J. T. ; ZAU, S. K. S. ; SUGUINOSHITA, M. C. ; COSTA, R. A. ; GUIMARAES JR., P. R. Proposta de modelo padronizado de boletim de ocorr\u00eancia de acidente de tr\u00e2nsito para o meio urbano. In: SANTOS, Let\u00edcia&#8230;<br \/><a class=\"read-more-button\" href=\"https:\/\/tecnologia.ufpr.br\/ceppur\/livros-e-capitulos-de-livro\/\">Read more<\/a><\/p>\n","protected":false},"author":1071,"featured_media":0,"parent":0,"menu_order":0,"comment_status":"closed","ping_status":"closed","template":"","meta":{"footnotes":""},"_links":{"self":[{"href":"https:\/\/tecnologia.ufpr.br\/ceppur\/wp-json\/wp\/v2\/pages\/90"}],"collection":[{"href":"https:\/\/tecnologia.ufpr.br\/ceppur\/wp-json\/wp\/v2\/pages"}],"about":[{"href":"https:\/\/tecnologia.ufpr.br\/ceppur\/wp-json\/wp\/v2\/types\/page"}],"author":[{"embeddable":true,"href":"https:\/\/tecnologia.ufpr.br\/ceppur\/wp-json\/wp\/v2\/users\/1071"}],"replies":[{"embeddable":true,"href":"https:\/\/tecnologia.ufpr.br\/ceppur\/wp-json\/wp\/v2\/comments?post=90"}],"version-history":[{"count":8,"href":"https:\/\/tecnologia.ufpr.br\/ceppur\/wp-json\/wp\/v2\/pages\/90\/revisions"}],"predecessor-version":[{"id":553,"href":"https:\/\/tecnologia.ufpr.br\/ceppur\/wp-json\/wp\/v2\/pages\/90\/revisions\/553"}],"wp:attachment":[{"href":"https:\/\/tecnologia.ufpr.br\/ceppur\/wp-json\/wp\/v2\/media?parent=90"}],"curies":[{"name":"wp","href":"https:\/\/api.w.org\/{rel}","templated":true}]}}