{"id":253,"date":"2020-08-11T16:46:41","date_gmt":"2020-08-11T19:46:41","guid":{"rendered":"https:\/\/tecnologia.ufpr.br\/ceppur\/?page_id=253"},"modified":"2020-08-11T17:00:35","modified_gmt":"2020-08-11T20:00:35","slug":"luiz-aurelio-virtuoso","status":"publish","type":"page","link":"https:\/\/tecnologia.ufpr.br\/ceppur\/luiz-aurelio-virtuoso\/","title":{"rendered":"Luiz Aur\u00e9lio Virtuoso"},"content":{"rendered":"\n<div class=\"wp-block-media-text alignwide\"><figure class=\"wp-block-media-text__media\"><img loading=\"lazy\" decoding=\"async\" width=\"511\" height=\"512\" src=\"https:\/\/tecnologia.ufpr.br\/ceppur\/wp-content\/uploads\/sites\/43\/2020\/08\/LuizCeppur.jpg\" alt=\"\" class=\"wp-image-254\" srcset=\"https:\/\/tecnologia.ufpr.br\/ceppur\/wp-content\/uploads\/sites\/43\/2020\/08\/LuizCeppur.jpg 511w, https:\/\/tecnologia.ufpr.br\/ceppur\/wp-content\/uploads\/sites\/43\/2020\/08\/LuizCeppur-150x150.jpg 150w, https:\/\/tecnologia.ufpr.br\/ceppur\/wp-content\/uploads\/sites\/43\/2020\/08\/LuizCeppur-300x300.jpg 300w\" sizes=\"(max-width: 511px) 100vw, 511px\" \/><\/figure><div class=\"wp-block-media-text__content\">\n<p class=\"has-small-font-size\">Professor do Departamento de Transportes da Universidade Federal do Paran\u00e1, mestre e doutor em Administra\u00e7\u00e3o.<\/p>\n\n\n\n<p class=\"has-small-font-size\">E-mail:  luiz.aurelio@ufpr.br <\/p>\n\n\n\n<p class=\"has-small-font-size\">Telefone:  +55.41.3361.3159<\/p>\n<\/div><\/div>\n","protected":false},"excerpt":{"rendered":"<p>Professor do Departamento de Transportes da Universidade Federal do Paran\u00e1, mestre e doutor em Administra\u00e7\u00e3o. E-mail: luiz.aurelio@ufpr.br Telefone: +55.41.3361.3159<\/p>\n","protected":false},"author":1071,"featured_media":0,"parent":0,"menu_order":0,"comment_status":"closed","ping_status":"closed","template":"","meta":{"footnotes":""},"_links":{"self":[{"href":"https:\/\/tecnologia.ufpr.br\/ceppur\/wp-json\/wp\/v2\/pages\/253"}],"collection":[{"href":"https:\/\/tecnologia.ufpr.br\/ceppur\/wp-json\/wp\/v2\/pages"}],"about":[{"href":"https:\/\/tecnologia.ufpr.br\/ceppur\/wp-json\/wp\/v2\/types\/page"}],"author":[{"embeddable":true,"href":"https:\/\/tecnologia.ufpr.br\/ceppur\/wp-json\/wp\/v2\/users\/1071"}],"replies":[{"embeddable":true,"href":"https:\/\/tecnologia.ufpr.br\/ceppur\/wp-json\/wp\/v2\/comments?post=253"}],"version-history":[{"count":2,"href":"https:\/\/tecnologia.ufpr.br\/ceppur\/wp-json\/wp\/v2\/pages\/253\/revisions"}],"predecessor-version":[{"id":264,"href":"https:\/\/tecnologia.ufpr.br\/ceppur\/wp-json\/wp\/v2\/pages\/253\/revisions\/264"}],"wp:attachment":[{"href":"https:\/\/tecnologia.ufpr.br\/ceppur\/wp-json\/wp\/v2\/media?parent=253"}],"curies":[{"name":"wp","href":"https:\/\/api.w.org\/{rel}","templated":true}]}}