{"id":157,"date":"2020-05-06T00:03:36","date_gmt":"2020-05-06T03:03:36","guid":{"rendered":"https:\/\/tecnologia.ufpr.br\/ceppur\/?page_id=157"},"modified":"2020-11-07T17:38:54","modified_gmt":"2020-11-07T20:38:54","slug":"artigos-e-noticias","status":"publish","type":"page","link":"https:\/\/tecnologia.ufpr.br\/ceppur\/artigos-e-noticias\/","title":{"rendered":"ARTIGOS E NOT\u00cdCIAS"},"content":{"rendered":"\n<p><a href=\"https:\/\/summitmobilidade.estadao.com.br\/guia-do-transporte-urbano\/dia-do-transito-os-desafios-da-mobilidade-para-o-novo-normal\/\">Dia do Tr\u00e2nsito: os desafios da mobilidade para o novo normal<\/a><\/p>\n\n\n\n<p><a href=\"https:\/\/diplomatique.org.br\/o-poder-local-tem-papel-crucial-na-reconstrucao-da-democracia\/\" data-type=\"URL\" data-id=\"https:\/\/diplomatique.org.br\/o-poder-local-tem-papel-crucial-na-reconstrucao-da-democracia\/\">O poder local tem papel crucial na reconstru\u00e7\u00e3o da democracia<\/a><\/p>\n","protected":false},"excerpt":{"rendered":"<p>Dia do Tr\u00e2nsito: os desafios da mobilidade para o novo normal O poder local tem papel crucial na reconstru\u00e7\u00e3o da democracia<\/p>\n","protected":false},"author":1071,"featured_media":0,"parent":0,"menu_order":0,"comment_status":"closed","ping_status":"closed","template":"","meta":{"footnotes":""},"_links":{"self":[{"href":"https:\/\/tecnologia.ufpr.br\/ceppur\/wp-json\/wp\/v2\/pages\/157"}],"collection":[{"href":"https:\/\/tecnologia.ufpr.br\/ceppur\/wp-json\/wp\/v2\/pages"}],"about":[{"href":"https:\/\/tecnologia.ufpr.br\/ceppur\/wp-json\/wp\/v2\/types\/page"}],"author":[{"embeddable":true,"href":"https:\/\/tecnologia.ufpr.br\/ceppur\/wp-json\/wp\/v2\/users\/1071"}],"replies":[{"embeddable":true,"href":"https:\/\/tecnologia.ufpr.br\/ceppur\/wp-json\/wp\/v2\/comments?post=157"}],"version-history":[{"count":5,"href":"https:\/\/tecnologia.ufpr.br\/ceppur\/wp-json\/wp\/v2\/pages\/157\/revisions"}],"predecessor-version":[{"id":370,"href":"https:\/\/tecnologia.ufpr.br\/ceppur\/wp-json\/wp\/v2\/pages\/157\/revisions\/370"}],"wp:attachment":[{"href":"https:\/\/tecnologia.ufpr.br\/ceppur\/wp-json\/wp\/v2\/media?parent=157"}],"curies":[{"name":"wp","href":"https:\/\/api.w.org\/{rel}","templated":true}]}}