{"id":711,"date":"2016-04-16T04:14:56","date_gmt":"2016-04-16T04:14:56","guid":{"rendered":"https:\/\/tecnologia.ufpr.br\/cceq\/?page_id=711"},"modified":"2017-11-24T18:42:34","modified_gmt":"2017-11-24T20:42:34","slug":"voluntariado-academico","status":"publish","type":"page","link":"https:\/\/tecnologia.ufpr.br\/cceq\/voluntariado-academico","title":{"rendered":"PVA"},"content":{"rendered":"<p>&nbsp;<\/p>\n<h3><span style=\"color: #000080\">PVA \u2013 PROGRAMA DE VOLUNTARIADO ACAD\u00caMICO<\/span><\/h3>\n<p><a href=\"http:\/\/www.prograd.ufpr.br\/copeg\/wp-content\/uploads\/sites\/3\/2013\/08\/PVA.png\"><img loading=\"lazy\" decoding=\"async\" class=\"size-medium wp-image-664 alignleft\" src=\"http:\/\/www.prograd.ufpr.br\/copeg\/wp-content\/uploads\/sites\/3\/2013\/08\/PVA-300x175.png\" alt=\"PVA\" width=\"300\" height=\"175\" \/><\/a><\/p>\n<p><strong>Apresenta\u00e7\u00e3o<\/strong><\/p>\n<p>Visa oportunizar a participa\u00e7\u00e3o do corpo discente em atividades acad\u00eamicas de natureza<strong> educacional e cient\u00edfica<\/strong>, sob a orienta\u00e7\u00e3o de um professor, no \u00e2mbito da UFPR,\u00a0em\u00a0atividades acad\u00eamicas de natureza educacional e cient\u00edfica que n\u00e3o s\u00e3o enquadradas em outros programas institucionais j\u00e1 existentes (como Monitoria, PET e\u00a0est\u00e1gios remunerados).<\/p>\n<p>A participa\u00e7\u00e3o do estudante no PVA \u00e9 volunt\u00e1ria, regulamenta pela <a href=\"http:\/\/www.ufpr.br\/soc\/cepe_resolucoes.php?conselho=CEPE&amp;item_id=14&amp;item=Resolu%E7%F5es%20vigentes\" target=\"_blank\" rel=\"noopener\">Resolu\u00e7\u00e3o 76\/09 do CEPE<\/a> e n\u00e3o gera v\u00ednculo empregat\u00edcio, obriga\u00e7\u00e3o trabalhista, previdenci\u00e1ria ou afim, conforme a legisla\u00e7\u00e3o em vigor.<\/p>\n<p>Poder\u00e3o participar do Programa de Voluntariado Acad\u00eamico os alunos regularmente matriculados em cursos de gradua\u00e7\u00e3o ou profissionalizante da UFPR.<\/p>\n<p>O hor\u00e1rio destinado \u00e0s atividades do programa n\u00e3o poder\u00e1, em hip\u00f3tese alguma, coincidir com a grade hor\u00e1ria das disciplinas em que o aluno estiver matriculado. A participa\u00e7\u00e3o do estudante no PVA ser\u00e1 considerada como atividade formativa complementar.<\/p>\n<p>O aluno volunt\u00e1rio acad\u00eamico n\u00e3o poder\u00e1 exercer atividades de exclusiva responsabilidade do professor ou de t\u00e9cnicos administrativos da UFPR, que venham a descaracterizar os objetivos do PVA. Ainda, a carga hor\u00e1ria prevista<strong> n\u00e3o poder\u00e1 ultrapassar 12<\/strong> (doze) horas semanais, devendo a atividade ser realizada em hor\u00e1rio que n\u00e3o coincida com a grade hor\u00e1ria das disciplinas em que o aluno estiver matriculado.<\/p>\n<p><strong>Para maiores detalhes, acesse \u00a0<\/strong><a href=\"http:\/\/www.prograd.ufpr.br\/copeg\/pva-programa-voluntariado-academico\/\" target=\"_blank\" rel=\"noopener\"><strong>\u00a0h<\/strong>ttp:\/\/www.prograd.ufpr.br\/copeg\/pva-programa-voluntariado-academico\/ \u00a0<\/a><\/p>\n<p>O ALUNO QUE DESEJA PARTICIPAR DO PVA DEVER\u00c1 ENTRAR EM CONTATO COM UM PROFESSOR E DEMOSTRAR O INTERESSE.<\/p>\n<p><strong>Arquivos<\/strong><\/p>\n<p><a href=\"http:\/\/www.prograd.ufpr.br\/copeg\/wp-content\/uploads\/sites\/3\/2013\/08\/RESOLU%C3%87%C3%83O-76.09-CEPE.pdf\" target=\"_blank\" rel=\"noopener\">RESOLU\u00c7\u00c3O 76.09 \u2013 CEPE<\/a><\/p>\n<p><a href=\"http:\/\/www.prograd.ufpr.br\/copeg\/wp-content\/uploads\/sites\/3\/2013\/08\/PROCEDIMENTO-PARA-INGRESSO-NO-PVA.pdf\" target=\"_blank\" rel=\"noopener\">PROCEDIMENTO PARA INGRESSO NO PVA<\/a><\/p>\n<p>&nbsp;<\/p>\n<p><strong>Equipe e contatos:<\/strong><\/p>\n<p><em><strong>Fabiana Massako Nakatani:<\/strong><\/em><\/p>\n<p><em>Chefe da Unidade de Atividades Formativas:\u00a0<\/em><a href=\"mailto:tania.lima@ufpr.br\">fmn.ufpr@gmail.com<\/a><\/p>\n<p><em><strong>Tania Mara Tomchak Lima: \u00a0: \u00a0<\/strong><\/em><a href=\"mailto:tania.lima@ufpr.br\">tania.lima@ufpr.br<\/a><\/p>\n<p><strong>Telefone<\/strong>: +55(41) 3310-2668<\/p>\n<p>&nbsp;<\/p>\n<p>&nbsp;<\/p>\n<p>&nbsp;<\/p>\n<p>&nbsp;<\/p>\n<p>&nbsp;<\/p>\n<p>&nbsp;<\/p>\n<p>&nbsp;<\/p>\n<p>&nbsp;<\/p>\n<hr \/>\n<p><em>\u00a9 2016\/2017 Elaine Vosniak Takeshita DEQ\/UFPR<a id=\"\u00a9 2016\/2017 Elaine Vosniak Takeshita DEQ\/UFPR\"><\/a><\/em><\/p>\n<hr \/>\n<p>&nbsp;<\/p>\n","protected":false},"excerpt":{"rendered":"<p>&nbsp; PVA \u2013 PROGRAMA DE VOLUNTARIADO ACAD\u00caMICO Apresenta\u00e7\u00e3o Visa oportunizar a participa\u00e7\u00e3o do corpo discente em atividades acad\u00eamicas de natureza educacional e cient\u00edfica, sob a orienta\u00e7\u00e3o de um professor, no \u00e2mbito da UFPR,\u00a0em\u00a0atividades acad\u00eamicas de natureza educacional e cient\u00edfica que n\u00e3o s\u00e3o enquadradas em outros&#8230;<br \/><a class=\"read-more-button\" href=\"https:\/\/tecnologia.ufpr.br\/cceq\/voluntariado-academico\">Read more<\/a><\/p>\n","protected":false},"author":1003,"featured_media":0,"parent":0,"menu_order":0,"comment_status":"closed","ping_status":"closed","template":"","meta":{"footnotes":""},"_links":{"self":[{"href":"https:\/\/tecnologia.ufpr.br\/cceq\/wp-json\/wp\/v2\/pages\/711"}],"collection":[{"href":"https:\/\/tecnologia.ufpr.br\/cceq\/wp-json\/wp\/v2\/pages"}],"about":[{"href":"https:\/\/tecnologia.ufpr.br\/cceq\/wp-json\/wp\/v2\/types\/page"}],"author":[{"embeddable":true,"href":"https:\/\/tecnologia.ufpr.br\/cceq\/wp-json\/wp\/v2\/users\/1003"}],"replies":[{"embeddable":true,"href":"https:\/\/tecnologia.ufpr.br\/cceq\/wp-json\/wp\/v2\/comments?post=711"}],"version-history":[{"count":10,"href":"https:\/\/tecnologia.ufpr.br\/cceq\/wp-json\/wp\/v2\/pages\/711\/revisions"}],"predecessor-version":[{"id":878,"href":"https:\/\/tecnologia.ufpr.br\/cceq\/wp-json\/wp\/v2\/pages\/711\/revisions\/878"}],"wp:attachment":[{"href":"https:\/\/tecnologia.ufpr.br\/cceq\/wp-json\/wp\/v2\/media?parent=711"}],"curies":[{"name":"wp","href":"https:\/\/api.w.org\/{rel}","templated":true}]}}