{"id":622,"date":"2016-04-16T01:31:05","date_gmt":"2016-04-16T01:31:05","guid":{"rendered":"https:\/\/tecnologia.ufpr.br\/cceq\/?page_id=622"},"modified":"2016-05-24T17:59:04","modified_gmt":"2016-05-24T17:59:04","slug":"avaliacoes-dos-estudantes-de-graduacao","status":"publish","type":"page","link":"https:\/\/tecnologia.ufpr.br\/cceq\/avaliacoes-dos-estudantes-de-graduacao","title":{"rendered":"Avalia\u00e7\u00f5es dos Estudantes de Gradua\u00e7\u00e3o"},"content":{"rendered":"<p><em>Informa\u00e7\u00f5es constantes do Manual Estudantil 2016.<\/em><\/p>\n<p style=\"text-align: justify\">No in\u00edcio das aulas, cada professor ir\u00e1 explicar\u00a0os crit\u00e9rios de avalia\u00e7\u00e3o da sua disciplina segundo o plano de ensino (Ficha 2). Os resultados finais das avalia\u00e7\u00f5es das disciplinas s\u00e3o dados em notas de 0\u00a0(zero) a 100 (cem). Para ser aprovado, voc\u00ea deve ter freq\u00fc\u00eancia m\u00ednima de 75% (setenta e cinco por cento) nas aulas e obter, no m\u00ednimo, 70 (setenta) como m\u00e9dia\u00a0aritm\u00e9tica em todas as avalia\u00e7\u00f5es.<\/p>\n<p style=\"text-align: justify\">O regulamento e a avalia\u00e7\u00e3o das disciplinas de est\u00e1gio e de projeto s\u00e3o espec\u00edficos. N\u00e3o existe segunda chamada nem exame final para essas atividades.\u00a0A avalia\u00e7\u00e3o dos est\u00e1gios obrigat\u00f3rios \u00e9 espec\u00edfica e regulamentada pela <a href=\"http:\/\/www.ufpr.br\/soc\/cepe_resolucoes.php?conselho=CEPE&amp;item_id=14&amp;item=Resolu%E7%F5es%20vigentes\" target=\"_blank\">Resolu\u00e7\u00e3o N\u00ba 46\/10\u2010CEPE.<\/a><\/p>\n<p style=\"text-align: justify\"><strong>Caso n\u00e3o atinja a m\u00e9dia 70, voc\u00ea poder\u00e1 fazer o exame final, desde que tenha freq\u00fc\u00eancia m\u00ednima de 75% e m\u00e9dia igual ou superior a 40 (quarenta). Voc\u00ea ser\u00e1 aprovado\u00a0no exame final se conseguir obter 50 (cinquenta) na m\u00e9dia aritm\u00e9tica entre o exame final e a m\u00e9dia da avalia\u00e7\u00e3o da disciplina.<\/strong><\/p>\n<h3 style=\"text-align: justify\"><span style=\"color: #000080\">Avalia\u00e7\u00f5es<\/span><\/h3>\n<p style=\"text-align: justify\">Exceto nos casos espec\u00edficos, todas as disciplinas devem ter, no m\u00ednimo, duas avalia\u00e7\u00f5es formais por semestre. Pelo menos uma delas dever\u00e1 ser escrita e voc\u00ea\u00a0tem direito de vista.<\/p>\n<ul style=\"text-align: justify\">\n<li>As disciplinas ofertadas em per\u00edodo especial n\u00e3o t\u00eam exame de segunda avalia\u00e7\u00e3o final.<\/li>\n<li>Voc\u00ea tem direito \u00e0 revis\u00e3o dos resultados das avalia\u00e7\u00f5es escritas.<\/li>\n<\/ul>\n<h4 style=\"text-align: justify\"><span style=\"color: #000080\"><strong>Frequ\u00eancia \u2010 FALTAS<\/strong><\/span><\/h4>\n<p style=\"text-align: justify\">Para que voc\u00ea seja aprovado, \u00e9 preciso que tenha nota suficiente e frequ\u00eancia igual ou superior a 75% (setenta e cinco por cento) da carga hor\u00e1ria da disciplina.<\/p>\n<h4 style=\"text-align: justify\"><span style=\"color: #000080\"><strong>Frequ\u00eancia e Exerc\u00edcios Domiciliares<\/strong><\/span><\/h4>\n<p style=\"text-align: justify\">Embora n\u00e3o exista abono de faltas, em alguns casos s\u00e3o permitidas dispensas de frequ\u00eancia, desde que sejam justificadas. Os estudantes amparados pelo Decreto\u2010Lei N\u00ba 1.044\/69 e as alunas gr\u00e1vidas, segundo os termos da Lei N\u00ba 6.202\/75, podem substituir a frequ\u00eancia por exerc\u00edcios domiciliares. Ver<a href=\"http:\/\/www.ufpr.br\/soc\/descarregar_arquivo.php?cod=400\" target=\"_blank\">\u00a0RESOLU\u00c7\u00c3O N\u00ba 54\/09-CEPE\u00a0<\/a><\/p>\n<h4 style=\"text-align: justify\"><span style=\"color: #000080\"><strong>Segunda Chamada<\/strong><\/span><\/h4>\n<p style=\"text-align: justify\">Caso tenha faltado a uma avalia\u00e7\u00e3o, voc\u00ea tem a oportunidade de fazer outra. No entanto, voc\u00ea precisa de um motivo relevante que justifique nova avalia\u00e7\u00e3o. \u00c9\u00a0fundamental encaminhar sua solicita\u00e7\u00e3o em at\u00e9 cinco dias \u00fateis, contados a partir do dia da avalia\u00e7\u00e3o perdida, ao departamento ao qual pertence a disciplina. Deve\u00a0anexar documentos comprobat\u00f3rios para justificar a solicita\u00e7\u00e3o de segunda chamada<a href=\"https:\/\/tecnologia.ufpr.br\/cceq\/formularios\/\" target=\"_blank\">. Clique aqui para pegar o formul\u00e1rio de 2a chamada<\/a> (entregar no Departamento)<\/p>\n<p style=\"text-align: justify\"><strong>PROCEDIMENTOS<\/strong>: Preencher a solicita\u00e7\u00e3o, anexar comprovantes e entregar no Departamento de Engenharia Qu\u00edmica (Porta ao lado da Coordena\u00e7\u00e3o). Motivos relevantes pass\u00edveis de pedidos de 2as chamadas, segundo resolu\u00e7\u00e3o.\u00a0O aluno ou seu representante dever\u00e1 requerer ao docente respons\u00e1vel pela disciplina ou ao departamento a segunda chamada n<strong>o prazo de 5 (cinco) dias \u00fateis, contados a partir da data da realiza\u00e7\u00e3o da avalia\u00e7\u00e3o do rendimento escolar,<\/strong> apresentando a documenta\u00e7\u00e3o comprobat\u00f3ria correspondente, devendo o docente ou o departamento manifestar-se no prazo m\u00e1ximo de 5 (cinco) dias \u00fateis, sendo que nos casos previstos no \u00a7 1\u00ba deste artigo que impliquem em viagens, os 5 (cinco) dias \u00fateis para requerimento ser\u00e3o contados a partir do retorno do aluno.\u00a0Participa\u00e7\u00e3o de\u00a0cursos intensivos, simp\u00f3sios, semin\u00e1rios, congressos, aulas extraordin\u00e1rias, e outras atividades similares, <strong>sempre que houver correla\u00e7\u00e3o com o seu curso,<\/strong> devendo, em caso de deferimento, possibilitada a segunda chamada de avalia\u00e7\u00f5es formais que eventualmente ocorrerem no per\u00edodo.\u00a0&#8211; O aluno dever\u00e1 comunicar formal e previamente ao professor da disciplina a sua participa\u00e7\u00e3o em atividades enquadradas no caput deste artigo.Encerrado o evento, dever\u00e1 o aluno de imediato apresentar ao professor da disciplina documento comprobat\u00f3rio de sua participa\u00e7\u00e3o no mesmo, a fim de que seja marcada a eventual segunda chamada de avalia\u00e7\u00e3o formal.\u00a0S\u00e3o consideradas atividades universit\u00e1rias regulares as participa\u00e7\u00f5es de alunos nos Jogos Universit\u00e1rios Brasileiros ou de sele\u00e7\u00e3o nacional, de confedera\u00e7\u00f5es ou federa\u00e7\u00f5es estaduais, e ainda, aquelas de cunho cultural promovidas pela UFPR, nas apresenta\u00e7\u00f5es oficiais, per\u00edodo em que ser\u00e3o marcadas presen\u00e7as em todas as aulas, devendo ser possibilitada a segunda chamada de avalia\u00e7\u00f5es formais que eventualmente ocorrerem.<\/p>\n<h4 style=\"text-align: justify\"><span style=\"color: #000080\"><strong>Veja quais s\u00e3o os motivos que a UFPR considera relevantes:<\/strong><\/span><\/h4>\n<p style=\"text-align: justify\">Segunda Chamada pode ser feita em caso de:<\/p>\n<ul style=\"text-align: justify\">\n<li>Exerc\u00edcios ou manobras feitas por causa de matr\u00edcula no servi\u00e7o militar.<\/li>\n<li>Internamento hospitalar e doen\u00e7a comprovadamente impeditiva do comparecimento, confirmada por um atestado emitido por profissional da \u00e1rea de sa\u00fade.<\/li>\n<li>Luto pelo falecimento de parentes ou afins em linha reta e de colaterais at\u00e9 o segundo grau.<\/li>\n<li>Luto por falecimento de parentes consangu\u00edneos ou afins em linha reta ou colateral at\u00e9 o segundo grau.<\/li>\n<li>Convoca\u00e7\u00e3o com coincid\u00eancia de hor\u00e1rio para depoimento judicial, policial ou algo semelhante, bem como para elei\u00e7\u00f5es em entidades oficiais.<\/li>\n<li>Viagens de estudos propiciados por conv\u00eanios ou interc\u00e2mbios da UFPR com institui\u00e7\u00f5es nacionais ou estrangeiras.<\/li>\n<li>Participa\u00e7\u00e3o em atividades como cursos, simp\u00f3sios e jogos universit\u00e1rios, caso voc\u00ea seja oficialmente dispensado de frequentar as aulas pela coordena\u00e7\u00e3o de curso.<\/li>\n<\/ul>\n<p style=\"text-align: justify\">\n","protected":false},"excerpt":{"rendered":"<p>Informa\u00e7\u00f5es constantes do Manual Estudantil 2016. No in\u00edcio das aulas, cada professor ir\u00e1 explicar\u00a0os crit\u00e9rios de avalia\u00e7\u00e3o da sua disciplina segundo o plano de ensino (Ficha 2). Os resultados finais das avalia\u00e7\u00f5es das disciplinas s\u00e3o dados em notas de 0\u00a0(zero) a 100 (cem). Para ser&#8230;<br \/><a class=\"read-more-button\" href=\"https:\/\/tecnologia.ufpr.br\/cceq\/avaliacoes-dos-estudantes-de-graduacao\">Read more<\/a><\/p>\n","protected":false},"author":1003,"featured_media":0,"parent":0,"menu_order":0,"comment_status":"closed","ping_status":"closed","template":"","meta":{"footnotes":""},"_links":{"self":[{"href":"https:\/\/tecnologia.ufpr.br\/cceq\/wp-json\/wp\/v2\/pages\/622"}],"collection":[{"href":"https:\/\/tecnologia.ufpr.br\/cceq\/wp-json\/wp\/v2\/pages"}],"about":[{"href":"https:\/\/tecnologia.ufpr.br\/cceq\/wp-json\/wp\/v2\/types\/page"}],"author":[{"embeddable":true,"href":"https:\/\/tecnologia.ufpr.br\/cceq\/wp-json\/wp\/v2\/users\/1003"}],"replies":[{"embeddable":true,"href":"https:\/\/tecnologia.ufpr.br\/cceq\/wp-json\/wp\/v2\/comments?post=622"}],"version-history":[{"count":10,"href":"https:\/\/tecnologia.ufpr.br\/cceq\/wp-json\/wp\/v2\/pages\/622\/revisions"}],"predecessor-version":[{"id":1801,"href":"https:\/\/tecnologia.ufpr.br\/cceq\/wp-json\/wp\/v2\/pages\/622\/revisions\/1801"}],"wp:attachment":[{"href":"https:\/\/tecnologia.ufpr.br\/cceq\/wp-json\/wp\/v2\/media?parent=622"}],"curies":[{"name":"wp","href":"https:\/\/api.w.org\/{rel}","templated":true}]}}