{"id":572,"date":"2016-04-15T22:40:27","date_gmt":"2016-04-15T22:40:27","guid":{"rendered":"https:\/\/tecnologia.ufpr.br\/cceq\/?page_id=572"},"modified":"2016-04-15T22:43:52","modified_gmt":"2016-04-15T22:43:52","slug":"radio-e-tv","status":"publish","type":"page","link":"https:\/\/tecnologia.ufpr.br\/cceq\/radio-e-tv","title":{"rendered":"R\u00e1dio e TV"},"content":{"rendered":"<h4><span style=\"color: #000080\"><strong>R\u00e1dio Universit\u00e1ria<\/strong><\/span><\/h4>\n<ul>\n<li>A R\u00e1dio UFPR \u00e9 a emissora web da Universidade Federal do Paran\u00e1.<\/li>\n<li>Voltada ao p\u00fablico universit\u00e1rio em geral, a emissora traz not\u00edcias e m\u00fasica popular brasileira.<\/li>\n<li>A proposta \u00e9 ser um ve\u00edculo de comunica\u00e7\u00e3o para divulgar a contribui\u00e7\u00e3o da UFPR para a sociedade em geral, com\u00a0uma programa\u00e7\u00e3o\u00a0informativa e musical de qualidade.<\/li>\n<\/ul>\n<p>Endere\u00e7o: R. Bom Jesus, 650 \u2013 Curitiba \u2013 PRTelefone:<br \/>\nSite: <a href=\"http:\/\/www.radio.ufpr.br\/\" target=\"_blank\">www.radio.ufpr.br<\/a>\u00a0 \u00a0 \u00a0<strong> Ou\u00e7a a r\u00e1dio<\/strong>: <a href=\"mms:\/\/multimidia.ufpr.br\/radio\" target=\"_blank\">Ou\u00e7a aqui<\/a><\/p>\n<header class=\"entry-header\">\n<h4 class=\"entry-title\">\u00a0<span style=\"color: #000080\">\u00a0<strong>TV UFPR<\/strong><\/span><\/h4>\n<\/header>\n<ul>\n<li>A UFPR TV produz material in\u00e9dito todos os dias com o compromisso de levar informa\u00e7\u00e3o e conte\u00fado aos seus p\u00fablicos.<\/li>\n<\/ul>\n<p>Rua Fernando Simas, 1456<br \/>\nTelefone: 3339\u20104494<br \/>\nSite: <a href=\"http:\/\/www.tv.ufpr.br\/\" target=\"_blank\">www.tv.ufpr.br<\/a><\/p>\n<p>&nbsp;<\/p>\n","protected":false},"excerpt":{"rendered":"<p>R\u00e1dio Universit\u00e1ria A R\u00e1dio UFPR \u00e9 a emissora web da Universidade Federal do Paran\u00e1. Voltada ao p\u00fablico universit\u00e1rio em geral, a emissora traz not\u00edcias e m\u00fasica popular brasileira. A proposta \u00e9 ser um ve\u00edculo de comunica\u00e7\u00e3o para divulgar a contribui\u00e7\u00e3o da UFPR para a sociedade&#8230;<br \/><a class=\"read-more-button\" href=\"https:\/\/tecnologia.ufpr.br\/cceq\/radio-e-tv\">Read more<\/a><\/p>\n","protected":false},"author":1003,"featured_media":0,"parent":0,"menu_order":0,"comment_status":"closed","ping_status":"closed","template":"","meta":{"footnotes":""},"_links":{"self":[{"href":"https:\/\/tecnologia.ufpr.br\/cceq\/wp-json\/wp\/v2\/pages\/572"}],"collection":[{"href":"https:\/\/tecnologia.ufpr.br\/cceq\/wp-json\/wp\/v2\/pages"}],"about":[{"href":"https:\/\/tecnologia.ufpr.br\/cceq\/wp-json\/wp\/v2\/types\/page"}],"author":[{"embeddable":true,"href":"https:\/\/tecnologia.ufpr.br\/cceq\/wp-json\/wp\/v2\/users\/1003"}],"replies":[{"embeddable":true,"href":"https:\/\/tecnologia.ufpr.br\/cceq\/wp-json\/wp\/v2\/comments?post=572"}],"version-history":[{"count":3,"href":"https:\/\/tecnologia.ufpr.br\/cceq\/wp-json\/wp\/v2\/pages\/572\/revisions"}],"predecessor-version":[{"id":575,"href":"https:\/\/tecnologia.ufpr.br\/cceq\/wp-json\/wp\/v2\/pages\/572\/revisions\/575"}],"wp:attachment":[{"href":"https:\/\/tecnologia.ufpr.br\/cceq\/wp-json\/wp\/v2\/media?parent=572"}],"curies":[{"name":"wp","href":"https:\/\/api.w.org\/{rel}","templated":true}]}}