{"id":549,"date":"2016-04-15T21:46:21","date_gmt":"2016-04-15T21:46:21","guid":{"rendered":"https:\/\/tecnologia.ufpr.br\/cceq\/?page_id=549"},"modified":"2017-11-24T18:57:43","modified_gmt":"2017-11-24T20:57:43","slug":"intercampi","status":"publish","type":"page","link":"https:\/\/tecnologia.ufpr.br\/cceq\/intercampi","title":{"rendered":"Intercampi"},"content":{"rendered":"<p style=\"text-align: justify\"><img loading=\"lazy\" decoding=\"async\" class=\"alignnone wp-image-550 size-full\" src=\"https:\/\/tecnologia.ufpr.br\/cceq\/wp-content\/uploads\/sites\/5\/2016\/04\/inter.jpg\" alt=\"\" width=\"1000\" height=\"300\" srcset=\"https:\/\/tecnologia.ufpr.br\/cceq\/wp-content\/uploads\/sites\/5\/2016\/04\/inter.jpg 1000w, https:\/\/tecnologia.ufpr.br\/cceq\/wp-content\/uploads\/sites\/5\/2016\/04\/inter-300x90.jpg 300w, https:\/\/tecnologia.ufpr.br\/cceq\/wp-content\/uploads\/sites\/5\/2016\/04\/inter-768x230.jpg 768w\" sizes=\"(max-width: 1000px) 100vw, 1000px\" \/><\/p>\n<p style=\"text-align: justify\">Foto: Rodrigo Juste Duarte. \u00a0 Fonte: Manual Estudantil UFPR 2016<\/p>\n<ul>\n<li>A Central de Transportes disponibiliza, desde 2008, o servi\u00e7o de transporte aos alunos que necessitam se deslocar entre os campi da universidade para acompanhamento de aulas e outras atividades.<\/li>\n<li><strong>Informa\u00e7\u00f5es atualizadas sobre hor\u00e1rios e o itiner\u00e1rio no site:<\/strong> <a href=\"http:\/\/www.pra.ufpr.br\/centran\/sobre\/onibus-intercampi\/\" target=\"_blank\" rel=\"noopener\">http:\/\/www.pra.ufpr.br\/centran\/sobre\/onibus-intercampi\/<\/a><\/li>\n<\/ul>\n<p>&nbsp;<\/p>\n<h5><span style=\"color: #008000\"><strong>Linha 01 \u2013 Pontos de \u00f4nibus<\/strong><\/span><\/h5>\n<ul>\n<li>Centro Polit\u00e9cnico (port\u00e3o 1): dentro do campus, em frente ao ponto do \u00f4nibus amarelinho (Rua Evaristo F. F. da Costa 4071)<\/li>\n<li>Jardim Bot\u00e2nico (port\u00e3o 1): fora do campus, ao lado do port\u00e3o principal.<\/li>\n<li>Reitoria: Rua General Carneiro, em frente \u00e0 Biblioteca Central.<\/li>\n<li>Comunica\u00e7\u00e3o: em frente ao port\u00e3o principal.<\/li>\n<li>Agr\u00e1rias: dentro do campus, ao lado do pr\u00e9dio da Administra\u00e7\u00e3o.<\/li>\n<li>DeArtes: em frente ao port\u00e3o lateral, na Rua Coronel Dulc\u00eddio.<\/li>\n<li>Sept (Setor de Educa\u00e7\u00e3o Profissional Tecnol\u00f3gica): em frente ao port\u00e3o principal.<\/li>\n<\/ul>\n<h5><span style=\"color: #008000\"><strong>Linha 02 \u2013 Pontos de \u00f4nibus<\/strong><\/span><\/h5>\n<ul>\n<li>Centro Polit\u00e9cnico (port\u00e3o 1): dentro do campus,\u00a0em frente ao ponto do \u00f4nibus amarelinho (Rua Evaristo F. F. da Costa 4071)<\/li>\n<li>Centro Polit\u00e9cnico (port\u00e3o 2): Rua Doutor Alcides Vieira Arcoverde.<\/li>\n<li>Jardim Bot\u00e2nico (port\u00e3o 2): ao lado da Funda\u00e7\u00e3o Ecum\u00eanica.<\/li>\n<li>Reitoria: Rua General Carneiro, em frente \u00e0 Biblioteca Central.<\/li>\n<li>Comunica\u00e7\u00e3o: em frente ao port\u00e3o principal.<\/li>\n<li>Agr\u00e1rias: dentro do campus, ao lado do pr\u00e9dio da Administra\u00e7\u00e3o.<\/li>\n<li>DeArtes: em frente ao port\u00e3o lateral, na Rua Coronel Dulc\u00eddio.<\/li>\n<li>Sept (Setor de Educa\u00e7\u00e3o Profissional Tecnol\u00f3gica): em frente ao port\u00e3o principal.<\/li>\n<\/ul>\n<h5><span style=\"color: #008000\"><strong>Linha 03 \u2013 Pontos de \u00f4nibus (aos s\u00e1bados)<\/strong><\/span><\/h5>\n<ul>\n<li>Centro Polit\u00e9cnico (port\u00e3o 1): dentro do campus,\u00a0em frente ao ponto do \u00f4nibus amarelinho (Rua Evaristo F. F. da Costa 4071)<\/li>\n<li>Jardim Bot\u00e2nico (port\u00e3o 1): fora do campus, ao lado do port\u00e3o principal.<\/li>\n<li>Reitoria: Rua General Carneiro, em frente \u00e0 Biblioteca Central.<\/li>\n<li>Comunica\u00e7\u00e3o: em frente ao port\u00e3o principal.<\/li>\n<li>Agr\u00e1rias: dentro do campus, ao lado do pr\u00e9dio da Administra\u00e7\u00e3o.<\/li>\n<li>DeArtes: em frente ao port\u00e3o lateral, na Rua Coronel Dulc\u00eddio.<\/li>\n<li>Sept (Setor de Educa\u00e7\u00e3o Profissional Tecnol\u00f3gica): em frente ao port\u00e3o principal.<\/li>\n<\/ul>\n<h5><span style=\"color: #008000\"><strong>Linha Intercampi Litoral<\/strong><\/span><\/h5>\n<ul>\n<li>Sa\u00edda e chegada no Centro Polit\u00e9cnico \u2013 pr\u00e9dio da Administra\u00e7\u00e3o<br \/>\nSa\u00edda e chegada no Setor Litoral \u2013 port\u00e3o dos fundos \u2013 Rua Castro<\/li>\n<li>Obs.: Os ve\u00edculos passar\u00e3o no trevo de Praia de Leste para atender a Pontal do Paran\u00e1<\/li>\n<\/ul>\n<p>&nbsp;<\/p>\n<p>&nbsp;<\/p>\n<p>&nbsp;<\/p>\n<p>&nbsp;<\/p>\n<p>&nbsp;<\/p>\n<p>&nbsp;<\/p>\n<p>&nbsp;<\/p>\n<p>&nbsp;<\/p>\n<hr \/>\n<p><em><strong>\u00a9 2016\/2017 Elaine Vosniak Takeshita DEQ\/UFPR<\/strong><a id=\"\u00a9 2016\/2017 Elaine Vosniak Takeshita DEQ\/UFPR\"><\/a><\/em><\/p>\n<hr \/>\n<p>&nbsp;<\/p>\n","protected":false},"excerpt":{"rendered":"<p>Foto: Rodrigo Juste Duarte. \u00a0 Fonte: Manual Estudantil UFPR 2016 A Central de Transportes disponibiliza, desde 2008, o servi\u00e7o de transporte aos alunos que necessitam se deslocar entre os campi da universidade para acompanhamento de aulas e outras atividades. Informa\u00e7\u00f5es atualizadas sobre hor\u00e1rios e o&#8230;<br \/><a class=\"read-more-button\" href=\"https:\/\/tecnologia.ufpr.br\/cceq\/intercampi\">Read more<\/a><\/p>\n","protected":false},"author":1003,"featured_media":0,"parent":0,"menu_order":0,"comment_status":"closed","ping_status":"closed","template":"","meta":{"footnotes":""},"_links":{"self":[{"href":"https:\/\/tecnologia.ufpr.br\/cceq\/wp-json\/wp\/v2\/pages\/549"}],"collection":[{"href":"https:\/\/tecnologia.ufpr.br\/cceq\/wp-json\/wp\/v2\/pages"}],"about":[{"href":"https:\/\/tecnologia.ufpr.br\/cceq\/wp-json\/wp\/v2\/types\/page"}],"author":[{"embeddable":true,"href":"https:\/\/tecnologia.ufpr.br\/cceq\/wp-json\/wp\/v2\/users\/1003"}],"replies":[{"embeddable":true,"href":"https:\/\/tecnologia.ufpr.br\/cceq\/wp-json\/wp\/v2\/comments?post=549"}],"version-history":[{"count":5,"href":"https:\/\/tecnologia.ufpr.br\/cceq\/wp-json\/wp\/v2\/pages\/549\/revisions"}],"predecessor-version":[{"id":552,"href":"https:\/\/tecnologia.ufpr.br\/cceq\/wp-json\/wp\/v2\/pages\/549\/revisions\/552"}],"wp:attachment":[{"href":"https:\/\/tecnologia.ufpr.br\/cceq\/wp-json\/wp\/v2\/media?parent=549"}],"curies":[{"name":"wp","href":"https:\/\/api.w.org\/{rel}","templated":true}]}}