{"id":446,"date":"2016-04-13T02:28:31","date_gmt":"2016-04-13T02:28:31","guid":{"rendered":"https:\/\/tecnologia.ufpr.br\/cceq\/?page_id=446"},"modified":"2017-11-24T18:44:27","modified_gmt":"2017-11-24T20:44:27","slug":"mobilidade-academica","status":"publish","type":"page","link":"https:\/\/tecnologia.ufpr.br\/cceq\/mobilidade-academica","title":{"rendered":"Mobilidade Acad\u00eamica &#8212;&gt;"},"content":{"rendered":"<h2><span style=\"color: #000080\">Mobilidade acad\u00eamica Nacional e Internacional &#8211; Interc\u00e2mbio<\/span><\/h2>\n<hr \/>\n<p>Voc\u00ea encontra maiores informa\u00e7\u00f5es sobre inteRc\u00e2mbios no site da ARI:\u00a0<a href=\"http:\/\/www.internacional.ufpr.br\/\" target=\"_blank\" rel=\"noopener\">http:\/\/www.internacional.ufpr.br\/<\/a><\/p>\n<h4><span style=\"color: #000080\"><strong>Matr\u00edcula em PC\u00a0<\/strong><\/span><\/h4>\n<hr \/>\n<p>Todo o aluno UFPR que sai em Mobilidade Acad\u00eamica, independente do Programa, deve entregar pessoalmente \u00e0 Assessoria de Rela\u00e7\u00f5es Internacionais (ARI), antes de sair do pa\u00eds, o formul\u00e1rio de solicita\u00e7\u00e3o de matr\u00edcula em PC (Participa\u00e7\u00e3o de Conv\u00eanio) devidamente assinado e carimbado pelo seu Coordenador de Curso juntamente com a carta de aceite da Universidade de Destino. Isso garantir\u00e1 o v\u00ednculo do aluno \u00a0com a Universidade Federal do Paran\u00e1 durante o processo de Mobilidade.<\/p>\n<p><em>Conforme descrito no mencionado documento, durante a mobilidade, o aluno dever\u00e1 estar <strong>APENAS e UNICAMENTE<\/strong> matriculado na disciplina de PC, qualquer matr\u00edcula em disciplinas regulares dever\u00e1 ser cancelada pelo aluno antes de sua sa\u00edda.<\/em><\/p>\n<ul style=\"text-align: justify\">\n<li>ATEN\u00c7\u00c3O : O per\u00edodo de afastamento ser\u00e1 computado no prazo de integraliza\u00e7\u00e3o do curso, e, portanto, quando retornar, o aluno estar\u00e1 automaticamente desperiodizado em rela\u00e7\u00e3o \u00e0 periodiza\u00e7\u00e3o recomendada.<\/li>\n<li>ENCERRADO O PER\u00cdODO DE AFASTAMENTO, o aluno dever\u00e1 apresentar \u00e0 coordena\u00e7\u00e3o do respectivo curso documenta\u00e7\u00e3o comprobat\u00f3ria das atividades realizadas sob o conv\u00eanio para aprecia\u00e7\u00e3o do colegiado de curso e posterior encaminhamento, pela coordena\u00e7\u00e3o ao DAA, para fins de registro (RESOLU\u00c7\u00c3O 37\/97 CEPE).<\/li>\n<\/ul>\n<h4><\/h4>\n<p><span style=\"text-decoration: underline;color: #000080\"><span style=\"text-decoration: underline\"><strong>RETORNO DO INTERC\u00c2MBIO: O QUE SE DEVE FAZER?<\/strong><\/span><\/span><\/p>\n<ul>\n<li>Para validar a sua PC (PARTICIPA\u00c7\u00c3O DE CONV\u00caNIO) \u00a0e regularizar a sua situa\u00e7\u00e3o com a ARI, o aluno deve enviar seu boletim de notas e <a href=\"http:\/\/www.internacional.ufpr.br\/pagina\/33\" target=\"_blank\" rel=\"noopener\">relat\u00f3rio de interc\u00e2mbio<\/a>\u00a0a ARI.<\/li>\n<li><strong>ALUNO, FIQUE ATENTO: CASO O ALUNO N\u00c3O REGULARIZE SUA SITUA\u00c7\u00c3O E FINALIZE AS PEND\u00caNCIAS JUNTO A ARI NO IMEDIATO RETORNO DO INTERC\u00c2MBIO, TER\u00c1 PROBLEMAS PARA REALIZAR A MATR\u00cdCULA EM DISCIPLINAS DO CURSO, AL\u00c9M DE FICAR COM ESTA PEND\u00caNCIA NO HIST\u00d3RICO ESCOLAR, O QUE IMPEDIR\u00c1 A SUA \u00a0COLA\u00c7\u00c3O DE GRAU!!!!<\/strong><\/li>\n<li>Pedidos de equival\u00eancias devem ser solicitadas diretamente \u00e0 Coordena\u00e7\u00e3o UFPR, pois ser\u00e1 o colegiado que avaliar\u00e1 o pedido. A documenta\u00e7\u00e3o exigida depende de cada curso, entretanto, sugerimos trazer as ementas das disciplinas cursadas, onde conste o total de horas da disciplina e a situa\u00e7\u00e3o final ( se aprovado ou n\u00e3o).<\/li>\n<\/ul>\n<p>&nbsp;<\/p>\n<p>&nbsp;<\/p>\n<p>&nbsp;<\/p>\n<p>&nbsp;<\/p>\n<hr \/>\n<p><em>\u00a9 2016\/2017 Elaine Vosniak Takeshita DEQ\/UFPR<a id=\"\u00a9 2016\/2017 Elaine Vosniak Takeshita DEQ\/UFPR\"><\/a><\/em><\/p>\n<hr \/>\n<p>&nbsp;<\/p>\n","protected":false},"excerpt":{"rendered":"<p>Mobilidade acad\u00eamica Nacional e Internacional &#8211; Interc\u00e2mbio Voc\u00ea encontra maiores informa\u00e7\u00f5es sobre inteRc\u00e2mbios no site da ARI:\u00a0http:\/\/www.internacional.ufpr.br\/ Matr\u00edcula em PC\u00a0 Todo o aluno UFPR que sai em Mobilidade Acad\u00eamica, independente do Programa, deve entregar pessoalmente \u00e0 Assessoria de Rela\u00e7\u00f5es Internacionais (ARI), antes de sair do&#8230;<br \/><a class=\"read-more-button\" href=\"https:\/\/tecnologia.ufpr.br\/cceq\/mobilidade-academica\">Read more<\/a><\/p>\n","protected":false},"author":1003,"featured_media":0,"parent":0,"menu_order":0,"comment_status":"closed","ping_status":"closed","template":"","meta":{"footnotes":""},"_links":{"self":[{"href":"https:\/\/tecnologia.ufpr.br\/cceq\/wp-json\/wp\/v2\/pages\/446"}],"collection":[{"href":"https:\/\/tecnologia.ufpr.br\/cceq\/wp-json\/wp\/v2\/pages"}],"about":[{"href":"https:\/\/tecnologia.ufpr.br\/cceq\/wp-json\/wp\/v2\/types\/page"}],"author":[{"embeddable":true,"href":"https:\/\/tecnologia.ufpr.br\/cceq\/wp-json\/wp\/v2\/users\/1003"}],"replies":[{"embeddable":true,"href":"https:\/\/tecnologia.ufpr.br\/cceq\/wp-json\/wp\/v2\/comments?post=446"}],"version-history":[{"count":9,"href":"https:\/\/tecnologia.ufpr.br\/cceq\/wp-json\/wp\/v2\/pages\/446\/revisions"}],"predecessor-version":[{"id":1062,"href":"https:\/\/tecnologia.ufpr.br\/cceq\/wp-json\/wp\/v2\/pages\/446\/revisions\/1062"}],"wp:attachment":[{"href":"https:\/\/tecnologia.ufpr.br\/cceq\/wp-json\/wp\/v2\/media?parent=446"}],"curies":[{"name":"wp","href":"https:\/\/api.w.org\/{rel}","templated":true}]}}