{"id":3489,"date":"2018-03-24T15:39:47","date_gmt":"2018-03-24T18:39:47","guid":{"rendered":"https:\/\/tecnologia.ufpr.br\/cceq\/?page_id=3489"},"modified":"2018-04-06T11:13:46","modified_gmt":"2018-04-06T14:13:46","slug":"1infraestrutura","status":"publish","type":"page","link":"https:\/\/tecnologia.ufpr.br\/cceq\/1infraestrutura","title":{"rendered":"Infraestrutura"},"content":{"rendered":"<h2 style=\"overflow: hidden;width: 85%;padding-left: 7.5%;padding-top: 20px;text-align: center\"><span style=\"font-size: 36pt;font-family: 'arial black', sans-serif;color: #3366ff\">INFRAESTRUTURA<\/span><\/h2>\n<p style=\"overflow: hidden;width: 85%;padding-left: 7.5%;padding-top: 20px;text-align: center;font-size: 14pt;color: #808080\">De diret\u00f3rio acad\u00eamico e empresa j\u00fanior at\u00e9 audit\u00f3rios e laborat\u00f3rios, a Engenharia Qu\u00edmica conta uma infraestrutura moderna e bem equipada para aulas e pesquisas.<\/p>\n<p>&nbsp;<\/p>\n<p><img decoding=\"async\" class=\"alignleft wp-image-2212 size-full\" style=\"padding-right: 1%\" src=\"https:\/\/tecnologia.ufpr.br\/cceq\/wp-content\/uploads\/sites\/5\/2016\/04\/DSC00067-e1521867206372.jpg\" alt=\"DSC00067\" width=\"60%;\" \/><\/p>\n<ul style=\"list-style-type: disc\">\n<li><span style=\"font-size: 12pt\">Gabinetes dos professores<\/span><\/li>\n<li><span style=\"font-size: 12pt\">Salas de aulas equipadas com projetores<\/span><\/li>\n<li><span style=\"font-size: 12pt\">Sala de mestrandos<\/span><\/li>\n<li><span style=\"font-size: 12pt\">Sala de bolsistas (PET)<\/span><\/li>\n<li><span style=\"font-size: 12pt\">Diret\u00f3rio Acad\u00eamico<\/span><\/li>\n<li><span style=\"font-size: 12pt\">Empresa J\u00fanior de Assessoria<\/span><\/li>\n<li><span style=\"font-size: 12pt\">Sala de Pesquisa<\/span><\/li>\n<li><span style=\"font-size: 12pt\">Laborat\u00f3rio Did\u00e1tico A (Microcomputadores)<\/span><\/li>\n<li><span style=\"font-size: 12pt\">Sala de microcomputadores com acesso a rede e ao software Aspen Tech para estudos<\/span><\/li>\n<li><span style=\"font-size: 12pt\">Local para estudo com 15 mesas , acesso a wifi e tomadas para aparelhos eletr\u00f4nicos.<\/span><\/li>\n<li class=\"level1\"><span style=\"font-size: 12pt\">Audit\u00f3rio Inferior localizado no piso t\u00e9rreo com capacidade para 116 pessoas. Possui projetor, sistema de som, microfones e rede wifi.<\/span><\/li>\n<li><span style=\"font-size: 12pt\">Audit\u00f3rio Superior localizado no 1\u00ba andar com capacidade para 109 pessoas. Possui projetor, tela multim\u00eddia e rede wifi.<\/span><\/li>\n<li><span style=\"font-size: 12pt\">Laborat\u00f3rio da Engenharia Qu\u00edmica \u2013 Labenge. Local onde s\u00e3o realizadas diversas aulas pr\u00e1ticas, \u00a0possibilitando aos alunos a experi\u00eancia e o contato direto com\u00a0a qu\u00edmica.<\/span><\/li>\n<\/ul>\n<p>&nbsp;<\/p>\n<hr \/>\n<p>&nbsp;<\/p>\n<p><img decoding=\"async\" src=\"https:\/\/tecnologia.ufpr.br\/cceq\/wp-content\/uploads\/sites\/5\/2016\/04\/5740798841_5d6226eb2d_o-1.jpg\" width=\"46.4%\" align=\"left\" \/> <img decoding=\"async\" src=\"https:\/\/tecnologia.ufpr.br\/cceq\/wp-content\/uploads\/sites\/5\/2016\/04\/8249702269_fd9f487826_k-1-1.jpg\" width=\"53.6%\" \/><\/p>\n<p><img decoding=\"async\" src=\"https:\/\/tecnologia.ufpr.br\/cceq\/wp-content\/uploads\/sites\/5\/2016\/04\/DSC_0308.jpg\" alt=\"DSC_0308\" width=\"50%\" align=\"left\" \/><img decoding=\"async\" src=\"https:\/\/tecnologia.ufpr.br\/cceq\/wp-content\/uploads\/sites\/5\/2016\/04\/DSC_0293.jpg\" alt=\"DSC_0293\" width=\"50%\" \/><\/p>\n<p><img decoding=\"async\" src=\"https:\/\/tecnologia.ufpr.br\/cceq\/wp-content\/uploads\/sites\/5\/2016\/04\/DSC_0229.jpg\" alt=\"DSC_0229\" width=\"50%\" align=\"left\" \/><img decoding=\"async\" src=\"https:\/\/tecnologia.ufpr.br\/cceq\/wp-content\/uploads\/sites\/5\/2016\/04\/DSC_0213.jpg\" alt=\"DSC_0213\" width=\"50%\" \/><\/p>\n<p><img decoding=\"async\" src=\"https:\/\/tecnologia.ufpr.br\/cceq\/wp-content\/uploads\/sites\/5\/2016\/04\/DSC_0206.jpg\" alt=\"DSC_0206\" width=\"50%\" align=\"left\" \/><\/p>\n<p><img decoding=\"async\" src=\"https:\/\/tecnologia.ufpr.br\/cceq\/wp-content\/uploads\/sites\/5\/2016\/04\/DSC_0202.jpg\" alt=\"DSC_0202\" width=\"50%\" \/><\/p>\n","protected":false},"excerpt":{"rendered":"<p>INFRAESTRUTURA De diret\u00f3rio acad\u00eamico e empresa j\u00fanior at\u00e9 audit\u00f3rios e laborat\u00f3rios, a Engenharia Qu\u00edmica conta uma infraestrutura moderna e bem equipada para aulas e pesquisas. &nbsp; Gabinetes dos professores Salas de aulas equipadas com projetores Sala de mestrandos Sala de bolsistas (PET) Diret\u00f3rio Acad\u00eamico Empresa&#8230;<br \/><a class=\"read-more-button\" href=\"https:\/\/tecnologia.ufpr.br\/cceq\/1infraestrutura\">Read more<\/a><\/p>\n","protected":false},"author":1003,"featured_media":0,"parent":0,"menu_order":0,"comment_status":"closed","ping_status":"closed","template":"template-without-title.php","meta":{"footnotes":""},"_links":{"self":[{"href":"https:\/\/tecnologia.ufpr.br\/cceq\/wp-json\/wp\/v2\/pages\/3489"}],"collection":[{"href":"https:\/\/tecnologia.ufpr.br\/cceq\/wp-json\/wp\/v2\/pages"}],"about":[{"href":"https:\/\/tecnologia.ufpr.br\/cceq\/wp-json\/wp\/v2\/types\/page"}],"author":[{"embeddable":true,"href":"https:\/\/tecnologia.ufpr.br\/cceq\/wp-json\/wp\/v2\/users\/1003"}],"replies":[{"embeddable":true,"href":"https:\/\/tecnologia.ufpr.br\/cceq\/wp-json\/wp\/v2\/comments?post=3489"}],"version-history":[{"count":57,"href":"https:\/\/tecnologia.ufpr.br\/cceq\/wp-json\/wp\/v2\/pages\/3489\/revisions"}],"predecessor-version":[{"id":3644,"href":"https:\/\/tecnologia.ufpr.br\/cceq\/wp-json\/wp\/v2\/pages\/3489\/revisions\/3644"}],"wp:attachment":[{"href":"https:\/\/tecnologia.ufpr.br\/cceq\/wp-json\/wp\/v2\/media?parent=3489"}],"curies":[{"name":"wp","href":"https:\/\/api.w.org\/{rel}","templated":true}]}}