{"id":3472,"date":"2018-03-23T23:31:07","date_gmt":"2018-03-24T02:31:07","guid":{"rendered":"https:\/\/tecnologia.ufpr.br\/cceq\/?page_id=3472"},"modified":"2018-04-06T14:51:06","modified_gmt":"2018-04-06T17:51:06","slug":"projeto-pedagogico","status":"publish","type":"page","link":"https:\/\/tecnologia.ufpr.br\/cceq\/projeto-pedagogico","title":{"rendered":"Projeto Pedag\u00f3gico"},"content":{"rendered":"<h2 style=\"text-align: center\"><span style=\"font-family: 'arial black', sans-serif;font-size: 36pt;color: #3366ff\">PROJETO PEDAG\u00d3GICO<\/span><\/h2>\n<p>&nbsp;<\/p>\n<p style=\"text-align: center\"><span style=\"font-size: 14pt;color: #808080\">Entenda mais sobre os objetivos e metas do curso, compreenda mais afundo nossa grade curricular e conhe\u00e7a todas as habilidades, compet\u00eancias e o perfil de nossos egressos do Curso de Engenharia Qu\u00edmica.<\/span><\/p>\n<p>&nbsp;<\/p>\n<p style=\"text-align: right\"><span style=\"font-size: 12pt\"><em><span style=\"color: #333333\">&#8220;Ao final da sequ\u00eancia de disciplinas de acompanhamento, o aluno ter\u00e1 uma vis\u00e3o global de como abordar o projeto de uma planta qu\u00edmica. Na sequ\u00eancia, os alunos receber\u00e3o as informa\u00e7\u00f5es complementares na disciplina de Projetos I e executar\u00e3o um projeto individual\u00a0na forma de um trabalho de conclus\u00e3o de curso na disciplina de Projetos II.&#8221;<\/span><\/em><\/span><\/p>\n<p><span style=\"font-size: 12pt;color: #333333\">Veja nosso Projeto Pedag\u00f3gico na integra: <a href=\"https:\/\/tecnologia.ufpr.br\/cceq\/wp-content\/uploads\/sites\/5\/2016\/04\/Projeto-Did%C3%A1tico-e-Pedag%C3%B3gico-_-Eng.-Qu%C3%ADmica.pdf\">Projeto Pedag\u00f3gico<\/a><\/span><\/p>\n<p>&nbsp;<\/p>\n","protected":false},"excerpt":{"rendered":"<p>PROJETO PEDAG\u00d3GICO &nbsp; Entenda mais sobre os objetivos e metas do curso, compreenda mais afundo nossa grade curricular e conhe\u00e7a todas as habilidades, compet\u00eancias e o perfil de nossos egressos do Curso de Engenharia Qu\u00edmica. &nbsp; &#8220;Ao final da sequ\u00eancia de disciplinas de acompanhamento, o&#8230;<br \/><a class=\"read-more-button\" href=\"https:\/\/tecnologia.ufpr.br\/cceq\/projeto-pedagogico\">Read more<\/a><\/p>\n","protected":false},"author":1003,"featured_media":0,"parent":0,"menu_order":0,"comment_status":"closed","ping_status":"closed","template":"template-without-title.php","meta":{"footnotes":""},"_links":{"self":[{"href":"https:\/\/tecnologia.ufpr.br\/cceq\/wp-json\/wp\/v2\/pages\/3472"}],"collection":[{"href":"https:\/\/tecnologia.ufpr.br\/cceq\/wp-json\/wp\/v2\/pages"}],"about":[{"href":"https:\/\/tecnologia.ufpr.br\/cceq\/wp-json\/wp\/v2\/types\/page"}],"author":[{"embeddable":true,"href":"https:\/\/tecnologia.ufpr.br\/cceq\/wp-json\/wp\/v2\/users\/1003"}],"replies":[{"embeddable":true,"href":"https:\/\/tecnologia.ufpr.br\/cceq\/wp-json\/wp\/v2\/comments?post=3472"}],"version-history":[{"count":7,"href":"https:\/\/tecnologia.ufpr.br\/cceq\/wp-json\/wp\/v2\/pages\/3472\/revisions"}],"predecessor-version":[{"id":3676,"href":"https:\/\/tecnologia.ufpr.br\/cceq\/wp-json\/wp\/v2\/pages\/3472\/revisions\/3676"}],"wp:attachment":[{"href":"https:\/\/tecnologia.ufpr.br\/cceq\/wp-json\/wp\/v2\/media?parent=3472"}],"curies":[{"name":"wp","href":"https:\/\/api.w.org\/{rel}","templated":true}]}}