{"id":346,"date":"2016-04-11T21:26:22","date_gmt":"2016-04-11T21:26:22","guid":{"rendered":"https:\/\/tecnologia.ufpr.br\/cceq\/?page_id=346"},"modified":"2017-11-24T18:54:27","modified_gmt":"2017-11-24T20:54:27","slug":"formacao","status":"publish","type":"page","link":"https:\/\/tecnologia.ufpr.br\/cceq\/formacao","title":{"rendered":"Forma\u00e7\u00e3o Complementar"},"content":{"rendered":"<p>&nbsp;<\/p>\n<p><span style=\"color: #ff6600;font-size: 18pt\">CURSOS DE IDIOMAS GRATUITOS<\/span><\/p>\n<hr \/>\n<ul>\n<li><span style=\"text-decoration: underline;color: #993300\"><strong>PROJETO IDIOMA SEM FRONTEIRAS<\/strong><\/span><\/li>\n<\/ul>\n<p style=\"padding-left: 30px\">Proposta:\u00a0o programa Idiomas sem Fronteiras (IsF) tem como principal objetivo incentivar o aprendizado de l\u00ednguas, al\u00e9m de propiciar uma mudan\u00e7a abrangente e estruturante no ensino de idiomas estrangeiros nas universidades do Pa\u00eds.Pratique leitura, escrita e conversa\u00e7\u00e3o e prepar-se para exames como Toefl. \u00a0Para alunos, professores e servidores. Totalmente Gratuito.<\/p>\n<p style=\"padding-left: 30px\"><strong>Site:<\/strong> <a href=\"http:\/\/isfufpr.wix.com\/isfufpr\" target=\"_blank\" rel=\"noopener\">http:\/\/isfufpr.wix.com\/isfufpr <\/a>\u00a0 \u00a0 \u00a0<strong> \u00a0 \u00a0 \u00a0 \u00a0 Fone:<\/strong> 041 3360- 5211<\/p>\n<ul>\n<li class=\"corpo\"><span style=\"color: #993300\"><em><span style=\"text-decoration: underline\"><strong>CELIN \u2013 CENTRO DE L\u00cdNGUAS DA UFPR<\/strong><\/span><\/em><\/span><br \/>\nProposta: Oferecer aos alunos e professores de gradua\u00e7\u00e3o e p\u00f3s-gradua\u00e7\u00e3o um espa\u00e7o que funcione como uma escola de aplica\u00e7\u00e3o, onde \u00e9 poss\u00edvel pensar a pr\u00e1tica pedag\u00f3gica e desenvolver pesquisas na \u00e1rea do ensino de l\u00edngua.<br \/>\nFone: (<span id=\"skype_c2c_container\" class=\"skype_c2c_container notranslate\" dir=\"ltr\"><span class=\"skype_c2c_highlighting_inactive_common\" dir=\"ltr\"><span id=\"non_free_num_ui\" class=\"skype_c2c_textarea_span\"><span class=\"skype_c2c_text_span\">41) 3360- 5101<\/span><\/span><\/span><\/span>\/ <span id=\"skype_c2c_container\" class=\"skype_c2c_container notranslate\" dir=\"ltr\"><span class=\"skype_c2c_highlighting_inactive_common\" dir=\"ltr\"><span id=\"non_free_num_ui\" class=\"skype_c2c_textarea_span\"><span class=\"skype_c2c_text_span\">(41) 3254-8715<\/span><\/span><\/span><\/span><br \/>\nSite: <a href=\"http:\/\/www.celin.ufpr.br\/\" target=\"_blank\" rel=\"noopener\">http:\/\/www.celin.ufpr.br\/<\/a><\/li>\n<\/ul>\n<ul>\n<li class=\"corpo\"><span style=\"color: #993300\"><em><span style=\"text-decoration: underline\"><strong>CURSO GRATUITO DE ALEM\u00c3O:\u00a0<\/strong><\/span><\/em><\/span>A plataforma disponibiliza uma variedade de material de apoio, exerc\u00edcios e testes facilitam o aprendizado. Os \u00e1udios, galerias de fotos e v\u00eddeos fornecem uma vis\u00e3o aut\u00eantica da vida na Alemanha. Acesse:\u00a0<a href=\"http:\/\/www.dw.com\/pt\/aprender-alem%C3%A3o\/deutsch-interaktiv\/s-9660\" target=\"_blank\" rel=\"noopener\">http:\/\/www.dw.com\/pt\/aprender-alem%C3%A3o\/deutsch-interaktiv\/s-9660<\/a><\/li>\n<\/ul>\n<p>&nbsp;<\/p>\n<ul>\n<li><span style=\"color: #993300\"><em><span style=\"text-decoration: underline\"><strong>ENGLISH ONLINE<\/strong><\/span><\/em><\/span><\/li>\n<li>O Minist\u00e9rio da Educa\u00e7\u00e3o (MEC), em parceria com a Coordena\u00e7\u00e3o de Aperfei\u00e7oamento de Pessoal de N\u00edvel Superior (CAPES), oferece aulas de ingl\u00eas gratuitas para estudantes oriundos de institui\u00e7\u00f5es de ensino superior p\u00fablicas e privadas no Brasil. Trata-se do curso <a href=\"http:\/\/www.myenglishonline.com.br\/saiba-mais\/o-curso\" target=\"_blank\" rel=\"noopener\">My English Online<\/a>.<\/li>\n<li>A plataforma on-line foi criada com o objetivo de preparar os estudantes para participar do programa Ci\u00eancias Sem Fronteiras. Sendo assim, alunos de gradua\u00e7\u00e3o ou p\u00f3s-gradua\u00e7\u00e3o podem participar. Primeiro voc\u00ea precisa checar se a sua institui\u00e7\u00e3o est\u00e1 entre as credenciadas.<\/li>\n<\/ul>\n<p>&nbsp;<\/p>\n<hr \/>\n<p><em><span style=\"color: #ff6600\"><strong>QUER SER UM EMPREENDEDOR? Alguns cursos gratuitos<\/strong><\/span><\/em><\/p>\n<ul>\n<li>Ag\u00eancia de Inova\u00e7\u00e3o da UFPR oferece cursos e workshops gratuitos sobre empreendedorismo e sobre inova\u00e7\u00e3o tecnol\u00f3gica. Veja aqui os eventos programados pela ag\u00eancia:\u00a0<a href=\"http:\/\/www.inovacao.ufpr.br\/\" target=\"_blank\" rel=\"noopener\">http:\/\/www.inovacao.ufpr.br\/<\/a>;<\/li>\n<\/ul>\n<ul>\n<li style=\"line-height: 1.5\">\n<p class=\"entry-title\" style=\"text-align: justify\">Harvard e MIT oferecem cursos gratuitos de empreendedorismo \u00a0As aulas acontecem de forma online e s\u00e3o uma boa oportunidade para quem deseja aumentar os conhecimentos sobre neg\u00f3cios.\u00a0A <a href=\"http:\/\/www.harvard.edu\/\" target=\"_blank\" rel=\"noopener\">Universidade de Harvard<\/a> e o <a href=\"http:\/\/web.mit.edu\/\" target=\"_blank\" rel=\"noopener\">Instituto de Tecnologia de Massachusetts (MIT)<\/a> oferecem cursos gratuitos na \u00e1rea empreendedorismo. Os interessados n\u00e3o precisam se deslocar at\u00e9 os Estados Unidos para assistir as aulas dessas duas institui\u00e7\u00f5es consagradas. Basta acessar o site da escola online <a href=\"https:\/\/www.edx.org\/\" target=\"_blank\" rel=\"noopener\">EDX<\/a> para visualizar o conte\u00fado. Ao final do Curso o interessado poder\u00e1 receber certificado (caso finalize o curso de modo satisfat\u00f3rio) do curso emitido pelas Universidades de Havard e MIT;<\/p>\n<\/li>\n<li style=\"line-height: 1.5\">\n<p class=\"entry-title\" style=\"text-align: justify\">FGV oferece cursos gratuitos na web para empreendedores .\u00a0As aulas ocorrem em formato de v\u00eddeo e s\u00e3o uma boa oportunidade de melhorar o curr\u00edculo.\u00a0Para se inscrever nos cursos, \u00e9 preciso apenas fazer um cadastro no site da <a href=\"http:\/\/www5.fgv.br\/fgvonline\/\" target=\"_blank\" rel=\"noopener\">FGV Online<\/a>.\u00a0Alguns dos cursos t\u00eam foco nos empreendedores. Os empreendedores, por exemplo, podem estudar sobre aulas de \u201cComo fazer investimentos\u201d e \u201cRecursos Humanos\u201d;<\/p>\n<\/li>\n<li style=\"line-height: 1.5\">\n<p class=\"entry-title\" style=\"text-align: justify\">USP lan\u00e7a na web curso gratuito de administra\u00e7\u00e3o de empresas.\u00a0O curso \u00e9 ministrado por H\u00e9lio Janny Teixeira, professor titular da Faculdade de Economia e Administra\u00e7\u00e3o (FEA\/USP) e transmitido pela plataforma Veduca. N\u00e3o \u00e9 necess\u00e1rio ter nenhum tipo de conhecimento espec\u00edfico do assunto. Segundo o professor, qualquer pessoa interessada na \u00e1rea pode participar.\u00a0Ao longo das aulas, o aluno tamb\u00e9m recebe sugest\u00f5es de bibliografias complementares para aprofundar o conte\u00fado. Confira o curso completo <a href=\"http:\/\/www.veduca.com.br\/\" target=\"_blank\" rel=\"noopener\">aqui<\/a>.<\/p>\n<\/li>\n<\/ul>\n<hr \/>\n<p><strong><span style=\"color: #ff6600;font-size: 18pt\">Educa\u00e7\u00e3o Continuada<\/span><\/strong><\/p>\n<ul>\n<li>Fa\u00e7a um curso online e gratuito acessando\u00a0<a href=\"https:\/\/www.edx.org\/\" target=\"_blank\" rel=\"noopener\">https:\/\/www.edx.org\/<\/a>.<\/li>\n<li>Plataforma de cursos online da USP:\u00a0<a href=\"http:\/\/www.veduca.com.br\/\" target=\"_blank\" rel=\"noopener\">http:\/\/www.veduca.com.br\/<\/a><\/li>\n<li>Plataforma de cursos online da FGV:\u00a0<a href=\"http:\/\/www5.fgv.br\/fgvonline\/\" target=\"_blank\" rel=\"noopener\">http:\/\/www5.fgv.br\/fgvonline\/<\/a><\/li>\n<li>Cursos Senai:\u00a0<a href=\"http:\/\/www.senaipr.org.br\/para-voce\/?ref=pv\" target=\"_blank\" rel=\"noopener\">http:\/\/www.senaipr.org.br\/para-voce\/?ref=pv<\/a><\/li>\n<li>Cursos Senac:\u00a0<a href=\"https:\/\/www.pr.senac.br\/principal\/index.asp\" target=\"_blank\" rel=\"noopener\">https:\/\/www.pr.senac.br\/principal\/index.asp<\/a><\/li>\n<li>Cursos Sebrae:\u00a0<a href=\"http:\/\/www.sebrae.com.br\/sites\/PortalSebrae\" target=\"_blank\" rel=\"noopener\">http:\/\/www.sebrae.com.br\/sites\/PortalSebrae<\/a><\/li>\n<\/ul>\n<h4><\/h4>\n<h4><span style=\"color: #ff6600;font-size: 14pt\">Cursos gratuitos no CIEE\/PR<\/span><\/h4>\n<hr \/>\n<p>O CIEE\/PR, por meio do Programa de Capacita\u00e7\u00e3o e Cidadania, oferece gratuitamente v\u00e1rios cursos, palestras, treinamentos e oficinas em diversos munic\u00edpios do Estado.<\/p>\n<p>O programa contempla estudantes cadastrados no CIEE\/PR, matriculados no Ensino M\u00e9dio, T\u00e9cnico e Superior, sem deixar de atender aqueles que j\u00e1 conclu\u00edram seus estudos.\u00a0O objetivo principal \u00e9 incentivar o aperfei\u00e7oamento profissional e a inclus\u00e3o social, promovendo a cidadania e a redu\u00e7\u00e3o das desigualdades sociais.<\/p>\n<p><strong>P\u00fablico alvo:<\/strong> a juventude, seus familiares e sua comunidade.<strong> O apoio a esse p\u00fablico que encontra dificuldade para se inserir no mundo do trabalho<\/strong>, seja na conquista de um est\u00e1gio ou do primeiro emprego, ser\u00e1 feito atrav\u00e9s da oferta de temas que ser\u00e3o abordados na teoria ou pr\u00e1tica possibilitando aumentar seu conhecimento e compet\u00eancia desejados pelas empresas, tais como: administra\u00e7\u00e3o do tempo, marketing pessoal, lideran\u00e7a, comunica\u00e7\u00e3o, relacionamento interpessoal, entre outros. Segue rela\u00e7\u00e3o abaixo dos cursos.<\/p>\n<p>Para mais informa\u00e7\u00f5es, consulte-nos pelo site <a href=\"http:\/\/www.cieepr.org.br\" target=\"_blank\" rel=\"noopener\">http:\/\/www.cieepr.org.br<\/a> ou pelos telefones: (41) 3313-4371 \u2013 (41) 3313-4367 \u2013 e-mail: cidadania@cieepr.org.br ou em uma Unidade Operacional mais pr\u00f3xima.<\/p>\n<p>veja aqui a lista para 2016:\u00a0<a href=\"http:\/\/www.cieepr.org.br\/wp-content\/uploads\/2010\/03\/Conteudo-Ementa-Cursos-Livres.pdf\" target=\"_blank\" rel=\"noopener\">EMENTA &#8211; CONTE\u00daDO DOS CURSOS LIVRES (Gratuitos)<\/a><\/p>\n<p>e aqui:<a href=\"http:\/\/www.cieepr.org.br\/wp-content\/uploads\/2010\/03\/Programa-dos-Cursos-Livres-Agosto-2016.pdf\" target=\"_blank\" rel=\"noopener\">\u00a0http:\/\/www.cieepr.org.br\/wp-content\/uploads\/2010\/03\/Programa-dos-Cursos-Livres-Agosto-2016.pdf<\/a><\/p>\n<hr \/>\n<h4><span style=\"color: #ff6600;font-size: 14pt\">Cursos variados no SEBRAE!<\/span><\/h4>\n<p>Gosta de temas relacionados \u00e0 gest\u00e3o, neg\u00f3cios, lideran\u00e7a, empreendedorismo, finan\u00e7as? H\u00e1 muitas op\u00e7\u00f5es de cursos de capacita\u00e7\u00e3o, alguns presenciais outros online. H\u00e1 op\u00e7\u00f5es gratuitas tamb\u00e9m. Veja aqui as op\u00e7\u00f5es: <a href=\"http:\/\/www.sebrae.com.br\/\" target=\"_blank\" rel=\"noopener\">www.sebrae.com.br<\/a><\/p>\n<hr \/>\n<h4><span style=\"color: #ff6600;font-size: 14pt\">Cursos variados no SENAI!<\/span><\/h4>\n<p>O <a href=\"http:\/\/www.portaldaindustria.com.br\/senai\/\" target=\"_blank\" rel=\"noopener\">Servi\u00e7o Nacional de Aprendizagem Industrial (SENAI)<\/a>\u00a0possui vagas abertas em todo o pa\u00eds para os jovens que querem aprender uma nova profiss\u00e3o e para os mais experientes se desenvolverem ainda mais. S\u00e3o oportunidades em cursos de qualifica\u00e7\u00e3o, t\u00e9cnico, aperfei\u00e7oamento, gradua\u00e7\u00e3o e p\u00f3s-gradua\u00e7\u00e3o, pagos e gratuitos, cursos de curta dura\u00e7\u00e3o e outras op\u00e7\u00f5es. Veja aqui:<a href=\"http:\/\/www.portaldaindustria.com.br\/\" target=\"_blank\" rel=\"noopener\">\u00a0http:\/\/www.portaldaindustria.com.br\/<\/a><\/p>\n<p>Aqui op\u00e7\u00f5es para EAD: <a href=\"http:\/\/www.sistemafiep.org.br\/ead\/.\" target=\"_blank\" rel=\"noopener\">http:\/\/www.sistemafiep.org.br\/ead\/<\/a><\/p>\n<p>&nbsp;<\/p>\n<hr \/>\n<p><span style=\"color: #ff6600\"><em><strong>Programa de Educa\u00e7\u00e3o Continuada de Usu\u00e1rios da Biblioteca (ProEduC<\/strong>)<\/em><\/span><\/p>\n<ul>\n<li><span style=\"color: #000000\">O ProEduC \u00e9 um servi\u00e7o oferecido pelo Setor de Refer\u00eancia e Informa\u00e7\u00e3o (SRI) do Sistema de Bibliotecas da UFPR (SiBi\/UFPR). Aberto a toda a comunidade.<\/span><\/li>\n<li><span style=\"color: #000000\">Informa\u00e7\u00f5es sobre as datas dos cursos e inscri\u00e7\u00f5es:<a style=\"color: #000000\" href=\"http:\/\/www.portal.ufpr.br\/\" target=\"_blank\" rel=\"noopener\">\u00a0http:\/\/www.portal.ufpr.br\/<\/a><\/span><\/li>\n<\/ul>\n<p>&nbsp;<\/p>\n<p>&nbsp;<\/p>\n<p>&nbsp;<\/p>\n<p>&nbsp;<\/p>\n<hr \/>\n<p><em><strong>\u00a9 2016\/2017 Elaine Vosniak Takeshita DEQ\/UFPR<\/strong><a id=\"\u00a9 2016\/2017 Elaine Vosniak Takeshita DEQ\/UFPR\"><\/a><\/em><\/p>\n<hr \/>\n<p>&nbsp;<\/p>\n","protected":false},"excerpt":{"rendered":"<p>&nbsp; CURSOS DE IDIOMAS GRATUITOS PROJETO IDIOMA SEM FRONTEIRAS Proposta:\u00a0o programa Idiomas sem Fronteiras (IsF) tem como principal objetivo incentivar o aprendizado de l\u00ednguas, al\u00e9m de propiciar uma mudan\u00e7a abrangente e estruturante no ensino de idiomas estrangeiros nas universidades do Pa\u00eds.Pratique leitura, escrita e conversa\u00e7\u00e3o&#8230;<br \/><a class=\"read-more-button\" href=\"https:\/\/tecnologia.ufpr.br\/cceq\/formacao\">Read more<\/a><\/p>\n","protected":false},"author":1003,"featured_media":0,"parent":0,"menu_order":0,"comment_status":"closed","ping_status":"closed","template":"","meta":{"footnotes":""},"_links":{"self":[{"href":"https:\/\/tecnologia.ufpr.br\/cceq\/wp-json\/wp\/v2\/pages\/346"}],"collection":[{"href":"https:\/\/tecnologia.ufpr.br\/cceq\/wp-json\/wp\/v2\/pages"}],"about":[{"href":"https:\/\/tecnologia.ufpr.br\/cceq\/wp-json\/wp\/v2\/types\/page"}],"author":[{"embeddable":true,"href":"https:\/\/tecnologia.ufpr.br\/cceq\/wp-json\/wp\/v2\/users\/1003"}],"replies":[{"embeddable":true,"href":"https:\/\/tecnologia.ufpr.br\/cceq\/wp-json\/wp\/v2\/comments?post=346"}],"version-history":[{"count":21,"href":"https:\/\/tecnologia.ufpr.br\/cceq\/wp-json\/wp\/v2\/pages\/346\/revisions"}],"predecessor-version":[{"id":358,"href":"https:\/\/tecnologia.ufpr.br\/cceq\/wp-json\/wp\/v2\/pages\/346\/revisions\/358"}],"wp:attachment":[{"href":"https:\/\/tecnologia.ufpr.br\/cceq\/wp-json\/wp\/v2\/media?parent=346"}],"curies":[{"name":"wp","href":"https:\/\/api.w.org\/{rel}","templated":true}]}}