{"id":777,"date":"2016-04-18T00:43:23","date_gmt":"2016-04-18T00:43:23","guid":{"rendered":"https:\/\/tecnologia.ufpr.br\/cceq\/?page_id=768"},"modified":"2024-11-04T16:15:59","modified_gmt":"2024-11-04T19:15:59","slug":"cancelamento-de-disciplinas","status":"publish","type":"page","link":"https:\/\/tecnologia.ufpr.br\/ccec\/cancelamento-de-disciplinas\/","title":{"rendered":"Cancelamento de Disciplinas"},"content":{"rendered":"\n<h3 class=\"wp-block-heading\">Prazos para requerimento de Cancelamento de Matr\u00edcula em Disciplinas no SIGA<\/h3>\n\n\n\n<p><strong>2024 &#8211; 2\u00ba semestre: de 16\/09\/2024 a 25\/10\/2024<\/strong><\/p>\n\n\n\n<hr class=\"wp-block-separator has-alpha-channel-opacity\" \/>\n\n\n\n<ul>\n<li>Ser\u00e1 solicitado diretamente pelo estudante no Sistema SIGA dentro dos prazos estabelecidos pelo Calend\u00e1rio Acad\u00eamico;<\/li>\n\n\n\n<li>O cancelamento de disciplinas n\u00e3o pode implicar em uma carga hor\u00e1ria abaixo do valor m\u00ednimo;<\/li>\n\n\n\n<li>O aluno n\u00e3o poder\u00e1 cancelar a mesma disciplina mais de uma vez;<\/li>\n\n\n\n<li>S\u00f3 ser\u00e1 admitido mais de um cancelamento de matr\u00edcula na mesma disciplina por motivo de doen\u00e7a ou for\u00e7a maior, devidamente comprovado e aceito pelo Colegiado do curso. (<a href=\"http:\/\/www.soc.ufpr.br\/wp-content\/uploads\/2016\/07\/Res-37-97-CEPE-atividades-acad%C3%AAmicas-alterada-modificada-01.03.18.pdf\">Resolu\u00e7\u00e3o n\u00ba 37\/97\u2013CEPE, art. 60, \u00a7 3\u00ba<\/a>).<\/li>\n\n\n\n<li>O cancelamento\u00a0n\u00e3o pode em hip\u00f3tese alguma, zerar a matr\u00edcula do aluno em qualquer per\u00edodo letivo, sob a pena de ter o registro acad\u00eamico do aluno cancelado.<\/li>\n<\/ul>\n\n\n\n<p><strong><u>ATEN\u00c7\u00c3O<\/u><\/strong>: o cancelamento de disciplinas somente pode ser efetuado uma vez, sendo registrado no Hist\u00f3rico Escolar.<\/p>\n\n\n\n<p><span style=\"text-decoration: underline\"><strong>O cancelamento n\u00e3o ser\u00e1 efetuado nas seguintes condi\u00e7\u00f5es:<\/strong><\/span><\/p>\n\n\n\n<ul>\n<li><strong>quando a carga hor\u00e1ria ficar abaixo de 180 horas, quando a disciplina for da barreira, quando a disciplina j\u00e1 tiver sido cancelada anteriormente ou quando atrasar a formatura.<\/strong><\/li>\n<\/ul>\n\n\n\n<div style=\"height:100px\" aria-hidden=\"true\" class=\"wp-block-spacer\"><\/div>\n\n\n\n<div class=\"wp-block-group is-nowrap is-layout-flex wp-container-core-group-is-layout-1 wp-block-group-is-layout-flex\">\n<p>Atualizado em: <\/p>\n\n\n<div class=\"wp-block-post-date__modified-date wp-block-post-date\"><time datetime=\"2024-11-04T16:15:59-03:00\">4 de novembro de 2024<\/time><\/div><\/div>\n","protected":false},"excerpt":{"rendered":"<p>Prazos para requerimento de Cancelamento de Matr\u00edcula em Disciplinas no SIGA 2024 &#8211; 2\u00ba semestre: de 16\/09\/2024 a 25\/10\/2024 ATEN\u00c7\u00c3O: o cancelamento de disciplinas somente [&hellip;]<\/p>\n","protected":false},"author":1,"featured_media":0,"parent":0,"menu_order":0,"comment_status":"closed","ping_status":"closed","template":"","meta":{"footnotes":""},"_links":{"self":[{"href":"https:\/\/tecnologia.ufpr.br\/ccec\/wp-json\/wp\/v2\/pages\/777"}],"collection":[{"href":"https:\/\/tecnologia.ufpr.br\/ccec\/wp-json\/wp\/v2\/pages"}],"about":[{"href":"https:\/\/tecnologia.ufpr.br\/ccec\/wp-json\/wp\/v2\/types\/page"}],"author":[{"embeddable":true,"href":"https:\/\/tecnologia.ufpr.br\/ccec\/wp-json\/wp\/v2\/users\/1"}],"replies":[{"embeddable":true,"href":"https:\/\/tecnologia.ufpr.br\/ccec\/wp-json\/wp\/v2\/comments?post=777"}],"version-history":[{"count":10,"href":"https:\/\/tecnologia.ufpr.br\/ccec\/wp-json\/wp\/v2\/pages\/777\/revisions"}],"predecessor-version":[{"id":7373,"href":"https:\/\/tecnologia.ufpr.br\/ccec\/wp-json\/wp\/v2\/pages\/777\/revisions\/7373"}],"wp:attachment":[{"href":"https:\/\/tecnologia.ufpr.br\/ccec\/wp-json\/wp\/v2\/media?parent=777"}],"curies":[{"name":"wp","href":"https:\/\/api.w.org\/{rel}","templated":true}]}}