{"id":1158,"date":"2016-04-27T00:03:45","date_gmt":"2016-04-27T00:03:45","guid":{"rendered":"https:\/\/tecnologia.ufpr.br\/cceq\/?page_id=1158"},"modified":"2024-11-07T14:07:28","modified_gmt":"2024-11-07T17:07:28","slug":"projeto-didatico-pedagogico","status":"publish","type":"page","link":"https:\/\/tecnologia.ufpr.br\/ccec\/projeto-didatico-pedagogico\/","title":{"rendered":"Projeto Did\u00e1tico Pedag\u00f3gico"},"content":{"rendered":"\n<div style=\"height:40px\" aria-hidden=\"true\" class=\"wp-block-spacer\"><\/div>\n\n\n\n<h3 class=\"wp-block-heading\"><strong>Perfil dos Egressos (Formandos)<\/strong><\/h3>\n\n\n\n<div style=\"height:40px\" aria-hidden=\"true\" class=\"wp-block-spacer\"><\/div>\n\n\n\n<p>Perfil desejado para o egresso do Curso de Engenharia Civil da UFPR, que deve contemplar os seguintes quesitos:<\/p>\n\n\n\n<div style=\"height:40px\" aria-hidden=\"true\" class=\"wp-block-spacer\"><\/div>\n\n\n\n<ol>\n<li>s\u00f3lida forma\u00e7\u00e3o em ci\u00eancias b\u00e1sicas e de engenharia, aliada \u00e0 capacidade para enfrentar e solucionar problemas da habilita\u00e7\u00e3o e para buscar continua atualiza\u00e7\u00e3o e aperfei\u00e7oamento.<\/li>\n\n\n\n<li>dom\u00ednio dos princ\u00edpios b\u00e1sicos unificadores dos diversos sistemas e processos da habilita\u00e7\u00e3o.<\/li>\n\n\n\n<li>capacidade de utiliza\u00e7\u00e3o da inform\u00e1tica como instrumento do exerc\u00edcio da engenharia.<\/li>\n\n\n\n<li>dom\u00ednio das t\u00e9cnicas b\u00e1sicas de gerenciamento e administra\u00e7\u00e3o dos recursos utilizados na profiss\u00e3o.<\/li>\n\n\n\n<li>capacidade de trabalho em equipes multidisciplinares.<\/li>\n\n\n\n<li>forma\u00e7\u00e3o \u00e9tico-profissional.<\/li>\n\n\n\n<li>forma\u00e7\u00e3o abrangente que lhe propicie sensibilidade para as quest\u00f5es human\u00edsticas, sociais e ambientais.<\/li>\n\n\n\n<li>capacidade pr\u00e1tica de abordagem experimental.<\/li>\n\n\n\n<li>senso econ\u00f4mico-financeiro.<\/li>\n<\/ol>\n\n\n\n<div style=\"height:40px\" aria-hidden=\"true\" class=\"wp-block-spacer\"><\/div>\n\n\n\n<h4 class=\"wp-block-heading\"><strong>Habilidades e Compet\u00eancias dos Egressos<\/strong><\/h4>\n\n\n\n<div style=\"height:40px\" aria-hidden=\"true\" class=\"wp-block-spacer\"><\/div>\n\n\n\n<p>A forma\u00e7\u00e3o do engenheiro tem por objetivo dotar o profissional dos conhecimentos requeridos para o exerc\u00edcio das seguintes compet\u00eancias e habilidades gerais:<\/p>\n\n\n\n<div style=\"height:40px\" aria-hidden=\"true\" class=\"wp-block-spacer\"><\/div>\n\n\n\n<ol>\n<li>aplicar&nbsp;&nbsp; conhecimentos&nbsp;&nbsp; matem\u00e1ticos,&nbsp;&nbsp; cient\u00edficos, tecnol\u00f3gicos e instrumentais \u00e0 engenharia;<\/li>\n\n\n\n<li>projetar e&nbsp; conduzir&nbsp; experimentos&nbsp; e&nbsp; interpretar resultados;<\/li>\n\n\n\n<li>conceber, projetar e analisar sistemas,&nbsp; produtos e processos;<\/li>\n\n\n\n<li>planejar, supervisionar, elaborar e coordenar projetos e servi\u00e7os de engenharia;<\/li>\n\n\n\n<li>identificar, formular&nbsp; e&nbsp; resolver&nbsp; problemas&nbsp; de engenharia;<\/li>\n\n\n\n<li>desenvolver e\/ou&nbsp; utilizar&nbsp; novas&nbsp; ferramentas&nbsp; e t\u00e9cnicas;<\/li>\n\n\n\n<li>supervisionar a opera\u00e7\u00e3o e a manuten\u00e7\u00e3o de sistemas;<\/li>\n\n\n\n<li>avaliar&nbsp;&nbsp; criticamente&nbsp;&nbsp; ordens&nbsp;&nbsp; de&nbsp;&nbsp; grandeza&nbsp;&nbsp; e&nbsp;signific\u00e2ncia de resultados num\u00e9ricos;<\/li>\n\n\n\n<li>comunicar-se eficientemente nas formas escrita, oral e&nbsp;gr\u00e1fica;<\/li>\n\n\n\n<li>atuar em equipes multidisciplinares;<\/li>\n\n\n\n<li>compreender&nbsp; e&nbsp; aplicar&nbsp; a&nbsp; \u00e9tica&nbsp; e&nbsp; responsabilidade&nbsp;profissionais;<\/li>\n\n\n\n<li>avaliar o impacto das atividades da engenharia no&nbsp;contexto social e ambiental;<\/li>\n\n\n\n<li>avaliar&nbsp; a&nbsp; viabilidade&nbsp; econ\u00f4mica&nbsp; de&nbsp; projetos&nbsp; de&nbsp;engenharia;<\/li>\n\n\n\n<li>assumir a postura de permanente busca de atualiza\u00e7\u00e3o profissional.<\/li>\n<\/ol>\n\n\n\n<div style=\"height:40px\" aria-hidden=\"true\" class=\"wp-block-spacer\"><\/div>\n\n\n\n<hr class=\"wp-block-separator has-alpha-channel-opacity\" \/>\n\n\n\n<p><a href=\"https:\/\/tecnologia.ufpr.br\/ccec\/projeto-didatico-pedagogico\/\"><strong>Projeto Did\u00e1tico e Pedag\u00f3gico de Engenharia Civil<\/strong>.<\/a><\/p>\n\n\n\n<div style=\"height:100px\" aria-hidden=\"true\" class=\"wp-block-spacer\"><\/div>\n\n\n\n<div class=\"wp-block-group is-nowrap is-layout-flex wp-container-core-group-is-layout-2 wp-block-group-is-layout-flex\">\n<div class=\"wp-block-group is-nowrap is-layout-flex wp-container-core-group-is-layout-1 wp-block-group-is-layout-flex\">\n<p>Atualizado em: <\/p>\n<\/div>\n\n\n<div class=\"wp-block-post-date__modified-date wp-block-post-date\"><time datetime=\"2024-11-07T14:07:28-03:00\">7 de novembro de 2024<\/time><\/div><\/div>\n","protected":false},"excerpt":{"rendered":"<p>Perfil dos Egressos (Formandos) Perfil desejado para o egresso do Curso de Engenharia Civil da UFPR, que deve contemplar os seguintes quesitos: Habilidades e Compet\u00eancias [&hellip;]<\/p>\n","protected":false},"author":1,"featured_media":0,"parent":0,"menu_order":0,"comment_status":"closed","ping_status":"closed","template":"","meta":{"footnotes":""},"_links":{"self":[{"href":"https:\/\/tecnologia.ufpr.br\/ccec\/wp-json\/wp\/v2\/pages\/1158"}],"collection":[{"href":"https:\/\/tecnologia.ufpr.br\/ccec\/wp-json\/wp\/v2\/pages"}],"about":[{"href":"https:\/\/tecnologia.ufpr.br\/ccec\/wp-json\/wp\/v2\/types\/page"}],"author":[{"embeddable":true,"href":"https:\/\/tecnologia.ufpr.br\/ccec\/wp-json\/wp\/v2\/users\/1"}],"replies":[{"embeddable":true,"href":"https:\/\/tecnologia.ufpr.br\/ccec\/wp-json\/wp\/v2\/comments?post=1158"}],"version-history":[{"count":10,"href":"https:\/\/tecnologia.ufpr.br\/ccec\/wp-json\/wp\/v2\/pages\/1158\/revisions"}],"predecessor-version":[{"id":7462,"href":"https:\/\/tecnologia.ufpr.br\/ccec\/wp-json\/wp\/v2\/pages\/1158\/revisions\/7462"}],"wp:attachment":[{"href":"https:\/\/tecnologia.ufpr.br\/ccec\/wp-json\/wp\/v2\/media?parent=1158"}],"curies":[{"name":"wp","href":"https:\/\/api.w.org\/{rel}","templated":true}]}}