{"id":67,"date":"2016-04-12T20:36:03","date_gmt":"2016-04-12T20:36:03","guid":{"rendered":"https:\/\/tecnologia.ufpr.br\/cbta\/?page_id=67"},"modified":"2016-04-18T16:24:04","modified_gmt":"2016-04-18T16:24:04","slug":"conheca-curitiba","status":"publish","type":"page","link":"https:\/\/tecnologia.ufpr.br\/cbta\/conheca-curitiba\/","title":{"rendered":"Conhe\u00e7a Curitiba"},"content":{"rendered":"<p>Curitiba \u00e9 a capital do Paran\u00e1, um dos tr\u00eas Estados que comp\u00f5em a Regi\u00e3o Sul do Brasil. Sua funda\u00e7\u00e3o oficial data de 29 de mar\u00e7o de 1693, quando foi criada a C\u00e2mara\u00a0(Turismo Curitiba, 2016).<\/p>\n<p>Eleita tr\u00eas vezes pela Revista Exame como a melhor cidade do Brasil para se fazer neg\u00f3cios, Curitiba \u00e9 atra\u00e7\u00e3o tur\u00edstica tamb\u00e9m nessa \u00e1rea. Mais de 50% de seus visitantes v\u00eam \u00e0 cidade para o chamado turismo de eventos. Infra-estrutura \u00e9 o que n\u00e3o falta. Curitiba e seus munic\u00edpios vizinhos possuem aproximadamente 140 espa\u00e7os para a realiza\u00e7\u00e3o de eventos. Existem ainda dois modernos centros de conven\u00e7\u00f5es, como o Esta\u00e7\u00e3o Embratel Convention Center e o Expotrade.<\/p>\n<p>Curitiba e sua Regi\u00e3o Metropolitana possuem uma infra-estrutura hoteleira moderna. S\u00e3o 150 hot\u00e9is e flats que oferecem 18 mil leitos. (maio\/2005). A gastronomia diversificada, com especialidades \u00e9tnicas e regionais oferecidas por 6 mil bares e restaurantes; 26 shoppings centers &#8211; sendo cinco deles com padr\u00e3o internacional &#8211; e a exist\u00eancia do Aeroporto Internacional Afonso Pena ajudam a tornar Curitiba uma refer\u00eancia para o turismo de neg\u00f3cios, principalmente para o Mercosul (PREFEITURA DE CURITIBA, 2016).<\/p>\n<p>A cidade conta com Museus, Zool\u00f3gico, Teatros, Parques, Shoppings, Centros de Conven\u00e7\u00f5es, Monumentos Hist\u00f3ricos, feiras e roteiros tur\u00edsticos. Vejam algumas fotos desta bela cidade que ir\u00e1 sediar o\u00a01\u00ba CBTA \u2013 Congresso Brasileiro de Pesquisa e Desenvolvimento em Tecnologia Assistiva.<\/p>\n<div id=\"attachment_87\" style=\"width: 310px\" class=\"wp-caption alignleft\"><a href=\"https:\/\/tecnologia.ufpr.br\/cbta\/conheca-curitiba\/projetado-por-oscar-niemeyer-museu-do-olho\/\" rel=\"attachment wp-att-87\"><img loading=\"lazy\" decoding=\"async\" aria-describedby=\"caption-attachment-87\" class=\"size-medium wp-image-87\" src=\"https:\/\/tecnologia.ufpr.br\/cbta\/wp-content\/uploads\/sites\/4\/2016\/04\/Projetado-por-Oscar-Niemeyer-Museu-do-Olho-300x185.jpeg\" alt=\"Projetado por Oscar Niemeyer, Museu do Olho\" width=\"300\" height=\"185\" srcset=\"https:\/\/tecnologia.ufpr.br\/cbta\/wp-content\/uploads\/sites\/4\/2016\/04\/Projetado-por-Oscar-Niemeyer-Museu-do-Olho-300x185.jpeg 300w, https:\/\/tecnologia.ufpr.br\/cbta\/wp-content\/uploads\/sites\/4\/2016\/04\/Projetado-por-Oscar-Niemeyer-Museu-do-Olho.jpeg 620w\" sizes=\"(max-width: 300px) 100vw, 300px\" \/><\/a><p id=\"caption-attachment-87\" class=\"wp-caption-text\">Projetado por Oscar Niemeyer, Museu do Olho<\/p><\/div>\n<div>\n<div id=\"attachment_85\" style=\"width: 310px\" class=\"wp-caption alignright\"><a href=\"https:\/\/tecnologia.ufpr.br\/cbta\/conheca-curitiba\/bar-do-alemao\/\" rel=\"attachment wp-att-85\"><img loading=\"lazy\" decoding=\"async\" aria-describedby=\"caption-attachment-85\" class=\"size-medium wp-image-85\" src=\"https:\/\/tecnologia.ufpr.br\/cbta\/wp-content\/uploads\/sites\/4\/2016\/04\/Bar-do-Alem\u00e3o-300x185.jpeg\" alt=\"Bar do Alem\u00e3o\" width=\"300\" height=\"185\" srcset=\"https:\/\/tecnologia.ufpr.br\/cbta\/wp-content\/uploads\/sites\/4\/2016\/04\/Bar-do-Alem\u00e3o-300x185.jpeg 300w, https:\/\/tecnologia.ufpr.br\/cbta\/wp-content\/uploads\/sites\/4\/2016\/04\/Bar-do-Alem\u00e3o.jpeg 620w\" sizes=\"(max-width: 300px) 100vw, 300px\" \/><\/a><p id=\"caption-attachment-85\" class=\"wp-caption-text\">Bar do Alem\u00e3o<\/p><\/div>\n<p>&nbsp;<\/p>\n<p>&nbsp;<\/p>\n<p>&nbsp;<\/p>\n<p>&nbsp;<\/p>\n<p>&nbsp;<\/p>\n<p>&nbsp;<\/p>\n<p>&nbsp;<\/p>\n<div id=\"attachment_86\" style=\"width: 310px\" class=\"wp-caption alignleft\"><a href=\"https:\/\/tecnologia.ufpr.br\/cbta\/conheca-curitiba\/palacio-avenida-predio-de-1929\/\" rel=\"attachment wp-att-86\"><img loading=\"lazy\" decoding=\"async\" aria-describedby=\"caption-attachment-86\" class=\"size-medium wp-image-86\" src=\"https:\/\/tecnologia.ufpr.br\/cbta\/wp-content\/uploads\/sites\/4\/2016\/04\/Pal\u00e1cio-Avenida-pr\u00e9dio-de-1929-300x185.jpeg\" alt=\"Pal\u00e1cio Avenida, pr\u00e9dio de 1929\" width=\"300\" height=\"185\" srcset=\"https:\/\/tecnologia.ufpr.br\/cbta\/wp-content\/uploads\/sites\/4\/2016\/04\/Pal\u00e1cio-Avenida-pr\u00e9dio-de-1929-300x185.jpeg 300w, https:\/\/tecnologia.ufpr.br\/cbta\/wp-content\/uploads\/sites\/4\/2016\/04\/Pal\u00e1cio-Avenida-pr\u00e9dio-de-1929.jpeg 620w\" sizes=\"(max-width: 300px) 100vw, 300px\" \/><\/a><p id=\"caption-attachment-86\" class=\"wp-caption-text\">Pal\u00e1cio Avenida, pr\u00e9dio de 1929<\/p><\/div>\n<div id=\"attachment_83\" style=\"width: 310px\" class=\"wp-caption alignright\"><a href=\"https:\/\/tecnologia.ufpr.br\/cbta\/conheca-curitiba\/linha-turismo-turistas-conhecem-as-principais-atracoes-de-curitiba\/\" rel=\"attachment wp-att-83\"><img loading=\"lazy\" decoding=\"async\" aria-describedby=\"caption-attachment-83\" class=\"size-medium wp-image-83\" src=\"https:\/\/tecnologia.ufpr.br\/cbta\/wp-content\/uploads\/sites\/4\/2016\/04\/Linha-Turismo-turistas-conhecem-as-principais-atra\u00e7\u00f5es-de-Curitiba-300x185.jpeg\" alt=\"Linha Turismo, turistas conhecem as principais atra\u00e7\u00f5es de Curitiba\" width=\"300\" height=\"185\" srcset=\"https:\/\/tecnologia.ufpr.br\/cbta\/wp-content\/uploads\/sites\/4\/2016\/04\/Linha-Turismo-turistas-conhecem-as-principais-atra\u00e7\u00f5es-de-Curitiba-300x185.jpeg 300w, https:\/\/tecnologia.ufpr.br\/cbta\/wp-content\/uploads\/sites\/4\/2016\/04\/Linha-Turismo-turistas-conhecem-as-principais-atra\u00e7\u00f5es-de-Curitiba.jpeg 620w\" sizes=\"(max-width: 300px) 100vw, 300px\" \/><\/a><p id=\"caption-attachment-83\" class=\"wp-caption-text\">Linha Turismo, turistas conhecem as principais atra\u00e7\u00f5es de Curitiba<\/p><\/div>\n<p>&nbsp;<\/p>\n<p>&nbsp;<\/p>\n<p>&nbsp;<\/p>\n<p>&nbsp;<\/p>\n<p>&nbsp;<\/p>\n<p>&nbsp;<\/p>\n<p>&nbsp;<\/p>\n<p>&nbsp;<\/p>\n<div id=\"attachment_84\" style=\"width: 310px\" class=\"wp-caption alignleft\"><a href=\"https:\/\/tecnologia.ufpr.br\/cbta\/conheca-curitiba\/catedral-basilica-menor-localizada-no-centro-historico-de-curitiba\/\" rel=\"attachment wp-att-84\"><img loading=\"lazy\" decoding=\"async\" aria-describedby=\"caption-attachment-84\" class=\"size-medium wp-image-84\" src=\"https:\/\/tecnologia.ufpr.br\/cbta\/wp-content\/uploads\/sites\/4\/2016\/04\/Catedral-Bas\u00edlica-Menor-localizada-no-Centro-Hist\u00f3rico-de-Curitiba-300x185.jpeg\" alt=\"Catedral Bas\u00edlica Menor, localizada no Centro Hist\u00f3rico de Curitiba\" width=\"300\" height=\"185\" srcset=\"https:\/\/tecnologia.ufpr.br\/cbta\/wp-content\/uploads\/sites\/4\/2016\/04\/Catedral-Bas\u00edlica-Menor-localizada-no-Centro-Hist\u00f3rico-de-Curitiba-300x185.jpeg 300w, https:\/\/tecnologia.ufpr.br\/cbta\/wp-content\/uploads\/sites\/4\/2016\/04\/Catedral-Bas\u00edlica-Menor-localizada-no-Centro-Hist\u00f3rico-de-Curitiba.jpeg 620w\" sizes=\"(max-width: 300px) 100vw, 300px\" \/><\/a><p id=\"caption-attachment-84\" class=\"wp-caption-text\">Catedral Bas\u00edlica Menor, localizada no Centro Hist\u00f3rico de Curitiba<\/p><\/div>\n<div id=\"attachment_82\" style=\"width: 310px\" class=\"wp-caption alignright\"><a href=\"https:\/\/tecnologia.ufpr.br\/cbta\/conheca-curitiba\/parque-tangua\/\" rel=\"attachment wp-att-82\"><img loading=\"lazy\" decoding=\"async\" aria-describedby=\"caption-attachment-82\" class=\"size-medium wp-image-82\" src=\"https:\/\/tecnologia.ufpr.br\/cbta\/wp-content\/uploads\/sites\/4\/2016\/04\/Parque-Tangu\u00e1-300x185.jpeg\" alt=\"Parque Tangu\u00e1\" width=\"300\" height=\"185\" srcset=\"https:\/\/tecnologia.ufpr.br\/cbta\/wp-content\/uploads\/sites\/4\/2016\/04\/Parque-Tangu\u00e1-300x185.jpeg 300w, https:\/\/tecnologia.ufpr.br\/cbta\/wp-content\/uploads\/sites\/4\/2016\/04\/Parque-Tangu\u00e1.jpeg 620w\" sizes=\"(max-width: 300px) 100vw, 300px\" \/><\/a><p id=\"caption-attachment-82\" class=\"wp-caption-text\">Parque Tangu\u00e1<\/p><\/div>\n<p>&nbsp;<\/p>\n<p>&nbsp;<\/p>\n<p>&nbsp;<\/p>\n<p>&nbsp;<\/p>\n<p>&nbsp;<\/p>\n<p>&nbsp;<\/p>\n<p>&nbsp;<\/p>\n<p>&nbsp;<\/p>\n<p>&nbsp;<\/p>\n<div id=\"attachment_81\" style=\"width: 310px\" class=\"wp-caption alignleft\"><a href=\"https:\/\/tecnologia.ufpr.br\/cbta\/conheca-curitiba\/teatro-opera-de-arame\/\" rel=\"attachment wp-att-81\"><img loading=\"lazy\" decoding=\"async\" aria-describedby=\"caption-attachment-81\" class=\"size-medium wp-image-81\" src=\"https:\/\/tecnologia.ufpr.br\/cbta\/wp-content\/uploads\/sites\/4\/2016\/04\/Teatro-\u00d3pera-de-Arame-300x185.jpeg\" alt=\"Teatro \u00d3pera de Arame\" width=\"300\" height=\"185\" srcset=\"https:\/\/tecnologia.ufpr.br\/cbta\/wp-content\/uploads\/sites\/4\/2016\/04\/Teatro-\u00d3pera-de-Arame-300x185.jpeg 300w, https:\/\/tecnologia.ufpr.br\/cbta\/wp-content\/uploads\/sites\/4\/2016\/04\/Teatro-\u00d3pera-de-Arame.jpeg 620w\" sizes=\"(max-width: 300px) 100vw, 300px\" \/><\/a><p id=\"caption-attachment-81\" class=\"wp-caption-text\">Teatro \u00d3pera de Arame<\/p><\/div>\n<div id=\"attachment_79\" style=\"width: 310px\" class=\"wp-caption alignright\"><a href=\"https:\/\/tecnologia.ufpr.br\/cbta\/conheca-curitiba\/o-paco-da-liberdade-construido-em-1916-recebe-shows-e-mostras-de-arte\/\" rel=\"attachment wp-att-79\"><img loading=\"lazy\" decoding=\"async\" aria-describedby=\"caption-attachment-79\" class=\"size-medium wp-image-79\" src=\"https:\/\/tecnologia.ufpr.br\/cbta\/wp-content\/uploads\/sites\/4\/2016\/04\/O-Pa\u00e7o-da-Liberdade-constru\u00eddo-em-1916-recebe-shows-e-mostras-de-arte-300x185.jpeg\" alt=\"O Pa\u00e7o da Liberdade, constru\u00eddo em 1916, recebe shows e mostras de arte\" width=\"300\" height=\"185\" srcset=\"https:\/\/tecnologia.ufpr.br\/cbta\/wp-content\/uploads\/sites\/4\/2016\/04\/O-Pa\u00e7o-da-Liberdade-constru\u00eddo-em-1916-recebe-shows-e-mostras-de-arte-300x185.jpeg 300w, https:\/\/tecnologia.ufpr.br\/cbta\/wp-content\/uploads\/sites\/4\/2016\/04\/O-Pa\u00e7o-da-Liberdade-constru\u00eddo-em-1916-recebe-shows-e-mostras-de-arte.jpeg 620w\" sizes=\"(max-width: 300px) 100vw, 300px\" \/><\/a><p id=\"caption-attachment-79\" class=\"wp-caption-text\">O Pa\u00e7o da Liberdade, constru\u00eddo em 1916, recebe shows e mostras de arte<\/p><\/div>\n<p>&nbsp;<\/p>\n<p>&nbsp;<\/p>\n<p>&nbsp;<\/p>\n<p>&nbsp;<\/p>\n<p>&nbsp;<\/p>\n<p>&nbsp;<\/p>\n<p>&nbsp;<\/p>\n<p>&nbsp;<\/p>\n<div id=\"attachment_80\" style=\"width: 310px\" class=\"wp-caption alignleft\"><a href=\"https:\/\/tecnologia.ufpr.br\/cbta\/conheca-curitiba\/bosque-alemao\/\" rel=\"attachment wp-att-80\"><img loading=\"lazy\" decoding=\"async\" aria-describedby=\"caption-attachment-80\" class=\"size-medium wp-image-80\" src=\"https:\/\/tecnologia.ufpr.br\/cbta\/wp-content\/uploads\/sites\/4\/2016\/04\/Bosque-Alem\u00e3o-300x185.jpeg\" alt=\"Bosque Alem\u00e3o\" width=\"300\" height=\"185\" srcset=\"https:\/\/tecnologia.ufpr.br\/cbta\/wp-content\/uploads\/sites\/4\/2016\/04\/Bosque-Alem\u00e3o-300x185.jpeg 300w, https:\/\/tecnologia.ufpr.br\/cbta\/wp-content\/uploads\/sites\/4\/2016\/04\/Bosque-Alem\u00e3o.jpeg 620w\" sizes=\"(max-width: 300px) 100vw, 300px\" \/><\/a><p id=\"caption-attachment-80\" class=\"wp-caption-text\">Bosque Alem\u00e3o<\/p><\/div>\n<div id=\"attachment_77\" style=\"width: 310px\" class=\"wp-caption alignright\"><a href=\"https:\/\/tecnologia.ufpr.br\/cbta\/conheca-curitiba\/jardim-botanico\/\" rel=\"attachment wp-att-77\"><img loading=\"lazy\" decoding=\"async\" aria-describedby=\"caption-attachment-77\" class=\"size-medium wp-image-77\" src=\"https:\/\/tecnologia.ufpr.br\/cbta\/wp-content\/uploads\/sites\/4\/2016\/04\/Jardim-Bot\u00e2nico-300x185.jpeg\" alt=\"Jardim Bot\u00e2nico\" width=\"300\" height=\"185\" srcset=\"https:\/\/tecnologia.ufpr.br\/cbta\/wp-content\/uploads\/sites\/4\/2016\/04\/Jardim-Bot\u00e2nico-300x185.jpeg 300w, https:\/\/tecnologia.ufpr.br\/cbta\/wp-content\/uploads\/sites\/4\/2016\/04\/Jardim-Bot\u00e2nico.jpeg 620w\" sizes=\"(max-width: 300px) 100vw, 300px\" \/><\/a><p id=\"caption-attachment-77\" class=\"wp-caption-text\">Jardim Bot\u00e2nico<\/p><\/div>\n<p>&nbsp;<\/p>\n<p>&nbsp;<\/p>\n<p>&nbsp;<\/p>\n<p>&nbsp;<\/p>\n<p>&nbsp;<\/p>\n<p>&nbsp;<\/p>\n<p>&nbsp;<\/p>\n<p>&nbsp;<\/p>\n<div id=\"attachment_78\" style=\"width: 310px\" class=\"wp-caption alignleft\"><a href=\"https:\/\/tecnologia.ufpr.br\/cbta\/conheca-curitiba\/parque-barigui-principal-area-de-lazer-de-curitiba\/\" rel=\"attachment wp-att-78\"><img loading=\"lazy\" decoding=\"async\" aria-describedby=\"caption-attachment-78\" class=\"size-medium wp-image-78\" src=\"https:\/\/tecnologia.ufpr.br\/cbta\/wp-content\/uploads\/sites\/4\/2016\/04\/Parque-Barigui-principal-\u00e1rea-de-lazer-de-Curitiba-300x185.jpeg\" alt=\"Parque Barigui, principal \u00e1rea de lazer de Curitiba\" width=\"300\" height=\"185\" srcset=\"https:\/\/tecnologia.ufpr.br\/cbta\/wp-content\/uploads\/sites\/4\/2016\/04\/Parque-Barigui-principal-\u00e1rea-de-lazer-de-Curitiba-300x185.jpeg 300w, https:\/\/tecnologia.ufpr.br\/cbta\/wp-content\/uploads\/sites\/4\/2016\/04\/Parque-Barigui-principal-\u00e1rea-de-lazer-de-Curitiba.jpeg 620w\" sizes=\"(max-width: 300px) 100vw, 300px\" \/><\/a><p id=\"caption-attachment-78\" class=\"wp-caption-text\">Parque Barigui, principal \u00e1rea de lazer de Curitiba<\/p><\/div>\n<div id=\"attachment_75\" style=\"width: 310px\" class=\"wp-caption alignright\"><a href=\"https:\/\/tecnologia.ufpr.br\/cbta\/conheca-curitiba\/centro-historico-curitiba-29112007foto-ivan-buenosmcs\/\" rel=\"attachment wp-att-75\"><img loading=\"lazy\" decoding=\"async\" aria-describedby=\"caption-attachment-75\" class=\"size-medium wp-image-75\" src=\"https:\/\/tecnologia.ufpr.br\/cbta\/wp-content\/uploads\/sites\/4\/2016\/04\/Centro-Hist\u00f3rico-de-Curitiba-Largo-da-Ordem-300x185.jpeg\" alt=\"Centro hist\u00f3rico. Curitiba, 29\/11\/2007 Foto: Ivan Bueno\/SMCS\" width=\"300\" height=\"185\" srcset=\"https:\/\/tecnologia.ufpr.br\/cbta\/wp-content\/uploads\/sites\/4\/2016\/04\/Centro-Hist\u00f3rico-de-Curitiba-Largo-da-Ordem-300x185.jpeg 300w, https:\/\/tecnologia.ufpr.br\/cbta\/wp-content\/uploads\/sites\/4\/2016\/04\/Centro-Hist\u00f3rico-de-Curitiba-Largo-da-Ordem.jpeg 620w\" sizes=\"(max-width: 300px) 100vw, 300px\" \/><\/a><p id=\"caption-attachment-75\" class=\"wp-caption-text\">Centro hist\u00f3rico.<br \/>Curitiba, 29\/11\/2007<br \/>Foto: Ivan Bueno\/SMCS<\/p><\/div>\n<p>&nbsp;<\/p>\n<p>&nbsp;<\/p>\n<p>&nbsp;<\/p>\n<p>&nbsp;<\/p>\n<p>&nbsp;<\/p>\n<p>&nbsp;<\/p>\n<p>&nbsp;<\/p>\n<p>&nbsp;<\/p>\n<div id=\"attachment_75\" style=\"width: 310px\" class=\"wp-caption alignleft\"><a href=\"https:\/\/tecnologia.ufpr.br\/cbta\/conheca-curitiba\/centro-historico-curitiba-29112007foto-ivan-buenosmcs\/\" rel=\"attachment wp-att-75\"><img loading=\"lazy\" decoding=\"async\" aria-describedby=\"caption-attachment-75\" class=\"size-medium wp-image-75\" src=\"https:\/\/tecnologia.ufpr.br\/cbta\/wp-content\/uploads\/sites\/4\/2016\/04\/Centro-Hist\u00f3rico-de-Curitiba-Largo-da-Ordem-300x185.jpeg\" alt=\"Centro hist\u00f3rico. Curitiba, 29\/11\/2007 Foto: Ivan Bueno\/SMCS\" width=\"300\" height=\"185\" srcset=\"https:\/\/tecnologia.ufpr.br\/cbta\/wp-content\/uploads\/sites\/4\/2016\/04\/Centro-Hist\u00f3rico-de-Curitiba-Largo-da-Ordem-300x185.jpeg 300w, https:\/\/tecnologia.ufpr.br\/cbta\/wp-content\/uploads\/sites\/4\/2016\/04\/Centro-Hist\u00f3rico-de-Curitiba-Largo-da-Ordem.jpeg 620w\" sizes=\"(max-width: 300px) 100vw, 300px\" \/><\/a><p id=\"caption-attachment-75\" class=\"wp-caption-text\">Centro hist\u00f3rico.<br \/>Curitiba, 29\/11\/2007<br \/>Foto: Ivan Bueno\/SMCS<\/p><\/div>\n<div id=\"attachment_74\" style=\"width: 310px\" class=\"wp-caption alignright\"><a href=\"https:\/\/tecnologia.ufpr.br\/cbta\/conheca-curitiba\/jardim-botanico-de-curitiba\/\" rel=\"attachment wp-att-74\"><img loading=\"lazy\" decoding=\"async\" aria-describedby=\"caption-attachment-74\" class=\"size-medium wp-image-74\" src=\"https:\/\/tecnologia.ufpr.br\/cbta\/wp-content\/uploads\/sites\/4\/2016\/04\/Jardim-Bot\u00e2nico-de-Curitiba-300x185.jpeg\" alt=\"Jardim Bot\u00e2nico de Curitiba\" width=\"300\" height=\"185\" srcset=\"https:\/\/tecnologia.ufpr.br\/cbta\/wp-content\/uploads\/sites\/4\/2016\/04\/Jardim-Bot\u00e2nico-de-Curitiba-300x185.jpeg 300w, https:\/\/tecnologia.ufpr.br\/cbta\/wp-content\/uploads\/sites\/4\/2016\/04\/Jardim-Bot\u00e2nico-de-Curitiba.jpeg 620w\" sizes=\"(max-width: 300px) 100vw, 300px\" \/><\/a><p id=\"caption-attachment-74\" class=\"wp-caption-text\">Jardim Bot\u00e2nico de Curitiba<\/p><\/div>\n<p>&nbsp;<\/p>\n<p>&nbsp;<\/p>\n<p>&nbsp;<\/p>\n<p>&nbsp;<\/p>\n<p>&nbsp;<\/p>\n<p>&nbsp;<\/p>\n<p>&nbsp;<\/p>\n<p>&nbsp;<\/p>\n<p>&nbsp;<\/p>\n<p>Refer\u00eancias:<\/p>\n<p><span id=\"OBJ_PREFIX_DWT105_com_zimbra_url\" class=\"Object\"><a href=\"http:\/\/www.curitiba.pr.gov.br\/\" target=\"_blank\">www.curitiba.pr.gov.br<\/a><\/span><\/p>\n<p><span id=\"OBJ_PREFIX_DWT106_com_zimbra_url\" class=\"Object-hover\"><a href=\"http:\/\/www.turismo.curitiba.pr.gov.br\/\" target=\"_blank\">http:\/\/www.turismo.curitiba.pr.gov.br<\/a><\/span><\/p>\n<\/div>\n<p>Em breve divulgaremos a lista de hot\u00e9is conveniados ao evento.<\/p>\n","protected":false},"excerpt":{"rendered":"<p>Curitiba \u00e9 a capital do Paran\u00e1, um dos tr\u00eas Estados que comp\u00f5em a Regi\u00e3o Sul do Brasil. Sua funda\u00e7\u00e3o oficial data de 29 de mar\u00e7o de 1693, quando foi criada a C\u00e2mara\u00a0(Turismo Curitiba, 2016). Eleita tr\u00eas vezes pela Revista Exame&#8230;<br \/><a class=\"read-more-button\" href=\"https:\/\/tecnologia.ufpr.br\/cbta\/conheca-curitiba\/\">Read more<\/a><\/p>\n","protected":false},"author":1,"featured_media":0,"parent":0,"menu_order":0,"comment_status":"closed","ping_status":"closed","template":"","meta":{"footnotes":""},"_links":{"self":[{"href":"https:\/\/tecnologia.ufpr.br\/cbta\/wp-json\/wp\/v2\/pages\/67"}],"collection":[{"href":"https:\/\/tecnologia.ufpr.br\/cbta\/wp-json\/wp\/v2\/pages"}],"about":[{"href":"https:\/\/tecnologia.ufpr.br\/cbta\/wp-json\/wp\/v2\/types\/page"}],"author":[{"embeddable":true,"href":"https:\/\/tecnologia.ufpr.br\/cbta\/wp-json\/wp\/v2\/users\/1"}],"replies":[{"embeddable":true,"href":"https:\/\/tecnologia.ufpr.br\/cbta\/wp-json\/wp\/v2\/comments?post=67"}],"version-history":[{"count":9,"href":"https:\/\/tecnologia.ufpr.br\/cbta\/wp-json\/wp\/v2\/pages\/67\/revisions"}],"predecessor-version":[{"id":92,"href":"https:\/\/tecnologia.ufpr.br\/cbta\/wp-json\/wp\/v2\/pages\/67\/revisions\/92"}],"wp:attachment":[{"href":"https:\/\/tecnologia.ufpr.br\/cbta\/wp-json\/wp\/v2\/media?parent=67"}],"curies":[{"name":"wp","href":"https:\/\/api.w.org\/{rel}","templated":true}]}}