{"id":4848,"date":"2025-11-12T13:50:13","date_gmt":"2025-11-12T16:50:13","guid":{"rendered":"https:\/\/tecnologia.ufpr.br\/cau\/?page_id=4848"},"modified":"2025-12-05T14:59:54","modified_gmt":"2025-12-05T17:59:54","slug":"processo-seletivo-professor-substituto-na-area-de-tecnologia-da-arquitetura-e-urbanismo","status":"publish","type":"page","link":"https:\/\/tecnologia.ufpr.br\/cau\/processo-seletivo-professor-substituto-na-area-de-tecnologia-da-arquitetura-e-urbanismo\/","title":{"rendered":"Processo Seletivo &#8211; Professor Substituto na \u00e1rea de Tecnologia da Arquitetura e Urbanismo 2025"},"content":{"rendered":"\n<p>N\u00famero de vagas: 1 (uma)<\/p>\n\n\n\n<p>\u00c1rea de conhecimento: Tecnologia da Arquitetura e Urbanismo.<\/p>\n\n\n\n<p>Mat\u00e9ria(s) espec\u00edfica(s): as disciplinas a serem ministradas pelo(a) professor(a) substituto(a) contratado(a) s\u00e3o: TA224 Constru\u00e7\u00e3o Civil 1, TA225 Constru\u00e7\u00e3o Civil 2, TA227 Fundamentos de Materiais e Constru\u00e7\u00e3o 1, TA228 Fundamentos de Materiais e Constru\u00e7\u00e3o 2, TA229 Instala\u00e7\u00f5es Prediais 1, TA230 Instala\u00e7\u00f5es Prediais 2, TA205 Desenho de Arquitetura 1, TA206 Desenho de Arquitetura 2, TA210 Projeto de Arquitetura 1, TA211 Projeto de Arquitetura 2.<\/p>\n\n\n\n<p>Regime de trabalho: 20 (vinte) horas.<\/p>\n\n\n\n<p>Crit\u00e9rios de sele\u00e7\u00e3o: An\u00e1lise de Curr\u00edculo e Prova Did\u00e1tica.<\/p>\n\n\n\n<p>Titula\u00e7\u00e3o exigida: Gradua\u00e7\u00e3o em Arquitetura e Urbanismo COM Mestrado na \u00c1rea de Arquitetura ou Constru\u00e7\u00e3o Civil ou Engenharia Civil ou \u00e1reas afins, obtidos na forma da lei;<\/p>\n\n\n\n<p>Programa de provas: <\/p>\n\n\n\n<p>1. Instala\u00e7\u00f5es prediais: instala\u00e7\u00f5es el\u00e9tricas, instala\u00e7\u00f5es hidr\u00e1ulicas e instala\u00e7\u00f5es de combate a inc\u00eandio;<\/p>\n\n\n\n<p>2. Constru\u00e7\u00e3o civil: servi\u00e7os preliminares, loca\u00e7\u00e3o da obra, sistemas estruturais, processos executivos e racionalizados para estruturas de concreto armado e met\u00e1lica, alvenarias e veda\u00e7\u00f5es leves, normas para seguran\u00e7a do trabalho na constru\u00e7\u00e3o civil. Materiais de constru\u00e7\u00e3o: aglomerantes e agregados, madeira, argamassa e concreto de cimento Portland.<\/p>\n\n\n\n<p>3. Desenho arquitet\u00f4nico: sistemas de proje\u00e7\u00e3o aplicados ao desenho t\u00e9cnico, desenho t\u00e9cnico arquitet\u00f4nico, programas computacionais aplicados \u00e0 representa\u00e7\u00e3o de projetos arquitet\u00f4nicos.<\/p>\n\n\n\n<p>4. Projeto arquitet\u00f4nico: processos para projeto em arquitetura e urbanismo, projeto arquitet\u00f4nico e o impacto ambiental da constru\u00e7\u00e3o civil, programas computacionais aplicados ao processo de projeto em arquitetura e urbanismo.<\/p>\n\n\n\n<p>Local para realiza\u00e7\u00e3o das inscri\u00e7\u00f5es: por meio do e-mail do Departamento de Arquitetura e Urbanismo \u2013 dep.arq.urb@ufpr.br.<\/p>\n\n\n\n<p>Per\u00edodo de inscri\u00e7\u00f5es: <strong>de 29\/10\/2025 a 11\/11\/2025 (10 dias \u00fateis)<\/strong><\/p>\n\n\n\n<p>Hor\u00e1rio para realiza\u00e7\u00e3o das inscri\u00e7\u00f5es: das 00h do primeiro dia das inscri\u00e7\u00f5es \u00e0s 23h59 do \u00faltimo dia das inscri\u00e7\u00f5es.<\/p>\n\n\n\n<p>Forma de realiza\u00e7\u00e3o das provas: presencial.<\/p>\n\n\n\n<h2 class=\"wp-block-heading\">Edital de Abertura<\/h2>\n\n\n\n<div data-wp-interactive=\"core\/file\" class=\"wp-block-file\"><object data-wp-bind--hidden=\"!state.hasPdfPreview\"  class=\"wp-block-file__embed\" data=\"https:\/\/tecnologia.ufpr.br\/cau\/wp-content\/uploads\/sites\/45\/2025\/11\/Edital_n__331_2025_PROGEPE.pdf\" type=\"application\/pdf\" style=\"width:100%;height:600px\" aria-label=\"Incorporado de Edital_n__331_2025_PROGEPE.\"><\/object><a id=\"wp-block-file--media-46eff586-d2b5-4063-ba59-b974d0d65341\" href=\"https:\/\/tecnologia.ufpr.br\/cau\/wp-content\/uploads\/sites\/45\/2025\/11\/Edital_n__331_2025_PROGEPE.pdf\">Edital_n__331_2025_PROGEPE<\/a><a href=\"https:\/\/tecnologia.ufpr.br\/cau\/wp-content\/uploads\/sites\/45\/2025\/11\/Edital_n__331_2025_PROGEPE.pdf\" class=\"wp-block-file__button wp-element-button\" download aria-describedby=\"wp-block-file--media-46eff586-d2b5-4063-ba59-b974d0d65341\">Baixar<\/a><\/div>\n\n\n\n<h2 class=\"wp-block-heading\">Edital 01<strong> &#8211; <\/strong>Homologa\u00e7\u00e3o das inscri\u00e7\u00f5es<\/h2>\n\n\n\n<div data-wp-interactive=\"core\/file\" class=\"wp-block-file\"><object data-wp-bind--hidden=\"!state.hasPdfPreview\"  class=\"wp-block-file__embed\" data=\"https:\/\/tecnologia.ufpr.br\/cau\/wp-content\/uploads\/sites\/45\/2025\/11\/SEI_8372538_Edital_1___Homologacao_das_Inscricoes-1.pdf\" type=\"application\/pdf\" style=\"width:100%;height:600px\" aria-label=\"Incorporado de SEI_8372538_Edital_1___Homologacao_das_Inscricoes-1.\"><\/object><a id=\"wp-block-file--media-19ed3f68-b708-4a0b-8d54-b9add5fa8050\" href=\"https:\/\/tecnologia.ufpr.br\/cau\/wp-content\/uploads\/sites\/45\/2025\/11\/SEI_8372538_Edital_1___Homologacao_das_Inscricoes-1.pdf\">SEI_8372538_Edital_1___Homologacao_das_Inscricoes-1<\/a><a href=\"https:\/\/tecnologia.ufpr.br\/cau\/wp-content\/uploads\/sites\/45\/2025\/11\/SEI_8372538_Edital_1___Homologacao_das_Inscricoes-1.pdf\" class=\"wp-block-file__button wp-element-button\" download aria-describedby=\"wp-block-file--media-19ed3f68-b708-4a0b-8d54-b9add5fa8050\">Baixar<\/a><\/div>\n\n\n\n<h2 class=\"wp-block-heading\">Edital 02 \u2013&nbsp;Cronograma das provas, pontos e crit\u00e9rios de avalia\u00e7\u00e3o das etapas<\/h2>\n\n\n\n<div data-wp-interactive=\"core\/file\" class=\"wp-block-file\"><object data-wp-bind--hidden=\"!state.hasPdfPreview\"  class=\"wp-block-file__embed\" data=\"https:\/\/tecnologia.ufpr.br\/cau\/wp-content\/uploads\/sites\/45\/2025\/11\/SEI_8403623_Edital_2-1.pdf\" type=\"application\/pdf\" style=\"width:100%;height:600px\" aria-label=\"Incorporado de SEI_8403623_Edital_2-1.\"><\/object><a id=\"wp-block-file--media-a0c0e741-0b8b-40d2-8bc3-b0750e1ed54e\" href=\"https:\/\/tecnologia.ufpr.br\/cau\/wp-content\/uploads\/sites\/45\/2025\/11\/SEI_8403623_Edital_2-1.pdf\">SEI_8403623_Edital_2-1<\/a><a href=\"https:\/\/tecnologia.ufpr.br\/cau\/wp-content\/uploads\/sites\/45\/2025\/11\/SEI_8403623_Edital_2-1.pdf\" class=\"wp-block-file__button wp-element-button\" download aria-describedby=\"wp-block-file--media-a0c0e741-0b8b-40d2-8bc3-b0750e1ed54e\">Baixar<\/a><\/div>\n\n\n\n<h2 class=\"wp-block-heading\">Edital 03 \u2013&nbsp;Divulga\u00e7\u00e3o da lista de candidatos(as) aprovados(as) na prova de an\u00e1lise do curr\u00edculo<\/h2>\n\n\n\n<div data-wp-interactive=\"core\/file\" class=\"wp-block-file\"><object data-wp-bind--hidden=\"!state.hasPdfPreview\"  class=\"wp-block-file__embed\" data=\"https:\/\/tecnologia.ufpr.br\/cau\/wp-content\/uploads\/sites\/45\/2025\/12\/SEI_8423905_Edital_3-2-1.pdf\" type=\"application\/pdf\" style=\"width:100%;height:600px\" aria-label=\"Incorporado de SEI_8423905_Edital_3-2-1.\"><\/object><a id=\"wp-block-file--media-eb6a0590-cba4-4793-b806-280f2ce36d82\" href=\"https:\/\/tecnologia.ufpr.br\/cau\/wp-content\/uploads\/sites\/45\/2025\/12\/SEI_8423905_Edital_3-2-1.pdf\">SEI_8423905_Edital_3-2-1<\/a><a href=\"https:\/\/tecnologia.ufpr.br\/cau\/wp-content\/uploads\/sites\/45\/2025\/12\/SEI_8423905_Edital_3-2-1.pdf\" class=\"wp-block-file__button wp-element-button\" download aria-describedby=\"wp-block-file--media-eb6a0590-cba4-4793-b806-280f2ce36d82\">Baixar<\/a><\/div>\n\n\n\n<h2 class=\"wp-block-heading\">Tabela 1 &#8211; Resultado Final<\/h2>\n\n\n\n<div data-wp-interactive=\"core\/file\" class=\"wp-block-file\"><object data-wp-bind--hidden=\"!state.hasPdfPreview\"  class=\"wp-block-file__embed\" data=\"https:\/\/tecnologia.ufpr.br\/cau\/wp-content\/uploads\/sites\/45\/2025\/12\/Tabela-1-Lista-de-Notas-finais.pdf\" type=\"application\/pdf\" style=\"width:100%;height:600px\" aria-label=\"Incorporado de Tabela-1-Lista-de-Notas-finais.\"><\/object><a id=\"wp-block-file--media-a6425a4a-a486-4754-b6c7-558c7c17d959\" href=\"https:\/\/tecnologia.ufpr.br\/cau\/wp-content\/uploads\/sites\/45\/2025\/12\/Tabela-1-Lista-de-Notas-finais.pdf\">Tabela-1-Lista-de-Notas-finais<\/a><a href=\"https:\/\/tecnologia.ufpr.br\/cau\/wp-content\/uploads\/sites\/45\/2025\/12\/Tabela-1-Lista-de-Notas-finais.pdf\" class=\"wp-block-file__button wp-element-button\" download aria-describedby=\"wp-block-file--media-a6425a4a-a486-4754-b6c7-558c7c17d959\">Baixar<\/a><\/div>\n","protected":false},"excerpt":{"rendered":"<p>N\u00famero de vagas: 1 (uma) \u00c1rea de conhecimento: Tecnologia da Arquitetura e Urbanismo. Mat\u00e9ria(s) espec\u00edfica(s): as disciplinas a serem ministradas pelo(a) professor(a) substituto(a) contratado(a) s\u00e3o: TA224 Constru\u00e7\u00e3o Civil 1, TA225 Constru\u00e7\u00e3o Civil 2, TA227 Fundamentos de Materiais e Constru\u00e7\u00e3o 1, TA228 Fundamentos de Materiais e Constru\u00e7\u00e3o 2, TA229 Instala\u00e7\u00f5es Prediais 1, TA230 Instala\u00e7\u00f5es Prediais 2, [&hellip;]<\/p>\n","protected":false},"author":1077,"featured_media":0,"parent":0,"menu_order":0,"comment_status":"closed","ping_status":"closed","template":"","meta":{"footnotes":""},"_links":{"self":[{"href":"https:\/\/tecnologia.ufpr.br\/cau\/wp-json\/wp\/v2\/pages\/4848"}],"collection":[{"href":"https:\/\/tecnologia.ufpr.br\/cau\/wp-json\/wp\/v2\/pages"}],"about":[{"href":"https:\/\/tecnologia.ufpr.br\/cau\/wp-json\/wp\/v2\/types\/page"}],"author":[{"embeddable":true,"href":"https:\/\/tecnologia.ufpr.br\/cau\/wp-json\/wp\/v2\/users\/1077"}],"replies":[{"embeddable":true,"href":"https:\/\/tecnologia.ufpr.br\/cau\/wp-json\/wp\/v2\/comments?post=4848"}],"version-history":[{"count":10,"href":"https:\/\/tecnologia.ufpr.br\/cau\/wp-json\/wp\/v2\/pages\/4848\/revisions"}],"predecessor-version":[{"id":4908,"href":"https:\/\/tecnologia.ufpr.br\/cau\/wp-json\/wp\/v2\/pages\/4848\/revisions\/4908"}],"wp:attachment":[{"href":"https:\/\/tecnologia.ufpr.br\/cau\/wp-json\/wp\/v2\/media?parent=4848"}],"curies":[{"name":"wp","href":"https:\/\/api.w.org\/{rel}","templated":true}]}}

Processo Seletivo &#8211; Professor Substituto na área de Tecnologia da Arquitetura e Urbanismo 2025

<p>Número de vagas: 1 (uma)</p>



<p>Área de conhecimento: Tecnologia da Arquitetura e Urbanismo.</p>



<p>Matéria(s) específica(s): as disciplinas a serem ministradas pelo(a) professor(a) substituto(a) contratado(a) são: TA224 Construção Civil 1, TA225 Construção Civil 2, TA227 Fundamentos de Materiais e Construção 1, TA228 Fundamentos de Materiais e Construção 2, TA229 Instalações Prediais 1, TA230 Instalações Prediais 2, TA205 Desenho de Arquitetura 1, TA206 Desenho de Arquitetura 2, TA210 Projeto de Arquitetura 1, TA211 Projeto de Arquitetura 2.</p>



<p>Regime de trabalho: 20 (vinte) horas.</p>



<p>Critérios de seleção: Análise de Currículo e Prova Didática.</p>



<p>Titulação exigida: Graduação em Arquitetura e Urbanismo COM Mestrado na Área de Arquitetura ou Construção Civil ou Engenharia Civil ou áreas afins, obtidos na forma da lei;</p>



<p>Programa de provas: </p>



<p>1. Instalações prediais: instalações elétricas, instalações hidráulicas e instalações de combate a incêndio;</p>



<p>2. Construção civil: serviços preliminares, locação da obra, sistemas estruturais, processos executivos e racionalizados para estruturas de concreto armado e metálica, alvenarias e vedações leves, normas para segurança do trabalho na construção civil. Materiais de construção: aglomerantes e agregados, madeira, argamassa e concreto de cimento Portland.</p>



<p>3. Desenho arquitetônico: sistemas de projeção aplicados ao desenho técnico, desenho técnico arquitetônico, programas computacionais aplicados à representação de projetos arquitetônicos.</p>



<p>4. Projeto arquitetônico: processos para projeto em arquitetura e urbanismo, projeto arquitetônico e o impacto ambiental da construção civil, programas computacionais aplicados ao processo de projeto em arquitetura e urbanismo.</p>



<p>Local para realização das inscrições: por meio do e-mail do Departamento de Arquitetura e Urbanismo – dep.arq.urb@ufpr.br.</p>



<p>Período de inscrições: <strong>de 29/10/2025 a 11/11/2025 (10 dias úteis)</strong></p>



<p>Horário para realização das inscrições: das 00h do primeiro dia das inscrições às 23h59 do último dia das inscrições.</p>



<p>Forma de realização das provas: presencial.</p>



<h2 class="wp-block-heading">Edital de Abertura</h2>



<div data-wp-interactive="core/file" class="wp-block-file"><object data-wp-bind--hidden="!state.hasPdfPreview"  class="wp-block-file__embed" data="https://tecnologia.ufpr.br/cau/wp-content/uploads/sites/45/2025/11/Edital_n__331_2025_PROGEPE.pdf" type="application/pdf" style="width:100%;height:600px" aria-label="Incorporado de Edital_n__331_2025_PROGEPE."></object><a id="wp-block-file--media-46eff586-d2b5-4063-ba59-b974d0d65341" href="https://tecnologia.ufpr.br/cau/wp-content/uploads/sites/45/2025/11/Edital_n__331_2025_PROGEPE.pdf">Edital_n__331_2025_PROGEPE</a><a href="https://tecnologia.ufpr.br/cau/wp-content/uploads/sites/45/2025/11/Edital_n__331_2025_PROGEPE.pdf" class="wp-block-file__button wp-element-button" download aria-describedby="wp-block-file--media-46eff586-d2b5-4063-ba59-b974d0d65341">Baixar</a></div>



<h2 class="wp-block-heading">Edital 01<strong> &#8211; </strong>Homologação das inscrições</h2>



<div data-wp-interactive="core/file" class="wp-block-file"><object data-wp-bind--hidden="!state.hasPdfPreview"  class="wp-block-file__embed" data="https://tecnologia.ufpr.br/cau/wp-content/uploads/sites/45/2025/11/SEI_8372538_Edital_1___Homologacao_das_Inscricoes-1.pdf" type="application/pdf" style="width:100%;height:600px" aria-label="Incorporado de SEI_8372538_Edital_1___Homologacao_das_Inscricoes-1."></object><a id="wp-block-file--media-19ed3f68-b708-4a0b-8d54-b9add5fa8050" href="https://tecnologia.ufpr.br/cau/wp-content/uploads/sites/45/2025/11/SEI_8372538_Edital_1___Homologacao_das_Inscricoes-1.pdf">SEI_8372538_Edital_1___Homologacao_das_Inscricoes-1</a><a href="https://tecnologia.ufpr.br/cau/wp-content/uploads/sites/45/2025/11/SEI_8372538_Edital_1___Homologacao_das_Inscricoes-1.pdf" class="wp-block-file__button wp-element-button" download aria-describedby="wp-block-file--media-19ed3f68-b708-4a0b-8d54-b9add5fa8050">Baixar</a></div>



<h2 class="wp-block-heading">Edital 02 –&nbsp;Cronograma das provas, pontos e critérios de avaliação das etapas</h2>



<div data-wp-interactive="core/file" class="wp-block-file"><object data-wp-bind--hidden="!state.hasPdfPreview"  class="wp-block-file__embed" data="https://tecnologia.ufpr.br/cau/wp-content/uploads/sites/45/2025/11/SEI_8403623_Edital_2-1.pdf" type="application/pdf" style="width:100%;height:600px" aria-label="Incorporado de SEI_8403623_Edital_2-1."></object><a id="wp-block-file--media-a0c0e741-0b8b-40d2-8bc3-b0750e1ed54e" href="https://tecnologia.ufpr.br/cau/wp-content/uploads/sites/45/2025/11/SEI_8403623_Edital_2-1.pdf">SEI_8403623_Edital_2-1</a><a href="https://tecnologia.ufpr.br/cau/wp-content/uploads/sites/45/2025/11/SEI_8403623_Edital_2-1.pdf" class="wp-block-file__button wp-element-button" download aria-describedby="wp-block-file--media-a0c0e741-0b8b-40d2-8bc3-b0750e1ed54e">Baixar</a></div>



<h2 class="wp-block-heading">Edital 03 –&nbsp;Divulgação da lista de candidatos(as) aprovados(as) na prova de análise do currículo</h2>



<div data-wp-interactive="core/file" class="wp-block-file"><object data-wp-bind--hidden="!state.hasPdfPreview"  class="wp-block-file__embed" data="https://tecnologia.ufpr.br/cau/wp-content/uploads/sites/45/2025/12/SEI_8423905_Edital_3-2-1.pdf" type="application/pdf" style="width:100%;height:600px" aria-label="Incorporado de SEI_8423905_Edital_3-2-1."></object><a id="wp-block-file--media-eb6a0590-cba4-4793-b806-280f2ce36d82" href="https://tecnologia.ufpr.br/cau/wp-content/uploads/sites/45/2025/12/SEI_8423905_Edital_3-2-1.pdf">SEI_8423905_Edital_3-2-1</a><a href="https://tecnologia.ufpr.br/cau/wp-content/uploads/sites/45/2025/12/SEI_8423905_Edital_3-2-1.pdf" class="wp-block-file__button wp-element-button" download aria-describedby="wp-block-file--media-eb6a0590-cba4-4793-b806-280f2ce36d82">Baixar</a></div>



<h2 class="wp-block-heading">Tabela 1 &#8211; Resultado Final</h2>



<div data-wp-interactive="core/file" class="wp-block-file"><object data-wp-bind--hidden="!state.hasPdfPreview"  class="wp-block-file__embed" data="https://tecnologia.ufpr.br/cau/wp-content/uploads/sites/45/2025/12/Tabela-1-Lista-de-Notas-finais.pdf" type="application/pdf" style="width:100%;height:600px" aria-label="Incorporado de Tabela-1-Lista-de-Notas-finais."></object><a id="wp-block-file--media-a6425a4a-a486-4754-b6c7-558c7c17d959" href="https://tecnologia.ufpr.br/cau/wp-content/uploads/sites/45/2025/12/Tabela-1-Lista-de-Notas-finais.pdf">Tabela-1-Lista-de-Notas-finais</a><a href="https://tecnologia.ufpr.br/cau/wp-content/uploads/sites/45/2025/12/Tabela-1-Lista-de-Notas-finais.pdf" class="wp-block-file__button wp-element-button" download aria-describedby="wp-block-file--media-a6425a4a-a486-4754-b6c7-558c7c17d959">Baixar</a></div>

<p>Número de vagas: 1 (uma) Área de conhecimento: Tecnologia da Arquitetura e Urbanismo. Matéria(s) específica(s): as disciplinas a serem ministradas pelo(a) professor(a) substituto(a) contratado(a) são: TA224 Construção Civil 1, TA225 Construção Civil 2, TA227 Fundamentos de Materiais e Construção 1, TA228 Fundamentos de Materiais e Construção 2, TA229 Instalações Prediais 1, TA230 Instalações Prediais 2, [&hellip;]</p>
