{"id":2726,"date":"2021-10-20T11:24:49","date_gmt":"2021-10-20T14:24:49","guid":{"rendered":"https:\/\/tecnologia.ufpr.br\/cau\/?page_id=2726"},"modified":"2021-11-17T13:35:24","modified_gmt":"2021-11-17T16:35:24","slug":"concurso-dau-professores-2021","status":"publish","type":"page","link":"https:\/\/tecnologia.ufpr.br\/cau\/concurso-dau-professores-2021\/","title":{"rendered":"Concurso DAU &#8211; Professores 2021"},"content":{"rendered":"\n<p>Clique nos links dos itens abaixo para visualizar os editais.<\/p>\n\n\n<h4>Editais da \u00c1rea de Projeto<\/h4>\n\n\n<figure class=\"wp-block-table\"><table><tbody><tr><td><a href=\"https:\/\/tecnologia.ufpr.br\/cau\/wp-content\/uploads\/sites\/45\/2021\/10\/SEI_UFPR-3900672-Edital.pdf\">Edital 19 &#8211; Banca Examinadora<\/a><br><br><a href=\"https:\/\/tecnologia.ufpr.br\/cau\/wp-content\/uploads\/sites\/45\/2021\/10\/ConcursoProjeto-Editala-1-Sessao-Publica-de-Abertura-do-Concurso.pdf\">Edital 01 &#8211; Abertura do Concurso<\/a><br><br><a href=\"https:\/\/tecnologia.ufpr.br\/cau\/wp-content\/uploads\/sites\/45\/2021\/10\/ConcursoProjeto-Edital-2-CRONOGRAMA-DAS-PROVAS.pdf\">Edital 02 &#8211; Cronograma das provas e meios de publicidade dos atos da<br>Comiss\u00e3o Julgadora do Concurso<\/a><br><br><a href=\"https:\/\/tecnologia.ufpr.br\/cau\/wp-content\/uploads\/sites\/45\/2021\/10\/ConcursoProjeto-Edital-3-PROGRAMA-E-PONTOS-DE-PROVA.pdf\">Edital 03 &#8211; Programa do Concurso e pontos das provas escrita e did\u00e1tica<\/a><br><br><a href=\"https:\/\/tecnologia.ufpr.br\/cau\/wp-content\/uploads\/sites\/45\/2021\/10\/ConcursoProjeto-Edital-4-CRITERIOS-DE-AVALIACAO.pdf\">Edital 04 &#8211; Crit\u00e9rios de avalia\u00e7\u00e3o das provas escrita e did\u00e1tica<\/a><br><br><a href=\"https:\/\/tecnologia.ufpr.br\/cau\/wp-content\/uploads\/sites\/45\/2021\/11\/ConcursoProjeto-Edital-5-APROVADOS-NA-PROVA-ESCRITA.pdf\">Edital 05 &#8211; Rela\u00e7\u00e3o dos candidatos aprovados na prova escrita e ordem de sorteio dos pontos para a prova did\u00e1tica<\/a><br><br><a href=\"https:\/\/tecnologia.ufpr.br\/cau\/wp-content\/uploads\/sites\/45\/2021\/11\/ConcursoProjeto-Edital-6-ALTERACAO-CRONOGRAMA-DAS-PROVAS.pdf\">Edital 06 &#8211; Altera\u00e7\u00e3o do cronograma das provas<\/a><br><br><a href=\"https:\/\/tecnologia.ufpr.br\/cau\/wp-content\/uploads\/sites\/45\/2021\/11\/ConcursoProjeto-Edital-7-APROVADOS-NA-PROVA-DIDATICA.pdf\">Edital 07 &#8211; Rela\u00e7\u00e3o dos candidatos aprovados na prova did\u00e1tica e instru\u00e7\u00f5es para entrega dos arquivos do curr\u00edculo<\/a><br><br><a href=\"https:\/\/tecnologia.ufpr.br\/cau\/wp-content\/uploads\/sites\/45\/2021\/11\/ConcursoProjeto-Edital-8-Sessao-Publica-Abertura-dos-Resultados.pdf\">Edital 08 &#8211; Divulga\u00e7\u00e3o da Sess\u00e3o P\u00fablica para Abertura dos Resultados<\/a><br><br><a href=\"https:\/\/tecnologia.ufpr.br\/cau\/wp-content\/uploads\/sites\/45\/2021\/11\/ConcursoProjeto-Edital-9-Resultados.pdf\">Edital 09 &#8211; Divulga\u00e7\u00e3o dos Resultados<\/a><\/td><\/tr><\/tbody><\/table><\/figure>\n\n\n<h4>Editais da \u00c1rea de Tecnologia da Arquitetura<\/h4>\n\n\n<figure class=\"wp-block-table\"><table><tbody><tr><td><a href=\"https:\/\/tecnologia.ufpr.br\/cau\/wp-content\/uploads\/sites\/45\/2021\/10\/SEI_UFPR-3900533-Edital.pdf\">Edital 18 &#8211; Banca Examinadora<\/a><br><a href=\"https:\/\/tecnologia.ufpr.br\/cau\/wp-content\/uploads\/sites\/45\/2021\/10\/Errata.pdf\">*ERRATA do EDITAL 1 para a vaga de professor da \u00e1rea de Tecnologia da Arquitetura &#8211; Local de prova<\/a><br><br><a href=\"https:\/\/tecnologia.ufpr.br\/cau\/wp-content\/uploads\/sites\/45\/2021\/10\/Programa-do-concurso-tecnologia_DAU.pdf\">Edital 01 &#8211; Programa do Concurso<\/a><br><br><a href=\"https:\/\/tecnologia.ufpr.br\/cau\/wp-content\/uploads\/sites\/45\/2021\/10\/Edital-2-Lista-de-criterios.pdf\">Edital 02 &#8211; Crit\u00e9rios de avalia\u00e7\u00e3o<\/a><br><br><a href=\"https:\/\/tecnologia.ufpr.br\/cau\/wp-content\/uploads\/sites\/45\/2021\/10\/Edital-3-Cronograma-geral-Publicar.pdf\">Edital 03 &#8211; Cronograma geral do concurso<\/a><br><br><a href=\"https:\/\/tecnologia.ufpr.br\/cau\/wp-content\/uploads\/sites\/45\/2021\/10\/Edital-4-Aprovados-na-prova-escrita.pdf\">Edital 04 &#8211; Candidatos aprovados na prova escrita, data e hor\u00e1rio do sorteio de ponto para a prova did\u00e1tica e realiza\u00e7\u00e3o da prova did\u00e1tica<\/a><br><br><a href=\"https:\/\/tecnologia.ufpr.br\/cau\/wp-content\/uploads\/sites\/45\/2021\/10\/Edital-5-Aprovados-na-prova-didatica.pdf\">Edital 05 &#8211; Candidatos aprovados na prova did\u00e1tica, data e hor\u00e1rio da defesa do curr\u00edculo e do projeto de pesquisa<\/a><br><br><a href=\"https:\/\/tecnologia.ufpr.br\/cau\/wp-content\/uploads\/sites\/45\/2021\/10\/Edital-6-Resultado-final.pdf\">Edital 06 &#8211; Resultado final<\/a><br><a href=\"https:\/\/tecnologia.ufpr.br\/cau\/wp-content\/uploads\/sites\/45\/2021\/11\/Edital-7-Retificacao-do-resultado-final.pdf\">Edital 07 &#8211; Retifica\u00e7\u00e3o do resultado final<\/a><\/td><\/tr><\/tbody><\/table><\/figure>\n","protected":false},"excerpt":{"rendered":"<p>Clique nos links dos itens abaixo para visualizar os editais. Editais da \u00c1rea de Projeto Edital 19 &#8211; Banca Examinadora Edital 01 &#8211; Abertura do Concurso Edital 02 &#8211; Cronograma das provas e meios de publicidade dos atos daComiss\u00e3o Julgadora do Concurso Edital 03 &#8211; Programa do Concurso e pontos das provas escrita e did\u00e1tica [&hellip;]<\/p>\n","protected":false},"author":1077,"featured_media":0,"parent":0,"menu_order":0,"comment_status":"closed","ping_status":"closed","template":"","meta":{"footnotes":""},"_links":{"self":[{"href":"https:\/\/tecnologia.ufpr.br\/cau\/wp-json\/wp\/v2\/pages\/2726"}],"collection":[{"href":"https:\/\/tecnologia.ufpr.br\/cau\/wp-json\/wp\/v2\/pages"}],"about":[{"href":"https:\/\/tecnologia.ufpr.br\/cau\/wp-json\/wp\/v2\/types\/page"}],"author":[{"embeddable":true,"href":"https:\/\/tecnologia.ufpr.br\/cau\/wp-json\/wp\/v2\/users\/1077"}],"replies":[{"embeddable":true,"href":"https:\/\/tecnologia.ufpr.br\/cau\/wp-json\/wp\/v2\/comments?post=2726"}],"version-history":[{"count":23,"href":"https:\/\/tecnologia.ufpr.br\/cau\/wp-json\/wp\/v2\/pages\/2726\/revisions"}],"predecessor-version":[{"id":2841,"href":"https:\/\/tecnologia.ufpr.br\/cau\/wp-json\/wp\/v2\/pages\/2726\/revisions\/2841"}],"wp:attachment":[{"href":"https:\/\/tecnologia.ufpr.br\/cau\/wp-json\/wp\/v2\/media?parent=2726"}],"curies":[{"name":"wp","href":"https:\/\/api.w.org\/{rel}","templated":true}]}}

<p>Clique nos links dos itens abaixo para visualizar os editais.</p>


<h4>Editais da Área de Projeto</h4>


<figure class="wp-block-table"><table><tbody><tr><td><a href="https://tecnologia.ufpr.br/cau/wp-content/uploads/sites/45/2021/10/SEI_UFPR-3900672-Edital.pdf">Edital 19 &#8211; Banca Examinadora</a><br><br><a href="https://tecnologia.ufpr.br/cau/wp-content/uploads/sites/45/2021/10/ConcursoProjeto-Editala-1-Sessao-Publica-de-Abertura-do-Concurso.pdf">Edital 01 &#8211; Abertura do Concurso</a><br><br><a href="https://tecnologia.ufpr.br/cau/wp-content/uploads/sites/45/2021/10/ConcursoProjeto-Edital-2-CRONOGRAMA-DAS-PROVAS.pdf">Edital 02 &#8211; Cronograma das provas e meios de publicidade dos atos da<br>Comissão Julgadora do Concurso</a><br><br><a href="https://tecnologia.ufpr.br/cau/wp-content/uploads/sites/45/2021/10/ConcursoProjeto-Edital-3-PROGRAMA-E-PONTOS-DE-PROVA.pdf">Edital 03 &#8211; Programa do Concurso e pontos das provas escrita e didática</a><br><br><a href="https://tecnologia.ufpr.br/cau/wp-content/uploads/sites/45/2021/10/ConcursoProjeto-Edital-4-CRITERIOS-DE-AVALIACAO.pdf">Edital 04 &#8211; Critérios de avaliação das provas escrita e didática</a><br><br><a href="https://tecnologia.ufpr.br/cau/wp-content/uploads/sites/45/2021/11/ConcursoProjeto-Edital-5-APROVADOS-NA-PROVA-ESCRITA.pdf">Edital 05 &#8211; Relação dos candidatos aprovados na prova escrita e ordem de sorteio dos pontos para a prova didática</a><br><br><a href="https://tecnologia.ufpr.br/cau/wp-content/uploads/sites/45/2021/11/ConcursoProjeto-Edital-6-ALTERACAO-CRONOGRAMA-DAS-PROVAS.pdf">Edital 06 &#8211; Alteração do cronograma das provas</a><br><br><a href="https://tecnologia.ufpr.br/cau/wp-content/uploads/sites/45/2021/11/ConcursoProjeto-Edital-7-APROVADOS-NA-PROVA-DIDATICA.pdf">Edital 07 &#8211; Relação dos candidatos aprovados na prova didática e instruções para entrega dos arquivos do currículo</a><br><br><a href="https://tecnologia.ufpr.br/cau/wp-content/uploads/sites/45/2021/11/ConcursoProjeto-Edital-8-Sessao-Publica-Abertura-dos-Resultados.pdf">Edital 08 &#8211; Divulgação da Sessão Pública para Abertura dos Resultados</a><br><br><a href="https://tecnologia.ufpr.br/cau/wp-content/uploads/sites/45/2021/11/ConcursoProjeto-Edital-9-Resultados.pdf">Edital 09 &#8211; Divulgação dos Resultados</a></td></tr></tbody></table></figure>


<h4>Editais da Área de Tecnologia da Arquitetura</h4>


<figure class="wp-block-table"><table><tbody><tr><td><a href="https://tecnologia.ufpr.br/cau/wp-content/uploads/sites/45/2021/10/SEI_UFPR-3900533-Edital.pdf">Edital 18 &#8211; Banca Examinadora</a><br><a href="https://tecnologia.ufpr.br/cau/wp-content/uploads/sites/45/2021/10/Errata.pdf">*ERRATA do EDITAL 1 para a vaga de professor da área de Tecnologia da Arquitetura &#8211; Local de prova</a><br><br><a href="https://tecnologia.ufpr.br/cau/wp-content/uploads/sites/45/2021/10/Programa-do-concurso-tecnologia_DAU.pdf">Edital 01 &#8211; Programa do Concurso</a><br><br><a href="https://tecnologia.ufpr.br/cau/wp-content/uploads/sites/45/2021/10/Edital-2-Lista-de-criterios.pdf">Edital 02 &#8211; Critérios de avaliação</a><br><br><a href="https://tecnologia.ufpr.br/cau/wp-content/uploads/sites/45/2021/10/Edital-3-Cronograma-geral-Publicar.pdf">Edital 03 &#8211; Cronograma geral do concurso</a><br><br><a href="https://tecnologia.ufpr.br/cau/wp-content/uploads/sites/45/2021/10/Edital-4-Aprovados-na-prova-escrita.pdf">Edital 04 &#8211; Candidatos aprovados na prova escrita, data e horário do sorteio de ponto para a prova didática e realização da prova didática</a><br><br><a href="https://tecnologia.ufpr.br/cau/wp-content/uploads/sites/45/2021/10/Edital-5-Aprovados-na-prova-didatica.pdf">Edital 05 &#8211; Candidatos aprovados na prova didática, data e horário da defesa do currículo e do projeto de pesquisa</a><br><br><a href="https://tecnologia.ufpr.br/cau/wp-content/uploads/sites/45/2021/10/Edital-6-Resultado-final.pdf">Edital 06 &#8211; Resultado final</a><br><a href="https://tecnologia.ufpr.br/cau/wp-content/uploads/sites/45/2021/11/Edital-7-Retificacao-do-resultado-final.pdf">Edital 07 &#8211; Retificação do resultado final</a></td></tr></tbody></table></figure>

<p>Clique nos links dos itens abaixo para visualizar os editais. Editais da Área de Projeto Edital 19 &#8211; Banca Examinadora Edital 01 &#8211; Abertura do Concurso Edital 02 &#8211; Cronograma das provas e meios de publicidade dos atos daComissão Julgadora do Concurso Edital 03 &#8211; Programa do Concurso e pontos das provas escrita e didática [&hellip;]</p>
