{"id":1775,"date":"2021-01-07T19:27:05","date_gmt":"2021-01-07T22:27:05","guid":{"rendered":"https:\/\/tecnologia.ufpr.br\/cau\/?page_id=1775"},"modified":"2021-01-07T19:38:21","modified_gmt":"2021-01-07T22:38:21","slug":"tecnicos","status":"publish","type":"page","link":"https:\/\/tecnologia.ufpr.br\/cau\/tecnicos\/","title":{"rendered":"T\u00e9cnicos"},"content":{"rendered":"\n<table id=\"tablepress-7\" class=\"tablepress tablepress-id-7\">\n<thead>\n<tr class=\"row-1 odd\">\n\t<th class=\"column-1\">Nome<\/th><th class=\"column-2\">e-mail<\/th><th class=\"column-3\">Ramal<\/th><th class=\"column-4\">Atividade<\/th>\n<\/tr>\n<\/thead>\n<tbody class=\"row-hover\">\n<tr class=\"row-2 even\">\n\t<td class=\"column-1\">Gilmar Ferreira<\/td><td class=\"column-2\">gilmar@ufpr.br<\/td><td class=\"column-3\">3084<\/td><td class=\"column-4\">Secret\u00e1rio do Departamento<\/td>\n<\/tr>\n<tr class=\"row-3 odd\">\n\t<td class=\"column-1\">Julcemara Pflanzer de Morais<\/td><td class=\"column-2\">jucesouza@ufpr.br<\/td><td class=\"column-3\">3084<\/td><td class=\"column-4\">T\u00e9cnica do Laborat\u00f3rio de Computa\u00e7\u00e3o Gr\u00e1fica<\/td>\n<\/tr>\n<tr class=\"row-4 even\">\n\t<td class=\"column-1\">Karoline Richter<\/td><td class=\"column-2\">karoline.richter@ufpr.br<\/td><td class=\"column-3\">3069<\/td><td class=\"column-4\">T\u00e9cnica do Laborat\u00f3rio de Projetos e do Laborat\u00f3rio de Ambiente Constru\u00eddo<\/td>\n<\/tr>\n<tr class=\"row-5 odd\">\n\t<td class=\"column-1\">Let\u00edcia Karine Seki Uehara<\/td><td class=\"column-2\">leticia.uehara@ufpr.br<\/td><td class=\"column-3\">3084<\/td><td class=\"column-4\">T\u00e9cnica do Laborat\u00f3rio de Computa\u00e7\u00e3o Gr\u00e1fica<\/td>\n<\/tr>\n<tr class=\"row-6 even\">\n\t<td class=\"column-1\">Marcelo Perussi<\/td><td class=\"column-2\">m_perussi@hotmail.com<\/td><td class=\"column-3\">3084<\/td><td class=\"column-4\">T\u00e9cnico do Laborat\u00f3rio de Maquetes e Modelos<\/td>\n<\/tr>\n<tr class=\"row-7 odd\">\n\t<td class=\"column-1\">Otilia M\u00e1rcia Marcassi Rodrigues<\/td><td class=\"column-2\">ccau@ufpr.br<\/td><td class=\"column-3\">3085<\/td><td class=\"column-4\">Secret\u00e1ria da Coordena\u00e7\u00e3o<\/td>\n<\/tr>\n<\/tbody>\n<\/table>\n<!-- #tablepress-7 from cache -->\n","protected":false},"excerpt":{"rendered":"","protected":false},"author":1078,"featured_media":0,"parent":0,"menu_order":0,"comment_status":"closed","ping_status":"closed","template":"","meta":{"footnotes":""},"_links":{"self":[{"href":"https:\/\/tecnologia.ufpr.br\/cau\/wp-json\/wp\/v2\/pages\/1775"}],"collection":[{"href":"https:\/\/tecnologia.ufpr.br\/cau\/wp-json\/wp\/v2\/pages"}],"about":[{"href":"https:\/\/tecnologia.ufpr.br\/cau\/wp-json\/wp\/v2\/types\/page"}],"author":[{"embeddable":true,"href":"https:\/\/tecnologia.ufpr.br\/cau\/wp-json\/wp\/v2\/users\/1078"}],"replies":[{"embeddable":true,"href":"https:\/\/tecnologia.ufpr.br\/cau\/wp-json\/wp\/v2\/comments?post=1775"}],"version-history":[{"count":2,"href":"https:\/\/tecnologia.ufpr.br\/cau\/wp-json\/wp\/v2\/pages\/1775\/revisions"}],"predecessor-version":[{"id":1779,"href":"https:\/\/tecnologia.ufpr.br\/cau\/wp-json\/wp\/v2\/pages\/1775\/revisions\/1779"}],"wp:attachment":[{"href":"https:\/\/tecnologia.ufpr.br\/cau\/wp-json\/wp\/v2\/media?parent=1775"}],"curies":[{"name":"wp","href":"https:\/\/api.w.org\/{rel}","templated":true}]}}