{"id":106,"date":"2013-08-23T11:12:30","date_gmt":"2013-08-23T14:12:30","guid":{"rendered":"http:\/\/www.cau.ufpr.br\/?page_id=106"},"modified":"2022-05-10T13:35:08","modified_gmt":"2022-05-10T16:35:08","slug":"lcg-laboratorio-de-computacao-grafica","status":"publish","type":"page","link":"https:\/\/tecnologia.ufpr.br\/cau\/lcg-laboratorio-de-computacao-grafica\/","title":{"rendered":"LCG \u2013 Laborat\u00f3rio de Computa\u00e7\u00e3o Gr\u00e1fica"},"content":{"rendered":"<p>O Laborat\u00f3rio de Computa\u00e7\u00e3o Gr\u00e1fica possui infraestrutura para atender os alunos de gradua\u00e7\u00e3o do CAU-UFPR e \u00e9 equipado com 30 computadores com softwares espec\u00edficos para o curso de Arquitetura e Urbanismo. A disciplina de Modelagem Computacional \u00e9 ministrada neste laborat\u00f3rio, al\u00e9m de algumas outras, esporadicamente.<\/p>\n<p><strong>T\u00e9cnicas respons\u00e1veis:<br \/>\n<\/strong>Julcemara Pflanzer de Morais<br \/>\ne-mail: jucesouza@ufpr.br<br \/>\nLet\u00edcia Karine Seki Uehara<br \/>\ne-mail: leticia.uehara@ufpr.br<\/p>\n<p><strong>Endere\u00e7o<\/strong>:\u00a0Bloco I \u2013 Pavimento T\u00e9rreo \u2013 Campus\u00a0Centro Polit\u00e9cnico \u2013 Jardim das Am\u00e9ricas, Curitiba-PR.<\/p>\n","protected":false},"excerpt":{"rendered":"<p>O Laborat\u00f3rio de Computa\u00e7\u00e3o Gr\u00e1fica possui infraestrutura para atender os alunos de gradua\u00e7\u00e3o do CAU-UFPR e \u00e9 equipado com 30 computadores com softwares espec\u00edficos para o curso de Arquitetura e Urbanismo. A disciplina de Modelagem Computacional \u00e9 ministrada neste laborat\u00f3rio, al\u00e9m de algumas outras, esporadicamente. T\u00e9cnicas respons\u00e1veis: Julcemara Pflanzer de Morais e-mail: jucesouza@ufpr.br Let\u00edcia Karine [&hellip;]<\/p>\n","protected":false},"author":1078,"featured_media":0,"parent":0,"menu_order":0,"comment_status":"open","ping_status":"open","template":"","meta":{"footnotes":""},"_links":{"self":[{"href":"https:\/\/tecnologia.ufpr.br\/cau\/wp-json\/wp\/v2\/pages\/106"}],"collection":[{"href":"https:\/\/tecnologia.ufpr.br\/cau\/wp-json\/wp\/v2\/pages"}],"about":[{"href":"https:\/\/tecnologia.ufpr.br\/cau\/wp-json\/wp\/v2\/types\/page"}],"author":[{"embeddable":true,"href":"https:\/\/tecnologia.ufpr.br\/cau\/wp-json\/wp\/v2\/users\/1078"}],"replies":[{"embeddable":true,"href":"https:\/\/tecnologia.ufpr.br\/cau\/wp-json\/wp\/v2\/comments?post=106"}],"version-history":[{"count":5,"href":"https:\/\/tecnologia.ufpr.br\/cau\/wp-json\/wp\/v2\/pages\/106\/revisions"}],"predecessor-version":[{"id":3277,"href":"https:\/\/tecnologia.ufpr.br\/cau\/wp-json\/wp\/v2\/pages\/106\/revisions\/3277"}],"wp:attachment":[{"href":"https:\/\/tecnologia.ufpr.br\/cau\/wp-json\/wp\/v2\/media?parent=106"}],"curies":[{"name":"wp","href":"https:\/\/api.w.org\/{rel}","templated":true}]}}

LCG – Laboratório de Computação Gráfica

<p>O Laboratório de Computação Gráfica possui infraestrutura para atender os alunos de graduação do CAU-UFPR e é equipado com 30 computadores com softwares específicos para o curso de Arquitetura e Urbanismo. A disciplina de Modelagem Computacional é ministrada neste laboratório, além de algumas outras, esporadicamente.</p>
<p><strong>Técnicas responsáveis:<br />
</strong>Julcemara Pflanzer de Morais<br />
e-mail: jucesouza@ufpr.br<br />
Letícia Karine Seki Uehara<br />
e-mail: leticia.uehara@ufpr.br</p>
<p><strong>Endereço</strong>: Bloco I – Pavimento Térreo – Campus Centro Politécnico – Jardim das Américas, Curitiba-PR.</p>

<p>O Laboratório de Computação Gráfica possui infraestrutura para atender os alunos de graduação do CAU-UFPR e é equipado com 30 computadores com softwares específicos para o curso de Arquitetura e Urbanismo. A disciplina de Modelagem Computacional é ministrada neste laboratório, além de algumas outras, esporadicamente. Técnicas responsáveis: Julcemara Pflanzer de Morais e-mail: jucesouza@ufpr.br Letícia Karine [&hellip;]</p>
