{"id":250,"date":"2019-06-28T21:29:49","date_gmt":"2019-06-28T21:29:49","guid":{"rendered":"https:\/\/tecnologia.ufpr.br\/bioeng\/?page_id=250"},"modified":"2019-06-28T23:49:31","modified_gmt":"2019-06-28T23:49:31","slug":"colegiado","status":"publish","type":"page","link":"https:\/\/tecnologia.ufpr.br\/bioeng\/colegiado\/","title":{"rendered":"Colegiado"},"content":{"rendered":"\n<p><strong>O colegiado de curso \u00e9 \u00f3rg\u00e3o de coordena\u00e7\u00e3o did\u00e1tica, destinado a elaborar e implantar a pol\u00edtica de ensino nos respectivos cursos e acompanhar a sua execu\u00e7\u00e3o, ressalvada a compet\u00eancia do CEPE- Conselho de Ensino, Pesquisa e Extens\u00e3o<\/strong>.<\/p>\n\n\n\n<ul><li>O colegiado de curso ser\u00e1 constitu\u00eddo por um coordenador, seu presidente, por um vice-coordenador, por um docente de cada departamento que participe do respectivo ensino, e por um quinto da representa\u00e7\u00e3o discente.<\/li><li>O coordenador e o vice-coordenador ser\u00e3o eleitos para um mandato de dois anos, permitida uma reelei\u00e7\u00e3o;<\/li><li>Os representantes dos departamentos nos colegiados de curso ter\u00e3o mandato de um ano, podendo ser reeleitos. Cada representante de departamento ter\u00e1 um suplente escolhido na mesma ocasi\u00e3o e pelo mesmo processo.<\/li><li>Os representantes do corpo discente ser\u00e3o indicados pelos \u00f3rg\u00e3os de representa\u00e7\u00e3o estudantil.<\/li><\/ul>\n","protected":false},"excerpt":{"rendered":"<p>O colegiado de curso \u00e9 \u00f3rg\u00e3o de coordena\u00e7\u00e3o did\u00e1tica, destinado a elaborar e implantar a pol\u00edtica de ensino nos respectivos cursos e acompanhar a sua execu\u00e7\u00e3o, ressalvada a compet\u00eancia do CEPE- Conselho de Ensino, Pesquisa e Extens\u00e3o. O colegiado de curso ser\u00e1 constitu\u00eddo por um coordenador, seu presidente, por um vice-coordenador, por um docente de [&hellip;]<\/p>\n","protected":false},"author":1056,"featured_media":0,"parent":0,"menu_order":0,"comment_status":"closed","ping_status":"closed","template":"","meta":{"footnotes":""},"_links":{"self":[{"href":"https:\/\/tecnologia.ufpr.br\/bioeng\/wp-json\/wp\/v2\/pages\/250"}],"collection":[{"href":"https:\/\/tecnologia.ufpr.br\/bioeng\/wp-json\/wp\/v2\/pages"}],"about":[{"href":"https:\/\/tecnologia.ufpr.br\/bioeng\/wp-json\/wp\/v2\/types\/page"}],"author":[{"embeddable":true,"href":"https:\/\/tecnologia.ufpr.br\/bioeng\/wp-json\/wp\/v2\/users\/1056"}],"replies":[{"embeddable":true,"href":"https:\/\/tecnologia.ufpr.br\/bioeng\/wp-json\/wp\/v2\/comments?post=250"}],"version-history":[{"count":2,"href":"https:\/\/tecnologia.ufpr.br\/bioeng\/wp-json\/wp\/v2\/pages\/250\/revisions"}],"predecessor-version":[{"id":436,"href":"https:\/\/tecnologia.ufpr.br\/bioeng\/wp-json\/wp\/v2\/pages\/250\/revisions\/436"}],"wp:attachment":[{"href":"https:\/\/tecnologia.ufpr.br\/bioeng\/wp-json\/wp\/v2\/media?parent=250"}],"curies":[{"name":"wp","href":"https:\/\/api.w.org\/{rel}","templated":true}]}}