{"id":879,"date":"2018-11-05T11:51:24","date_gmt":"2018-11-05T11:51:24","guid":{"rendered":"https:\/\/tecnologia.ufpr.br\/aguaeacao\/?page_id=879"},"modified":"2018-11-19T11:18:49","modified_gmt":"2018-11-19T11:18:49","slug":"a-extensao","status":"publish","type":"page","link":"https:\/\/tecnologia.ufpr.br\/aguaeacao\/a-extensao\/","title":{"rendered":"A Extens\u00e3o"},"content":{"rendered":"<p>O grupo insere-se na Universidade como <strong>Projeto de Extens\u00e3o<\/strong>, sendo um agente acad\u00eamico na comunidade ao redor. Assim, os projetos e atividades realizados pelo \u00c1gua &amp; A\u00e7\u00e3o t\u00eam como intuito o compartilhamento de conhecimentos com a popula\u00e7\u00e3o, conhecendo demandas e inserindo as necessidades locais ao que \u00e9 discutido e estudado na UFPR, portanto, buscando solucionar problemas que afetam a popula\u00e7\u00e3o atrav\u00e9s do conhecimento constru\u00eddo dentro das universidades.<\/p>\n<p>O projeto desenvolve suas atividades seguindo quatro linhas de trabalho: educa\u00e7\u00e3o ambiental em escolas, preserva\u00e7\u00e3o de rios urbanos que passam pela UFPR, preserva\u00e7\u00e3o de rios urbanos com a comunidade e pesquisas relacionadas \u00e0 qualidade da \u00e1gua. Dentro dessas atividades, busca-se desenvolver a tr\u00edade ensino-pesquisa-extens\u00e3o de maneira indissoci\u00e1vel, buscando obter resultados que contribuam para a gradua\u00e7\u00e3o, gerem conhecimento cient\u00edfico e sejam relevantes para a popula\u00e7\u00e3o parceira.<\/p>\n<p>Os cinco objetivos de uma extens\u00e3o universit\u00e1ria s\u00e3o:<\/p>\n<ol>\n<li>Impacto e Transforma\u00e7\u00e3o (na forma\u00e7\u00e3o acad\u00eamica e nas necessidades sociais);<\/li>\n<li>Intera\u00e7\u00e3o Dial\u00f3gica;<\/li>\n<li>Interdisciplinaridade;<\/li>\n<li>Indissociabilidade (Ensino, Pesquisa e Extens\u00e3o);<\/li>\n<li>Impacto na forma\u00e7\u00e3o dos estudantes (fortalecendo a experi\u00eancia em termos\u00a0 te\u00f3ricos, metodol\u00f3gicos e de cidadania).<\/li>\n<\/ol>\n","protected":false},"excerpt":{"rendered":"<p>O grupo insere-se na Universidade como Projeto de Extens\u00e3o, sendo um agente acad\u00eamico na comunidade ao redor. Assim, os projetos e atividades realizados pelo \u00c1gua &amp; A\u00e7\u00e3o t\u00eam como intuito o compartilhamento de conhecimentos com a popula\u00e7\u00e3o, conhecendo demandas e inserindo as necessidades locais ao que \u00e9 discutido e estudado na UFPR, portanto, buscando solucionar [&hellip;]<\/p>\n","protected":false},"author":1064,"featured_media":0,"parent":0,"menu_order":0,"comment_status":"closed","ping_status":"closed","template":"","meta":{"footnotes":""},"_links":{"self":[{"href":"https:\/\/tecnologia.ufpr.br\/aguaeacao\/wp-json\/wp\/v2\/pages\/879"}],"collection":[{"href":"https:\/\/tecnologia.ufpr.br\/aguaeacao\/wp-json\/wp\/v2\/pages"}],"about":[{"href":"https:\/\/tecnologia.ufpr.br\/aguaeacao\/wp-json\/wp\/v2\/types\/page"}],"author":[{"embeddable":true,"href":"https:\/\/tecnologia.ufpr.br\/aguaeacao\/wp-json\/wp\/v2\/users\/1064"}],"replies":[{"embeddable":true,"href":"https:\/\/tecnologia.ufpr.br\/aguaeacao\/wp-json\/wp\/v2\/comments?post=879"}],"version-history":[{"count":5,"href":"https:\/\/tecnologia.ufpr.br\/aguaeacao\/wp-json\/wp\/v2\/pages\/879\/revisions"}],"predecessor-version":[{"id":939,"href":"https:\/\/tecnologia.ufpr.br\/aguaeacao\/wp-json\/wp\/v2\/pages\/879\/revisions\/939"}],"wp:attachment":[{"href":"https:\/\/tecnologia.ufpr.br\/aguaeacao\/wp-json\/wp\/v2\/media?parent=879"}],"curies":[{"name":"wp","href":"https:\/\/api.w.org\/{rel}","templated":true}]}}

A Extensão

<p>O grupo insere-se na Universidade como <strong>Projeto de Extensão</strong>, sendo um agente acadêmico na comunidade ao redor. Assim, os projetos e atividades realizados pelo Água &amp; Ação têm como intuito o compartilhamento de conhecimentos com a população, conhecendo demandas e inserindo as necessidades locais ao que é discutido e estudado na UFPR, portanto, buscando solucionar problemas que afetam a população através do conhecimento construído dentro das universidades.</p>
<p>O projeto desenvolve suas atividades seguindo quatro linhas de trabalho: educação ambiental em escolas, preservação de rios urbanos que passam pela UFPR, preservação de rios urbanos com a comunidade e pesquisas relacionadas à qualidade da água. Dentro dessas atividades, busca-se desenvolver a tríade ensino-pesquisa-extensão de maneira indissociável, buscando obter resultados que contribuam para a graduação, gerem conhecimento científico e sejam relevantes para a população parceira.</p>
<p>Os cinco objetivos de uma extensão universitária são:</p>
<ol>
<li>Impacto e Transformação (na formação acadêmica e nas necessidades sociais);</li>
<li>Interação Dialógica;</li>
<li>Interdisciplinaridade;</li>
<li>Indissociabilidade (Ensino, Pesquisa e Extensão);</li>
<li>Impacto na formação dos estudantes (fortalecendo a experiência em termos  teóricos, metodológicos e de cidadania).</li>
</ol>

<p>O grupo insere-se na Universidade como Projeto de Extensão, sendo um agente acadêmico na comunidade ao redor. Assim, os projetos e atividades realizados pelo Água &amp; Ação têm como intuito o compartilhamento de conhecimentos com a população, conhecendo demandas e inserindo as necessidades locais ao que é discutido e estudado na UFPR, portanto, buscando solucionar [&hellip;]</p>
