{"id":750,"date":"2018-09-13T16:24:31","date_gmt":"2018-09-13T16:24:31","guid":{"rendered":"https:\/\/tecnologia.ufpr.br\/aguaeacao\/?page_id=750"},"modified":"2025-06-13T12:34:23","modified_gmt":"2025-06-13T15:34:23","slug":"agua-e-acao","status":"publish","type":"page","link":"https:\/\/tecnologia.ufpr.br\/aguaeacao\/agua-e-acao\/","title":{"rendered":"\u00c1gua &amp; A\u00e7\u00e3o"},"content":{"rendered":"\n<p><\/p>\n\n\n\n<p class=\"has-text-color has-link-color wp-elements-45e7b98d617e67c5a8d49710ee6f5068\" style=\"color:#081b39\">O&nbsp;<em>\u00c1gua &amp; A\u00e7\u00e3o<\/em>&nbsp;\u00e9 um Projeto de Extens\u00e3o da Universidade Federal do Paran\u00e1, criado em 2016 por professores e estudantes da \u00e1rea de Engenharia, com o objetivo de aproximar a universidade das comunidades por meio da educa\u00e7\u00e3o ambiental, da escuta ativa e da a\u00e7\u00e3o colaborativa.<\/p>\n\n\n\n<p class=\"has-text-color has-link-color wp-elements-fa96cc4248a2ff2f4a68bc59cbdf3e1b\" style=\"color:#081b39\">Atuando com base em saberes t\u00e9cnicos e experi\u00eancias comunit\u00e1rias, o projeto promove a\u00e7\u00f5es preventivas e trabalhos participativos voltados \u00e0 mitiga\u00e7\u00e3o de problemas como inunda\u00e7\u00f5es, deslizamentos e processos de degrada\u00e7\u00e3o ambiental nas margens de rios urbanos e \u00e1reas vulner\u00e1veis.<\/p>\n\n\n\n<p class=\"has-text-color has-link-color wp-elements-0145ae8dc82017862db9dd6012c910fb\" style=\"color:#081b39\">Vinculado ao Departamento de Hidr\u00e1ulica e Saneamento da UFPR, o&nbsp;<em>\u00c1gua &amp; A\u00e7\u00e3o<\/em>&nbsp;\u00e9 coordenado pela Prof\u00aa Dr\u00aa Regina Tiemy Kishi e re\u00fane estudantes de gradua\u00e7\u00e3o e p\u00f3s-gradua\u00e7\u00e3o de diferentes cursos da universidade, integrando bolsistas e volunt\u00e1rios engajados em transformar realidades locais a partir do cuidado com a \u00e1gua e com o territ\u00f3rio.<\/p>\n","protected":false},"excerpt":{"rendered":"<p>O&nbsp;\u00c1gua &amp; A\u00e7\u00e3o&nbsp;\u00e9 um Projeto de Extens\u00e3o da Universidade Federal do Paran\u00e1, criado em 2016 por professores e estudantes da \u00e1rea de Engenharia, com o objetivo de aproximar a universidade das comunidades por meio da educa\u00e7\u00e3o ambiental, da escuta ativa e da a\u00e7\u00e3o colaborativa. Atuando com base em saberes t\u00e9cnicos e experi\u00eancias comunit\u00e1rias, o projeto [&hellip;]<\/p>\n","protected":false},"author":1,"featured_media":0,"parent":0,"menu_order":0,"comment_status":"closed","ping_status":"closed","template":"","meta":{"footnotes":""},"_links":{"self":[{"href":"https:\/\/tecnologia.ufpr.br\/aguaeacao\/wp-json\/wp\/v2\/pages\/750"}],"collection":[{"href":"https:\/\/tecnologia.ufpr.br\/aguaeacao\/wp-json\/wp\/v2\/pages"}],"about":[{"href":"https:\/\/tecnologia.ufpr.br\/aguaeacao\/wp-json\/wp\/v2\/types\/page"}],"author":[{"embeddable":true,"href":"https:\/\/tecnologia.ufpr.br\/aguaeacao\/wp-json\/wp\/v2\/users\/1"}],"replies":[{"embeddable":true,"href":"https:\/\/tecnologia.ufpr.br\/aguaeacao\/wp-json\/wp\/v2\/comments?post=750"}],"version-history":[{"count":17,"href":"https:\/\/tecnologia.ufpr.br\/aguaeacao\/wp-json\/wp\/v2\/pages\/750\/revisions"}],"predecessor-version":[{"id":1248,"href":"https:\/\/tecnologia.ufpr.br\/aguaeacao\/wp-json\/wp\/v2\/pages\/750\/revisions\/1248"}],"wp:attachment":[{"href":"https:\/\/tecnologia.ufpr.br\/aguaeacao\/wp-json\/wp\/v2\/media?parent=750"}],"curies":[{"name":"wp","href":"https:\/\/api.w.org\/{rel}","templated":true}]}}

Água &amp; Ação

<p></p>



<p class="has-text-color has-link-color wp-elements-45e7b98d617e67c5a8d49710ee6f5068" style="color:#081b39">O&nbsp;<em>Água &amp; Ação</em>&nbsp;é um Projeto de Extensão da Universidade Federal do Paraná, criado em 2016 por professores e estudantes da área de Engenharia, com o objetivo de aproximar a universidade das comunidades por meio da educação ambiental, da escuta ativa e da ação colaborativa.</p>



<p class="has-text-color has-link-color wp-elements-fa96cc4248a2ff2f4a68bc59cbdf3e1b" style="color:#081b39">Atuando com base em saberes técnicos e experiências comunitárias, o projeto promove ações preventivas e trabalhos participativos voltados à mitigação de problemas como inundações, deslizamentos e processos de degradação ambiental nas margens de rios urbanos e áreas vulneráveis.</p>



<p class="has-text-color has-link-color wp-elements-0145ae8dc82017862db9dd6012c910fb" style="color:#081b39">Vinculado ao Departamento de Hidráulica e Saneamento da UFPR, o&nbsp;<em>Água &amp; Ação</em>&nbsp;é coordenado pela Profª Drª Regina Tiemy Kishi e reúne estudantes de graduação e pós-graduação de diferentes cursos da universidade, integrando bolsistas e voluntários engajados em transformar realidades locais a partir do cuidado com a água e com o território.</p>

<p>O&nbsp;Água &amp; Ação&nbsp;é um Projeto de Extensão da Universidade Federal do Paraná, criado em 2016 por professores e estudantes da área de Engenharia, com o objetivo de aproximar a universidade das comunidades por meio da educação ambiental, da escuta ativa e da ação colaborativa. Atuando com base em saberes técnicos e experiências comunitárias, o projeto [&hellip;]</p>
